000
CDUS41 KBUF 141012
CLIART


CLIMATE REPORT
NATIONAL WEATHER SERVICE BUFFALO NY
512 AM EST TUE NOV 14 2017


...................................

...THE WATERTOWN NY CLIMATE SUMMARY FOR NOVEMBER 13 2017...

CLIMATE NORMAL PERIOD 1981 TO 2010
CLIMATE RECORD PERIOD 1949 TO 2017


WEATHER ITEM   OBSERVED TIME   RECORD YEAR NORMAL DEPARTURE LAST
                VALUE   (LST)  VALUE       VALUE  FROM      YEAR
                                                  NORMAL
..................................................................
TEMPERATURE (F)
 YESTERDAY
  MAXIMUM         39    214 PM  64    2005  48     -9       50
                                      1992
  MINIMUM         33   1159 PM  11    1997  31      2       42
  AVERAGE         36                        39     -3       46

PRECIPITATION (IN)
  YESTERDAY        0.01          0.46 1974   0.13  -0.12     0.00
  MONTH TO DATE    1.70                      1.59   0.11     0.66
  SINCE SEP 1     14.75                      8.96   5.79     8.56
  SINCE JAN 1     45.48                     30.76  14.72    27.59

DEGREE DAYS
 HEATING
  YESTERDAY       29                        26      3       19
  MONTH TO DATE  333                       308     25      280
  SINCE SEP 1    797                      1032   -235      889
  SINCE JUL 1    867                      1104   -237      900

 COOLING
  YESTERDAY        0                         0      0        0
  MONTH TO DATE    0                         0      0        0
  SINCE SEP 1     59                        38     21       52
  SINCE JAN 1    389                       362     27      566
..................................................................


WIND (MPH)
  HIGHEST WIND SPEED     8   HIGHEST WIND DIRECTION    NE (50)
  HIGHEST GUST SPEED    10   HIGHEST GUST DIRECTION    NE (60)
  AVERAGE WIND SPEED     3.6


SKY COVER
  AVERAGE SKY COVER 1.0


WEATHER CONDITIONS
 THE FOLLOWING WEATHER WAS RECORDED YESTERDAY.
  LIGHT SNOW
  FOG
  HAZE


RELATIVE HUMIDITY (PERCENT)
 HIGHEST   100           700 AM
 LOWEST     64          1200 AM
 AVERAGE    82

..........................................................


THE WATERTOWN NY CLIMATE NORMALS FOR TODAY
                         NORMAL    RECORD    YEAR
 MAXIMUM TEMPERATURE (F)   48        68      1994
 MINIMUM TEMPERATURE (F)   30        13      1996


SUNRISE AND SUNSET
NOVEMBER 14 2017......SUNRISE   658 AM EST   SUNSET   439 PM EST
NOVEMBER 15 2017......SUNRISE   659 AM EST   SUNSET   438 PM EST


-  INDICATES NEGATIVE NUMBERS.
R  INDICATES RECORD WAS SET OR TIED.
MM INDICATES DATA IS MISSING.
T  INDICATES TRACE AMOUNT.




$$
