000
CDUS41 KBUF 261010
CLIART


CLIMATE REPORT
NATIONAL WEATHER SERVICE BUFFALO NY
607 AM EDT FRI SEP 26 2014


...................................

...THE WATERTOWN NY CLIMATE SUMMARY FOR SEPTEMBER 25 2014...

CLIMATE NORMAL PERIOD 1981 TO 2010
CLIMATE RECORD PERIOD 1949 TO 2014


WEATHER ITEM   OBSERVED TIME   RECORD YEAR NORMAL DEPARTURE LAST
                VALUE   (LST)  VALUE       VALUE  FROM      YEAR
                                                  NORMAL
..................................................................
TEMPERATURE (F)
 YESTERDAY
  MAXIMUM         73    217 PM  89    2007  67      6       70
  MINIMUM         48   1159 PM  30    1992  45      3       34
  AVERAGE         61                        56      5       52

PRECIPITATION (IN)
  YESTERDAY        0.00          2.31 1975   0.14  -0.14     0.00
  MONTH TO DATE    1.58                      3.04  -1.46     2.82
  SINCE SEP 1      1.58                      3.04  -1.46     2.82
  SINCE JAN 1     33.84                     24.84   9.00    24.62

DEGREE DAYS
 HEATING
  YESTERDAY        4                        10     -6       13
  MONTH TO DATE  161                       148     13      195
  SINCE SEP 1    161                       148     13      195
  SINCE JUL 1    211                       220     -9      238

 COOLING
  YESTERDAY        0                         1     -1        0
  MONTH TO DATE   56                        35     21       48
  SINCE SEP 1     56                        35     21       48
  SINCE JAN 1    416                       359     57      481
..................................................................


WIND (MPH)
  HIGHEST WIND SPEED    12   HIGHEST WIND DIRECTION    NW (300)
  HIGHEST GUST SPEED    12   HIGHEST GUST DIRECTION     W (290)
  AVERAGE WIND SPEED     4.0


SKY COVER
  AVERAGE SKY COVER 0.0


WEATHER CONDITIONS
 THE FOLLOWING WEATHER WAS RECORDED YESTERDAY.
  FOG
  HAZE


RELATIVE HUMIDITY (PERCENT)
 HIGHEST    86          1000 PM
 LOWEST     44           100 PM
 AVERAGE    65

..........................................................


THE WATERTOWN NY CLIMATE NORMALS FOR TODAY
                         NORMAL    RECORD    YEAR
 MAXIMUM TEMPERATURE (F)   66        82      1970
 MINIMUM TEMPERATURE (F)   45        27      1978


SUNRISE AND SUNSET
SEPTEMBER 26 2014.....SUNRISE   656 AM EDT   SUNSET   654 PM EDT
SEPTEMBER 27 2014.....SUNRISE   657 AM EDT   SUNSET   652 PM EDT


-  INDICATES NEGATIVE NUMBERS.
R  INDICATES RECORD WAS SET OR TIED.
MM INDICATES DATA IS MISSING.
T  INDICATES TRACE AMOUNT.




$$
