000
CDUS41 KBUF 151013
CLIART


CLIMATE REPORT
NATIONAL WEATHER SERVICE BUFFALO NY
513 AM EST WED FEB 15 2017


...................................

...THE WATERTOWN NY CLIMATE SUMMARY FOR FEBRUARY 14 2017...

CLIMATE NORMAL PERIOD 1981 TO 2010
CLIMATE RECORD PERIOD 1949 TO 2017


WEATHER ITEM   OBSERVED TIME   RECORD YEAR NORMAL DEPARTURE LAST
                VALUE   (LST)  VALUE       VALUE  FROM      YEAR
                                                  NORMAL
..................................................................
TEMPERATURE (F)
 YESTERDAY
  MAXIMUM         38    951 PM  56    1984  31      7       -1
  MINIMUM          4    645 AM -37    2016  10     -6      -37
  AVERAGE         21                        21      0      -19

PRECIPITATION (IN)
  YESTERDAY        T             1.65 1950   0.07  -0.07     0.00
  MONTH TO DATE    1.07                      1.09  -0.02     0.78
  SINCE DEC 1      5.04                      6.90  -1.86     4.74
  SINCE JAN 1      2.85                      3.75  -0.90     2.30

DEGREE DAYS
 HEATING
  YESTERDAY       44                        44      0       84
  MONTH TO DATE  565                       636    -71      595
  SINCE DEC 1   2854                      3248   -394     2662
  SINCE JUL 1   4196                      4847   -651     4029

 COOLING
  YESTERDAY        0                         0      0        0
  MONTH TO DATE    0                         0      0        0
  SINCE DEC 1      0                         0      0        0
  SINCE JAN 1      0                         0      0        0
..................................................................


WIND (MPH)
  HIGHEST WIND SPEED    17   HIGHEST WIND DIRECTION    SW (210)
  HIGHEST GUST SPEED    24   HIGHEST GUST DIRECTION    SW (210)
  AVERAGE WIND SPEED     4.9


SKY COVER
  AVERAGE SKY COVER 0.8


WEATHER CONDITIONS
 THE FOLLOWING WEATHER WAS RECORDED YESTERDAY.
  LIGHT RAIN
  FOG


RELATIVE HUMIDITY (PERCENT)
 HIGHEST   100           600 AM
 LOWEST     54           200 PM
 AVERAGE    77

..........................................................


THE WATERTOWN NY CLIMATE NORMALS FOR TODAY
                         NORMAL    RECORD    YEAR
 MAXIMUM TEMPERATURE (F)   32        56      1954
 MINIMUM TEMPERATURE (F)   10       -30      1987


SUNRISE AND SUNSET
FEBRUARY 15 2017......SUNRISE   703 AM EST   SUNSET   534 PM EST
FEBRUARY 16 2017......SUNRISE   701 AM EST   SUNSET   536 PM EST


-  INDICATES NEGATIVE NUMBERS.
R  INDICATES RECORD WAS SET OR TIED.
MM INDICATES DATA IS MISSING.
T  INDICATES TRACE AMOUNT.




$$
