000
CDUS41 KBUF 140705
CLIART


CLIMATE REPORT
NATIONAL WEATHER SERVICE BUFFALO NY
305 AM EDT FRI APR 14 2017


...................................

...THE WATERTOWN NY CLIMATE SUMMARY FOR APRIL 13 2017...

CLIMATE NORMAL PERIOD 1981 TO 2010
CLIMATE RECORD PERIOD 1949 TO 2017


WEATHER ITEM   OBSERVED TIME   RECORD YEAR NORMAL DEPARTURE LAST
                VALUE   (LST)  VALUE       VALUE  FROM      YEAR
                                                  NORMAL
..................................................................
TEMPERATURE (F)
 YESTERDAY
  MAXIMUM         50    346 PM  81    2015  54     -4       46
  MINIMUM         29   1159 PM  17    2009  32     -3       23
  AVERAGE         40                        43     -3       35

PRECIPITATION (IN)
  YESTERDAY        0.00          1.53 2002   0.10  -0.10     0.00
  MONTH TO DATE    2.77                      1.26   1.51     0.81
  SINCE MAR 1      5.12                      3.56   1.56     3.46
  SINCE JAN 1      8.75                      8.44   0.31     9.27

DEGREE DAYS
 HEATING
  YESTERDAY       25                        22      3       30
  MONTH TO DATE  254                       321    -67      405
  SINCE MAR 1   1428                      1387     41     1316
  SINCE JUL 1   6039                      6828   -789     5964

 COOLING
  YESTERDAY        0                         0      0        0
  MONTH TO DATE    4                         0      4        0
  SINCE MAR 1      4                         0      4        0
  SINCE JAN 1      4                         0      4        0
..................................................................


WIND (MPH)
  HIGHEST WIND SPEED    16   HIGHEST WIND DIRECTION     W (260)
  HIGHEST GUST SPEED    21   HIGHEST GUST DIRECTION     W (260)
  AVERAGE WIND SPEED     7.7


SKY COVER
  AVERAGE SKY COVER 0.2


WEATHER CONDITIONS
 THE FOLLOWING WEATHER WAS RECORDED YESTERDAY.
  NO SIGNIFICANT WEATHER WAS OBSERVED.


RELATIVE HUMIDITY (PERCENT)
 HIGHEST   100          1100 PM
 LOWEST     53           500 PM
 AVERAGE    77

..........................................................


THE WATERTOWN NY CLIMATE NORMALS FOR TODAY
                         NORMAL    RECORD    YEAR
 MAXIMUM TEMPERATURE (F)   54        87      1968
 MINIMUM TEMPERATURE (F)   33        18      1973


SUNRISE AND SUNSET
APRIL 14 2017.........SUNRISE   622 AM EDT   SUNSET   747 PM EDT
APRIL 15 2017.........SUNRISE   620 AM EDT   SUNSET   748 PM EDT


-  INDICATES NEGATIVE NUMBERS.
R  INDICATES RECORD WAS SET OR TIED.
MM INDICATES DATA IS MISSING.
T  INDICATES TRACE AMOUNT.




$$
