000
CDUS41 KBUF 161006
CLIART


CLIMATE REPORT
NATIONAL WEATHER SERVICE BUFFALO NY
505 AM EST TUE DEC 16 2014


...................................

...THE WATERTOWN NY CLIMATE SUMMARY FOR DECEMBER 15 2014...

CLIMATE NORMAL PERIOD 1981 TO 2010
CLIMATE RECORD PERIOD 1949 TO 2014


WEATHER ITEM   OBSERVED TIME   RECORD YEAR NORMAL DEPARTURE LAST
                VALUE   (LST)  VALUE       VALUE  FROM      YEAR
                                                  NORMAL
..................................................................
TEMPERATURE (F)
 YESTERDAY
  MAXIMUM         39    251 PM  60    1975  35      4       23
  MINIMUM         34    823 AM -13    1989  18     16        6
  AVERAGE         37                        26     11       15

PRECIPITATION (IN)
  YESTERDAY        T             1.00 2011   0.10  -0.10     0.16
  MONTH TO DATE    0.30                      1.62  -1.32     0.48
  SINCE DEC 1      0.30                      1.62  -1.32     0.48
  SINCE JAN 1     40.52                     34.55   5.97    32.82

DEGREE DAYS
 HEATING
  YESTERDAY       28                        38    -10       50
  MONTH TO DATE  504                       535    -31      568
  SINCE DEC 1    504                       535    -31      568
  SINCE JUL 1   1857                      2134   -277     2143

 COOLING
  YESTERDAY        0                         0      0        0
  MONTH TO DATE    0                         0      0        0
  SINCE DEC 1      0                         0      0        0
  SINCE JAN 1    433                       362     71      481
..................................................................


WIND (MPH)
  HIGHEST WIND SPEED     9   HIGHEST WIND DIRECTION    SW (240)
  HIGHEST GUST SPEED    12   HIGHEST GUST DIRECTION    SW (230)
  AVERAGE WIND SPEED     1.7


SKY COVER
  AVERAGE SKY COVER 1.0


WEATHER CONDITIONS
 THE FOLLOWING WEATHER WAS RECORDED YESTERDAY.
  FOG
  HAZE


RELATIVE HUMIDITY (PERCENT)
 HIGHEST    82          1200 AM
 LOWEST     64           200 PM
 AVERAGE    73

..........................................................


THE WATERTOWN NY CLIMATE NORMALS FOR TODAY
                         NORMAL    RECORD    YEAR
 MAXIMUM TEMPERATURE (F)   35        54      1971
 MINIMUM TEMPERATURE (F)   18       -20      1963


SUNRISE AND SUNSET
DECEMBER 16 2014......SUNRISE   733 AM EST   SUNSET   427 PM EST
DECEMBER 17 2014......SUNRISE   733 AM EST   SUNSET   427 PM EST


-  INDICATES NEGATIVE NUMBERS.
R  INDICATES RECORD WAS SET OR TIED.
MM INDICATES DATA IS MISSING.
T  INDICATES TRACE AMOUNT.




$$
