000
CDUS41 KBUF 132051
CLIART


CLIMATE REPORT
NATIONAL WEATHER SERVICE BUFFALO NY
451 PM EDT MON MAR 13 2017


...................................

...THE WATERTOWN NY CLIMATE SUMMARY FOR MARCH 13 2017...
VALID TODAY AS OF 0400 PM LOCAL TIME.

CLIMATE NORMAL PERIOD 1981 TO 2010
CLIMATE RECORD PERIOD 1949 TO 2017


WEATHER ITEM   OBSERVED TIME   RECORD YEAR NORMAL DEPARTURE LAST
                VALUE   (LST)  VALUE       VALUE  FROM      YEAR
                                                  NORMAL
..................................................................
TEMPERATURE (F)
 TODAY
  MAXIMUM         20    259 PM  62    2012  39    -19       50
  MINIMUM          1    622 AM -11    1992  19    -18       26
  AVERAGE         11                        29    -18       38

PRECIPITATION (IN)
  TODAY            0.00          0.69 1993   0.07  -0.07     0.00
  MONTH TO DATE    0.57                      0.97  -0.40     0.88
  SINCE MAR 1      0.57                      0.97  -0.40     0.88
  SINCE JAN 1      4.20                      5.85  -1.65     6.69

DEGREE DAYS
 HEATING
  TODAY           54                        36     18       27
  MONTH TO DATE  521                       496     25      440
  SINCE MAR 1    521                       496     25      440
  SINCE JUL 1   5132                      5937   -805     5088

 COOLING
  TODAY            0                         0      0        0
  MONTH TO DATE    0                         0      0        0
  SINCE MAR 1      0                         0      0        0
  SINCE JAN 1      0                         0      0        0
..................................................................


WIND (MPH)
  HIGHEST WIND SPEED     9   HIGHEST WIND DIRECTION     E (70)
  HIGHEST GUST SPEED    13   HIGHEST GUST DIRECTION    NW (320)
  AVERAGE WIND SPEED     3.5


SKY COVER
  AVERAGE SKY COVER 0.2


WEATHER CONDITIONS
 THE FOLLOWING WEATHER WAS RECORDED TODAY.
  NO SIGNIFICANT WEATHER WAS OBSERVED.


RELATIVE HUMIDITY (PERCENT)
 HIGHEST    95           300 AM
 LOWEST     34           200 PM
 AVERAGE    65

..........................................................


THE WATERTOWN NY CLIMATE NORMALS FOR TOMORROW
                         NORMAL    RECORD    YEAR
 MAXIMUM TEMPERATURE (F)   40        78      1990
 MINIMUM TEMPERATURE (F)   20       -12      1992


SUNRISE AND SUNSET
MARCH 13 2017.........SUNRISE   719 AM EDT   SUNSET   708 PM EDT
MARCH 14 2017.........SUNRISE   718 AM EDT   SUNSET   709 PM EDT


-  INDICATES NEGATIVE NUMBERS.
R  INDICATES RECORD WAS SET OR TIED.
MM INDICATES DATA IS MISSING.
T  INDICATES TRACE AMOUNT.




$$
