000
CDUS41 KBUF 191012
CLIART


CLIMATE REPORT
NATIONAL WEATHER SERVICE BUFFALO NY
612 AM EDT WED APR 19 2017


...................................

...THE WATERTOWN NY CLIMATE SUMMARY FOR APRIL 18 2017...

CLIMATE NORMAL PERIOD 1981 TO 2010
CLIMATE RECORD PERIOD 1949 TO 2017


WEATHER ITEM   OBSERVED TIME   RECORD YEAR NORMAL DEPARTURE LAST
                VALUE   (LST)  VALUE       VALUE  FROM      YEAR
                                                  NORMAL
..................................................................
TEMPERATURE (F)
 YESTERDAY
  MAXIMUM         56    512 PM  84    1976  56      0       68
  MINIMUM         25    525 AM  24    2012  34     -9       32
                                      1995
  AVERAGE         41                        45     -4       50

PRECIPITATION (IN)
  YESTERDAY        0.00          1.05 1981   0.10  -0.10      T
  MONTH TO DATE    3.03                      1.76   1.27     0.81
  SINCE MAR 1      5.38                      4.06   1.32     3.46
  SINCE JAN 1      9.01                      8.94   0.07     9.27

DEGREE DAYS
 HEATING
  YESTERDAY       24                        20      4       15
  MONTH TO DATE  339                       425    -86      498
  SINCE MAR 1   1513                      1491     22     1409
  SINCE JUL 1   6124                      6932   -808     6057

 COOLING
  YESTERDAY        0                         0      0        0
  MONTH TO DATE    4                         0      4        0
  SINCE MAR 1      4                         0      4        0
  SINCE JAN 1      4                         0      4        0
..................................................................


WIND (MPH)
  HIGHEST WIND SPEED    13   HIGHEST WIND DIRECTION    NE (40)
  HIGHEST GUST SPEED    18   HIGHEST GUST DIRECTION    NE (50)
  AVERAGE WIND SPEED     4.8


SKY COVER
  AVERAGE SKY COVER 0.1


WEATHER CONDITIONS
 THE FOLLOWING WEATHER WAS RECORDED YESTERDAY.
  NO SIGNIFICANT WEATHER WAS OBSERVED.


RELATIVE HUMIDITY (PERCENT)
 HIGHEST   100           500 AM
 LOWEST     30           400 PM
 AVERAGE    65

..........................................................


THE WATERTOWN NY CLIMATE NORMALS FOR TODAY
                         NORMAL    RECORD    YEAR
 MAXIMUM TEMPERATURE (F)   56        86      2008
 MINIMUM TEMPERATURE (F)   35        19      2001


SUNRISE AND SUNSET
APRIL 19 2017.........SUNRISE   614 AM EDT   SUNSET   753 PM EDT
APRIL 20 2017.........SUNRISE   612 AM EDT   SUNSET   754 PM EDT


-  INDICATES NEGATIVE NUMBERS.
R  INDICATES RECORD WAS SET OR TIED.
MM INDICATES DATA IS MISSING.
T  INDICATES TRACE AMOUNT.




$$
