000
CDUS41 KBUF 062132
CLIART


CLIMATE REPORT
NATIONAL WEATHER SERVICE BUFFALO NY
430 PM EST MON NOV 6 2017


...................................

...THE WATERTOWN NY CLIMATE SUMMARY FOR NOVEMBER 6 2017...
VALID TODAY AS OF 0400 PM LOCAL TIME.

CLIMATE NORMAL PERIOD 1981 TO 2010
CLIMATE RECORD PERIOD 1949 TO 2017


WEATHER ITEM   OBSERVED TIME   RECORD YEAR NORMAL DEPARTURE LAST
                VALUE   (LST)  VALUE       VALUE  FROM      YEAR
                                                  NORMAL
..................................................................
TEMPERATURE (F)
 TODAY
  MAXIMUM         60    219 AM  75    2005  51      9       48
  MINIMUM         46    359 PM   9    1951  33     13       27
  AVERAGE         53                        42     11       38

PRECIPITATION (IN)
  TODAY            0.37          0.56 2007   0.12   0.25     0.00
  MONTH TO DATE    1.59                      0.75   0.84     0.49
  SINCE SEP 1     14.64                      8.12   6.52     8.39
  SINCE JAN 1     45.37                     29.92  15.45    27.42

DEGREE DAYS
 HEATING
  TODAY           12                        23    -11       27
  MONTH TO DATE  101                       135    -34      110
  SINCE SEP 1    565                       859   -294      719
  SINCE JUL 1    635                       931   -296      730

 COOLING
  TODAY            0                         0      0        0
  MONTH TO DATE    0                         0      0        0
  SINCE SEP 1     59                        38     21       52
  SINCE JAN 1    389                       362     27      566
..................................................................


WIND (MPH)
  HIGHEST WIND SPEED    18   HIGHEST WIND DIRECTION     W (270)
  HIGHEST GUST SPEED    27   HIGHEST GUST DIRECTION     S (200)
  AVERAGE WIND SPEED    12.5


SKY COVER
  AVERAGE SKY COVER 1.0


WEATHER CONDITIONS
 THE FOLLOWING WEATHER WAS RECORDED TODAY.
  RAIN
  LIGHT RAIN
  FOG


RELATIVE HUMIDITY (PERCENT)
 HIGHEST   100           400 AM
 LOWEST     76           400 PM
 AVERAGE    88

..........................................................


THE WATERTOWN NY CLIMATE NORMALS FOR TOMORROW
                         NORMAL    RECORD    YEAR
 MAXIMUM TEMPERATURE (F)   50        74      1975
 MINIMUM TEMPERATURE (F)   33        16      1992


SUNRISE AND SUNSET
NOVEMBER  6 2017......SUNRISE   647 AM EST   SUNSET   447 PM EST
NOVEMBER  7 2017......SUNRISE   649 AM EST   SUNSET   446 PM EST


-  INDICATES NEGATIVE NUMBERS.
R  INDICATES RECORD WAS SET OR TIED.
MM INDICATES DATA IS MISSING.
T  INDICATES TRACE AMOUNT.

$$
