000
CDUS41 KBUF 201011
CLIART


CLIMATE REPORT
NATIONAL WEATHER SERVICE BUFFALO NY
611 AM EDT TUE SEP 20 2016


...................................

...THE WATERTOWN NY CLIMATE SUMMARY FOR SEPTEMBER 19 2016...

CLIMATE NORMAL PERIOD 1981 TO 2010
CLIMATE RECORD PERIOD 1949 TO 2016


WEATHER ITEM   OBSERVED TIME   RECORD YEAR NORMAL DEPARTURE LAST
                VALUE   (LST)  VALUE       VALUE  FROM      YEAR
                                                  NORMAL
..................................................................
TEMPERATURE (F)
 YESTERDAY
  MAXIMUM         77    323 PM  84    2003  69      8       81
  MINIMUM         56   1115 PM  29    2009  47      9       57
  AVERAGE         67                        58      9       69

PRECIPITATION (IN)
  YESTERDAY        0.00          0.85 1971   0.13  -0.13     0.24
  MONTH TO DATE    2.24                      2.20   0.04     2.71
  SINCE SEP 1      2.24                      2.20   0.04     2.71
  SINCE JAN 1     21.27                     24.00  -2.73    20.06

DEGREE DAYS
 HEATING
  YESTERDAY        0                         8     -8        0
  MONTH TO DATE   58                        95    -37       18
  SINCE SEP 1     58                        95    -37       18
  SINCE JUL 1     69                       167    -98       73

 COOLING
  YESTERDAY        2                         1      1        4
  MONTH TO DATE   47                        29     18       79
  SINCE SEP 1     47                        29     18       79
  SINCE JAN 1    561                       353    208      385
..................................................................


WIND (MPH)
  HIGHEST WIND SPEED    12   HIGHEST WIND DIRECTION     W (260)
  HIGHEST GUST SPEED    16   HIGHEST GUST DIRECTION     W (260)
  AVERAGE WIND SPEED     3.7


SKY COVER
  AVERAGE SKY COVER 0.2


WEATHER CONDITIONS
 THE FOLLOWING WEATHER WAS RECORDED YESTERDAY.
  FOG
  HAZE


RELATIVE HUMIDITY (PERCENT)
 HIGHEST   100          1200 AM
 LOWEST     58           100 PM
 AVERAGE    79

..........................................................


THE WATERTOWN NY CLIMATE NORMALS FOR TODAY
                         NORMAL    RECORD    YEAR
 MAXIMUM TEMPERATURE (F)   69        88      1983
 MINIMUM TEMPERATURE (F)   47        27      1993


SUNRISE AND SUNSET
SEPTEMBER 20 2016.....SUNRISE   650 AM EDT   SUNSET   704 PM EDT
SEPTEMBER 21 2016.....SUNRISE   651 AM EDT   SUNSET   702 PM EDT


-  INDICATES NEGATIVE NUMBERS.
R  INDICATES RECORD WAS SET OR TIED.
MM INDICATES DATA IS MISSING.
T  INDICATES TRACE AMOUNT.




$$
