691
CDUS41 KBUF 241014
CLIART


CLIMATE REPORT
NATIONAL WEATHER SERVICE BUFFALO NY
614 AM EDT WED MAY 24 2017


...................................

...THE WATERTOWN NY CLIMATE SUMMARY FOR MAY 23 2017...

CLIMATE NORMAL PERIOD 1981 TO 2010
CLIMATE RECORD PERIOD 1949 TO 2017


WEATHER ITEM   OBSERVED TIME   RECORD YEAR NORMAL DEPARTURE LAST
                VALUE   (LST)  VALUE       VALUE  FROM      YEAR
                                                  NORMAL
..................................................................
TEMPERATURE (F)
 YESTERDAY
  MAXIMUM         70    440 PM  81    2010  68      2       78
                                      1991
  MINIMUM         41    429 AM  25    1967  46     -5       41
  AVERAGE         56                        57     -1       60

PRECIPITATION (IN)
  YESTERDAY        0.00          0.88 1984   0.11  -0.11     0.00
  MONTH TO DATE    4.51                      2.24   2.27     1.40
  SINCE MAR 1     10.93                      7.44   3.49     5.19
  SINCE JAN 1     14.56                     12.32   2.24    11.00

DEGREE DAYS
 HEATING
  YESTERDAY        9                         9      0        5
  MONTH TO DATE  318                       273     45      317
  SINCE MAR 1   2013                      1975     38     1985
  SINCE JUL 1   6624                      7416   -792     6633

 COOLING
  YESTERDAY        0                         0      0        0
  MONTH TO DATE   11                         0     11        0
  SINCE MAR 1     18                         1     17        0
  SINCE JAN 1     18                         1     17        0
..................................................................


WIND (MPH)
  HIGHEST WIND SPEED    15   HIGHEST WIND DIRECTION     W (270)
  HIGHEST GUST SPEED    19   HIGHEST GUST DIRECTION    SW (230)
  AVERAGE WIND SPEED     5.2


SKY COVER
  AVERAGE SKY COVER 0.1


WEATHER CONDITIONS
 THE FOLLOWING WEATHER WAS RECORDED YESTERDAY.
  HAZE


RELATIVE HUMIDITY (PERCENT)
 HIGHEST   100           500 AM
 LOWEST     47           400 PM
 AVERAGE    74

..........................................................


THE WATERTOWN NY CLIMATE NORMALS FOR TODAY
                         NORMAL    RECORD    YEAR
 MAXIMUM TEMPERATURE (F)   68        87      1966
 MINIMUM TEMPERATURE (F)   46        30      1992


SUNRISE AND SUNSET
MAY 24 2017...........SUNRISE   529 AM EDT   SUNSET   833 PM EDT
MAY 25 2017...........SUNRISE   529 AM EDT   SUNSET   834 PM EDT


-  INDICATES NEGATIVE NUMBERS.
R  INDICATES RECORD WAS SET OR TIED.
MM INDICATES DATA IS MISSING.
T  INDICATES TRACE AMOUNT.




$$
