000
CDUS41 KBUF 130705
CLIART


CLIMATE REPORT
NATIONAL WEATHER SERVICE BUFFALO NY
305 AM EDT TUE JUN 13 2017


...................................

...THE WATERTOWN NY CLIMATE SUMMARY FOR JUNE 12 2017...

CLIMATE NORMAL PERIOD 1981 TO 2010
CLIMATE RECORD PERIOD 1949 TO 2017


WEATHER ITEM   OBSERVED TIME   RECORD YEAR NORMAL DEPARTURE LAST
                VALUE   (LST)  VALUE       VALUE  FROM      YEAR
                                                  NORMAL
..................................................................
TEMPERATURE (F)
 YESTERDAY
  MAXIMUM         82    418 PM  89    2007  74      8       66
  MINIMUM         70   1110 PM  35    1980  52     18       52
  AVERAGE         76                        63     13       59

PRECIPITATION (IN)
  YESTERDAY        0.00          2.14 1986   0.10  -0.10     0.01
  MONTH TO DATE    1.30                      1.21   0.09     2.52
  SINCE JUN 1      1.30                      1.21   0.09     2.52
  SINCE JAN 1     16.97                     14.36   2.61    13.52

DEGREE DAYS
 HEATING
  YESTERDAY        0                         4     -4        6
  MONTH TO DATE   78                        62     16       57
  SINCE JUN 1     78                        62     16       57
  SINCE JUL 1   6727                      7538   -811     6697

 COOLING
  YESTERDAY       11                         2      9        0
  MONTH TO DATE   26                        13     13        7
  SINCE JUN 1     26                        13     13        7
  SINCE JAN 1     45                        24     21       37
..................................................................


WIND (MPH)
  HIGHEST WIND SPEED    21   HIGHEST WIND DIRECTION    SW (220)
  HIGHEST GUST SPEED    29   HIGHEST GUST DIRECTION    SW (220)
  AVERAGE WIND SPEED     8.5


SKY COVER
  AVERAGE SKY COVER 0.3


WEATHER CONDITIONS
 THE FOLLOWING WEATHER WAS RECORDED YESTERDAY.
  NO SIGNIFICANT WEATHER WAS OBSERVED.


RELATIVE HUMIDITY (PERCENT)
 HIGHEST    73           500 AM
 LOWEST     58          1200 PM
 AVERAGE    66

..........................................................


THE WATERTOWN NY CLIMATE NORMALS FOR TODAY
                         NORMAL    RECORD    YEAR
 MAXIMUM TEMPERATURE (F)   74        89      1949
 MINIMUM TEMPERATURE (F)   52        36      1995


SUNRISE AND SUNSET
JUNE 13 2017..........SUNRISE   521 AM EDT   SUNSET   848 PM EDT
JUNE 14 2017..........SUNRISE   521 AM EDT   SUNSET   848 PM EDT


-  INDICATES NEGATIVE NUMBERS.
R  INDICATES RECORD WAS SET OR TIED.
MM INDICATES DATA IS MISSING.
T  INDICATES TRACE AMOUNT.




$$
