000
CDUS41 KBUF 121027
CLIART


CLIMATE REPORT
NATIONAL WEATHER SERVICE BUFFALO NY
625 AM EDT WED APR 12 2017


...................................

...THE WATERTOWN NY CLIMATE SUMMARY FOR APRIL 11 2017...

CLIMATE NORMAL PERIOD 1981 TO 2010
CLIMATE RECORD PERIOD 1949 TO 2017


WEATHER ITEM   OBSERVED TIME   RECORD YEAR NORMAL DEPARTURE LAST
                VALUE   (LST)  VALUE       VALUE  FROM      YEAR
                                                  NORMAL
..................................................................
TEMPERATURE (F)
 YESTERDAY
  MAXIMUM         68    938 AM  77    2011  53     15       52
  MINIMUM         51   1012 PM  18    1979  32     19       33
  AVERAGE         60                        42     18       43

PRECIPITATION (IN)
  YESTERDAY        0.18          1.59 1992   0.11   0.07     0.31
  MONTH TO DATE    2.77                      1.06   1.71     0.73
  SINCE MAR 1      5.12                      3.36   1.76     3.38
  SINCE JAN 1      8.75                      8.24   0.51     9.19

DEGREE DAYS
 HEATING
  YESTERDAY        5                        23    -18       22
  MONTH TO DATE  214                       277    -63      353
  SINCE MAR 1   1388                      1343     45     1264
  SINCE JUL 1   5999                      6784   -785     5912

 COOLING
  YESTERDAY        0                         0      0        0
  MONTH TO DATE    4                         0      4        0
  SINCE MAR 1      4                         0      4        0
  SINCE JAN 1      4                         0      4        0
..................................................................


WIND (MPH)
  HIGHEST WIND SPEED    20   HIGHEST WIND DIRECTION    SW (230)
  HIGHEST GUST SPEED    28   HIGHEST GUST DIRECTION    SW (230)
  AVERAGE WIND SPEED     4.7


SKY COVER
  AVERAGE SKY COVER 0.4


WEATHER CONDITIONS
 THE FOLLOWING WEATHER WAS RECORDED YESTERDAY.
  RAIN
  LIGHT RAIN
  FOG


RELATIVE HUMIDITY (PERCENT)
 HIGHEST   100           300 AM
 LOWEST     63           900 AM
 AVERAGE    82

..........................................................


THE WATERTOWN NY CLIMATE NORMALS FOR TODAY
                         NORMAL    RECORD    YEAR
 MAXIMUM TEMPERATURE (F)   53        73      2006
 MINIMUM TEMPERATURE (F)   32        17      1985


SUNRISE AND SUNSET
APRIL 12 2017.........SUNRISE   626 AM EDT   SUNSET   745 PM EDT
APRIL 13 2017.........SUNRISE   624 AM EDT   SUNSET   746 PM EDT


-  INDICATES NEGATIVE NUMBERS.
R  INDICATES RECORD WAS SET OR TIED.
MM INDICATES DATA IS MISSING.
T  INDICATES TRACE AMOUNT.




$$
