000
CDUS41 KBUF 270705
CLIART


CLIMATE REPORT
NATIONAL WEATHER SERVICE BUFFALO NY
305 AM EDT THU AUG 27 2015


...................................

...THE WATERTOWN NY CLIMATE SUMMARY FOR AUGUST 26 2015...

CLIMATE NORMAL PERIOD 1981 TO 2010
CLIMATE RECORD PERIOD 1949 TO 2015


WEATHER ITEM   OBSERVED TIME   RECORD YEAR NORMAL DEPARTURE LAST
                VALUE   (LST)  VALUE       VALUE  FROM      YEAR
                                                  NORMAL
..................................................................
TEMPERATURE (F)
 YESTERDAY
  MAXIMUM         70    416 PM  87    2012  77     -7       84
                                      1993
  MINIMUM         58   1120 PM  39    1981  55      3       61
  AVERAGE         64                        66     -2       73

PRECIPITATION (IN)
  YESTERDAY        0.02          1.17 2001   0.10  -0.08     0.00
  MONTH TO DATE    2.65                      2.65   0.00     5.10
  SINCE JUN 1      9.95                      8.15   1.80    13.04
  SINCE JAN 1     17.35                     21.30  -3.95    31.64

DEGREE DAYS
 HEATING
  YESTERDAY        1                         2     -1        0
  MONTH TO DATE    8                        33    -25       21
  SINCE JUN 1    162                       166     -4      102
  SINCE JUL 1     46                        59    -13       40

 COOLING
  YESTERDAY        0                         3     -3        8
  MONTH TO DATE   98                        99     -1       81
  SINCE JUN 1    252                       300    -48      316
  SINCE JAN 1    298                       311    -13      339
..................................................................


WIND (MPH)
  HIGHEST WIND SPEED    16   HIGHEST WIND DIRECTION    SW (230)
  HIGHEST GUST SPEED    21   HIGHEST GUST DIRECTION    SW (220)
  AVERAGE WIND SPEED     6.7


SKY COVER
  AVERAGE SKY COVER 0.9


WEATHER CONDITIONS
 THE FOLLOWING WEATHER WAS RECORDED YESTERDAY.
  FOG


RELATIVE HUMIDITY (PERCENT)
 HIGHEST    90           200 AM
 LOWEST     66           400 PM
 AVERAGE    78

..........................................................


THE WATERTOWN NY CLIMATE NORMALS FOR TODAY
                         NORMAL    RECORD    YEAR
 MAXIMUM TEMPERATURE (F)   77        90      1993
 MINIMUM TEMPERATURE (F)   54        30      1969


SUNRISE AND SUNSET
AUGUST 27 2015........SUNRISE   621 AM EDT   SUNSET   749 PM EDT
AUGUST 28 2015........SUNRISE   622 AM EDT   SUNSET   747 PM EDT


-  INDICATES NEGATIVE NUMBERS.
R  INDICATES RECORD WAS SET OR TIED.
MM INDICATES DATA IS MISSING.
T  INDICATES TRACE AMOUNT.




$$
