739
CDUS41 KBUF 102052
CLIART


CLIMATE REPORT
NATIONAL WEATHER SERVICE BUFFALO NY
452 PM EDT SUN MAY 10 2015


...................................

...THE WATERTOWN NY CLIMATE SUMMARY FOR MAY 10 2015...
VALID TODAY AS OF 0400 PM LOCAL TIME.

CLIMATE NORMAL PERIOD 1981 TO 2010
CLIMATE RECORD PERIOD 1949 TO 2015


WEATHER ITEM   OBSERVED TIME   RECORD YEAR NORMAL DEPARTURE LAST
                VALUE   (LST)  VALUE       VALUE  FROM      YEAR
                                                  NORMAL
..................................................................
TEMPERATURE (F)
 TODAY
  MAXIMUM         80    215 PM  84    2005  64     16       67
  MINIMUM         62    243 AM  25    1966  42     20       47
  AVERAGE         71                        53     18       57

PRECIPITATION (IN)
  TODAY            0.01          0.96 1996   0.09  -0.08     0.42
  MONTH TO DATE    0.07                      0.92  -0.85     1.34
  SINCE MAR 1      2.59                      6.12  -3.53     9.38
  SINCE JAN 1      5.68                     11.00  -5.32    16.48

DEGREE DAYS
 HEATING
  TODAY            0                        12    -12        8
  MONTH TO DATE   55                       138    -83      130
  SINCE MAR 1   1863                      1840     23     2054
  SINCE JUL 1   7383                      7281    102     7725

 COOLING
  TODAY            6                         0      6        0
  MONTH TO DATE   15                         0     15        5
  SINCE MAR 1     15                         1     14        5
  SINCE JAN 1     15                         1     14        5
..................................................................


WIND (MPH)
  HIGHEST WIND SPEED    18   HIGHEST WIND DIRECTION    SW (220)
  HIGHEST GUST SPEED    23   HIGHEST GUST DIRECTION    SW (210)
  AVERAGE WIND SPEED     9.6


SKY COVER
  AVERAGE SKY COVER 0.5


WEATHER CONDITIONS
 THE FOLLOWING WEATHER WAS RECORDED TODAY.
  LIGHT RAIN


RELATIVE HUMIDITY (PERCENT)
 HIGHEST    76           300 AM
 LOWEST     56          1000 AM
 AVERAGE    66

..........................................................


THE WATERTOWN NY CLIMATE NORMALS FOR TOMORROW
                         NORMAL    RECORD    YEAR
 MAXIMUM TEMPERATURE (F)   65        84      1979
 MINIMUM TEMPERATURE (F)   42        23      1966


SUNRISE AND SUNSET
MAY 10 2015...........SUNRISE   544 AM EDT   SUNSET   818 PM EDT
MAY 11 2015...........SUNRISE   543 AM EDT   SUNSET   819 PM EDT


-  INDICATES NEGATIVE NUMBERS.
R  INDICATES RECORD WAS SET OR TIED.
MM INDICATES DATA IS MISSING.
T  INDICATES TRACE AMOUNT.




$$
