299
CDUS41 KBUF 111021
CLIART


CLIMATE REPORT
NATIONAL WEATHER SERVICE BUFFALO NY
621 AM EDT WED OCT 11 2017


...................................

...THE WATERTOWN NY CLIMATE SUMMARY FOR OCTOBER 10 2017...

CLIMATE NORMAL PERIOD 1981 TO 2010
CLIMATE RECORD PERIOD 1949 TO 2017


WEATHER ITEM   OBSERVED TIME   RECORD YEAR NORMAL DEPARTURE LAST
                VALUE   (LST)  VALUE       VALUE  FROM      YEAR
                                                  NORMAL
..................................................................
TEMPERATURE (F)
 YESTERDAY
  MAXIMUM         70   1230 PM  82    1949  60     10       53
  MINIMUM         56   1205 AM  17    1972  40     16       29
  AVERAGE         63                        50     13       41

PRECIPITATION (IN)
  YESTERDAY        0.00          0.56 1950   0.13  -0.13     0.00
  MONTH TO DATE    5.34                      1.27   4.07     1.27
  SINCE SEP 1      6.63                      4.99   1.64     3.72
  SINCE JAN 1     37.36                     26.79  10.57    22.75

DEGREE DAYS
 HEATING
  YESTERDAY        2                        15    -13       24
  MONTH TO DATE   60                       135    -75       87
  SINCE SEP 1    207                       337   -130      231
  SINCE JUL 1    277                       409   -132      242

 COOLING
  YESTERDAY        0                         0      0        0
  MONTH TO DATE    5                         0      5        0
  SINCE SEP 1     58                        35     23       47
  SINCE JAN 1    388                       359     29      561
..................................................................


WIND (MPH)
  HIGHEST WIND SPEED    15   HIGHEST WIND DIRECTION     W (260)
  HIGHEST GUST SPEED    19   HIGHEST GUST DIRECTION     W (260)
  AVERAGE WIND SPEED     5.6


SKY COVER
  AVERAGE SKY COVER 0.3


WEATHER CONDITIONS
 THE FOLLOWING WEATHER WAS RECORDED YESTERDAY.
  FOG
  FOG W/VISIBILITY <= 1/4 MILE


RELATIVE HUMIDITY (PERCENT)
 HIGHEST   100          1200 AM
 LOWEST     76           100 PM
 AVERAGE    88

..........................................................


THE WATERTOWN NY CLIMATE NORMALS FOR TODAY
                         NORMAL    RECORD    YEAR
 MAXIMUM TEMPERATURE (F)   60        82      1949
 MINIMUM TEMPERATURE (F)   40        22      1996


SUNRISE AND SUNSET
OCTOBER 11 2017.......SUNRISE   714 AM EDT   SUNSET   627 PM EDT
OCTOBER 12 2017.......SUNRISE   715 AM EDT   SUNSET   625 PM EDT


-  INDICATES NEGATIVE NUMBERS.
R  INDICATES RECORD WAS SET OR TIED.
MM INDICATES DATA IS MISSING.
T  INDICATES TRACE AMOUNT.




$$
