000
CDUS41 KBUF 141029
CLIART


CLIMATE REPORT
NATIONAL WEATHER SERVICE BUFFALO NY
527 AM EST FRI NOV 14 2014


...................................

...THE WATERTOWN NY CLIMATE SUMMARY FOR NOVEMBER 13 2014...

CLIMATE NORMAL PERIOD 1981 TO 2010
CLIMATE RECORD PERIOD 1949 TO 2014


WEATHER ITEM   OBSERVED TIME   RECORD YEAR NORMAL DEPARTURE LAST
                VALUE   (LST)  VALUE       VALUE  FROM      YEAR
                                                  NORMAL
..................................................................
TEMPERATURE (F)
 YESTERDAY
  MAXIMUM         40   1151 AM  64    2005  48     -8       41
                                      1992
  MINIMUM         33   1159 PM  11    1997  31      2       15
  AVERAGE         37                        39     -2       28

PRECIPITATION (IN)
  YESTERDAY        0.08          0.46 1974   0.13  -0.05      T
  MONTH TO DATE    0.51                      1.59  -1.08     1.87
  SINCE SEP 1      5.71                      8.96  -3.25     9.26
  SINCE JAN 1     37.97                     30.76   7.21    31.06

DEGREE DAYS
 HEATING
  YESTERDAY       28                        26      2       37
  MONTH TO DATE  249                       308    -59      328
  SINCE SEP 1    788                      1032   -244      973
  SINCE JUL 1    838                      1104   -266     1016

 COOLING
  YESTERDAY        0                         0      0        0
  MONTH TO DATE    0                         0      0        0
  SINCE SEP 1     73                        38     35       48
  SINCE JAN 1    433                       362     71      481
..................................................................


WIND (MPH)
  HIGHEST WIND SPEED    16   HIGHEST WIND DIRECTION     W (270)
  HIGHEST GUST SPEED    23   HIGHEST GUST DIRECTION     W (270)
  AVERAGE WIND SPEED     7.7


SKY COVER
  AVERAGE SKY COVER 1.0


WEATHER CONDITIONS
 THE FOLLOWING WEATHER WAS RECORDED YESTERDAY.
  SNOW
  LIGHT SNOW
  FOG
  HAZE


RELATIVE HUMIDITY (PERCENT)
 HIGHEST    89           400 PM
 LOWEST     44          1200 AM
 AVERAGE    67

..........................................................


THE WATERTOWN NY CLIMATE NORMALS FOR TODAY
                         NORMAL    RECORD    YEAR
 MAXIMUM TEMPERATURE (F)   48        68      1994
 MINIMUM TEMPERATURE (F)   30        13      1996


SUNRISE AND SUNSET
NOVEMBER 14 2014......SUNRISE   658 AM EST   SUNSET   439 PM EST
NOVEMBER 15 2014......SUNRISE   659 AM EST   SUNSET   438 PM EST


-  INDICATES NEGATIVE NUMBERS.
R  INDICATES RECORD WAS SET OR TIED.
MM INDICATES DATA IS MISSING.
T  INDICATES TRACE AMOUNT.




$$
