000
CDUS41 KBUF 121018
CLIART


CLIMATE REPORT
NATIONAL WEATHER SERVICE BUFFALO NY
617 AM EDT TUE JUL 12 2016


...................................

...THE WATERTOWN NY CLIMATE SUMMARY FOR JULY 11 2016...

CLIMATE NORMAL PERIOD 1981 TO 2010
CLIMATE RECORD PERIOD 1949 TO 2016


WEATHER ITEM   OBSERVED TIME   RECORD YEAR NORMAL DEPARTURE LAST
                VALUE   (LST)  VALUE       VALUE  FROM      YEAR
                                                  NORMAL
..................................................................
TEMPERATURE (F)
 YESTERDAY
  MAXIMUM         80    225 PM  90    2011  79      1       76
  MINIMUM         48    419 AM  41    2002  58    -10       58
  AVERAGE         64                        69     -5       67

PRECIPITATION (IN)
  YESTERDAY        0.00          0.75 1970   0.08  -0.08     0.00
  MONTH TO DATE    0.32                      0.91  -0.59     0.87
  SINCE JUN 1      3.92                      3.76   0.16     6.58
  SINCE JAN 1     14.92                     16.91  -1.99    13.98

DEGREE DAYS
 HEATING
  YESTERDAY        1                         1      0        0
  MONTH TO DATE    4                        12     -8       22
  SINCE JUN 1    102                       119    -17      138
  SINCE JUL 1      4                        12     -8       22

 COOLING
  YESTERDAY        0                         4     -4        2
  MONTH TO DATE   46                        44      2       18
  SINCE JUN 1     93                       106    -13       49
  SINCE JAN 1    123                       117      6       95
..................................................................


WIND (MPH)
  HIGHEST WIND SPEED    13   HIGHEST WIND DIRECTION     W (260)
  HIGHEST GUST SPEED    17   HIGHEST GUST DIRECTION    SW (220)
  AVERAGE WIND SPEED     3.7


SKY COVER
  AVERAGE SKY COVER 0.0


WEATHER CONDITIONS
 THE FOLLOWING WEATHER WAS RECORDED YESTERDAY.
  FOG
  FOG W/VISIBILITY <= 1/4 MILE


RELATIVE HUMIDITY (PERCENT)
 HIGHEST   100           100 AM
 LOWEST     32           100 PM
 AVERAGE    66

..........................................................


THE WATERTOWN NY CLIMATE NORMALS FOR TODAY
                         NORMAL    RECORD    YEAR
 MAXIMUM TEMPERATURE (F)   79        91      1966
 MINIMUM TEMPERATURE (F)   58        41      1973


SUNRISE AND SUNSET
JULY 12 2016..........SUNRISE   533 AM EDT   SUNSET   846 PM EDT
JULY 13 2016..........SUNRISE   534 AM EDT   SUNSET   845 PM EDT


-  INDICATES NEGATIVE NUMBERS.
R  INDICATES RECORD WAS SET OR TIED.
MM INDICATES DATA IS MISSING.
T  INDICATES TRACE AMOUNT.

$$
