002
CDUS41 KBUF 100705
CLIART


CLIMATE REPORT
NATIONAL WEATHER SERVICE BUFFALO NY
305 AM EDT SUN MAY 10 2015


...................................

...THE WATERTOWN NY CLIMATE SUMMARY FOR MAY 9 2015...

CLIMATE NORMAL PERIOD 1981 TO 2010
CLIMATE RECORD PERIOD 1949 TO 2015


WEATHER ITEM   OBSERVED TIME   RECORD YEAR NORMAL DEPARTURE LAST
                VALUE   (LST)  VALUE       VALUE  FROM      YEAR
                                                  NORMAL
..................................................................
TEMPERATURE (F)
 YESTERDAY
  MAXIMUM         87R   504 PM  84    2014  64     23       84
  MINIMUM         57   1219 AM  25    1962  41     16       56
  AVERAGE         72                        52     20       70

PRECIPITATION (IN)
  YESTERDAY        0.00          1.89 1992   0.09  -0.09     0.10
  MONTH TO DATE    0.06                      0.83  -0.77     0.92
  SINCE MAR 1      2.58                      6.03  -3.45     8.96
  SINCE JAN 1      5.67                     10.91  -5.24    16.06

DEGREE DAYS
 HEATING
  YESTERDAY        0                        13    -13        0
  MONTH TO DATE   55                       126    -71      122
  SINCE MAR 1   1863                      1828     35     2046
  SINCE JUL 1   7383                      7269    114     7717

 COOLING
  YESTERDAY        7                         0      7        5
  MONTH TO DATE    9                         0      9        5
  SINCE MAR 1      9                         1      8        5
  SINCE JAN 1      9                         1      8        5
..................................................................


WIND (MPH)
  HIGHEST WIND SPEED    22   HIGHEST WIND DIRECTION     W (260)
  HIGHEST GUST SPEED    27   HIGHEST GUST DIRECTION     W (270)
  AVERAGE WIND SPEED     8.5


SKY COVER
  AVERAGE SKY COVER 0.1


WEATHER CONDITIONS
 THE FOLLOWING WEATHER WAS RECORDED YESTERDAY.
  NO SIGNIFICANT WEATHER WAS OBSERVED.


RELATIVE HUMIDITY (PERCENT)
 HIGHEST    69           100 AM
 LOWEST     30           300 PM
 AVERAGE    50

..........................................................


THE WATERTOWN NY CLIMATE NORMALS FOR TODAY
                         NORMAL    RECORD    YEAR
 MAXIMUM TEMPERATURE (F)   64        84      2005
 MINIMUM TEMPERATURE (F)   42        25      1966


SUNRISE AND SUNSET
MAY 10 2015...........SUNRISE   544 AM EDT   SUNSET   818 PM EDT
MAY 11 2015...........SUNRISE   543 AM EDT   SUNSET   819 PM EDT


-  INDICATES NEGATIVE NUMBERS.
R  INDICATES RECORD WAS SET OR TIED.
MM INDICATES DATA IS MISSING.
T  INDICATES TRACE AMOUNT.




$$
