000
CDUS41 KBUF 281030
CLIART


CLIMATE REPORT
NATIONAL WEATHER SERVICE BUFFALO NY
530 AM EST MON NOV 28 2016


...................................

...THE WATERTOWN NY CLIMATE SUMMARY FOR NOVEMBER 27 2016...

CLIMATE NORMAL PERIOD 1981 TO 2010
CLIMATE RECORD PERIOD 1949 TO 2016


WEATHER ITEM   OBSERVED TIME   RECORD YEAR NORMAL DEPARTURE LAST
                VALUE   (LST)  VALUE       VALUE  FROM      YEAR
                                                  NORMAL
..................................................................
TEMPERATURE (F)
 YESTERDAY
  MAXIMUM         41    150 PM  66    1990  42     -1       62
  MINIMUM         21   1137 PM   0    1996  26     -5       34
  AVERAGE         31                        34     -3       48

PRECIPITATION (IN)
  YESTERDAY        T             0.84 1993   0.12  -0.12     0.45
  MONTH TO DATE    1.25                      3.39  -2.14     2.11
  SINCE SEP 1      9.15                     10.76  -1.61     8.24
  SINCE JAN 1     28.18                     32.56  -4.38    25.59

DEGREE DAYS
 HEATING
  YESTERDAY       34                        31      3       17
  MONTH TO DATE  659                       706    -47      552
  SINCE SEP 1   1268                      1430   -162     1207
  SINCE JUL 1   1279                      1502   -223     1262

 COOLING
  YESTERDAY        0                         0      0        0
  MONTH TO DATE    0                         0      0        0
  SINCE SEP 1     52                        38     14       82
  SINCE JAN 1    566                       362    204      388
..................................................................


WIND (MPH)
  HIGHEST WIND SPEED    13   HIGHEST WIND DIRECTION     W (280)
  HIGHEST GUST SPEED    23   HIGHEST GUST DIRECTION    NW (310)
  AVERAGE WIND SPEED     2.7


SKY COVER
  AVERAGE SKY COVER 0.6


WEATHER CONDITIONS
 THE FOLLOWING WEATHER WAS RECORDED YESTERDAY.
  FOG


RELATIVE HUMIDITY (PERCENT)
 HIGHEST   100           100 AM
 LOWEST     64           200 PM
 AVERAGE    82

..........................................................


THE WATERTOWN NY CLIMATE NORMALS FOR TODAY
                         NORMAL    RECORD    YEAR
 MAXIMUM TEMPERATURE (F)   42        72      1990
 MINIMUM TEMPERATURE (F)   25        -3      1968


SUNRISE AND SUNSET
NOVEMBER 28 2016......SUNRISE   716 AM EST   SUNSET   428 PM EST
NOVEMBER 29 2016......SUNRISE   717 AM EST   SUNSET   428 PM EST


-  INDICATES NEGATIVE NUMBERS.
R  INDICATES RECORD WAS SET OR TIED.
MM INDICATES DATA IS MISSING.
T  INDICATES TRACE AMOUNT.




$$
