000
CDUS41 KBUF 080705
CLIART


CLIMATE REPORT
NATIONAL WEATHER SERVICE BUFFALO NY
205 AM EST THU FEB 8 2018


...................................

...THE WATERTOWN NY CLIMATE SUMMARY FOR FEBRUARY 7 2018...

CLIMATE NORMAL PERIOD 1981 TO 2010
CLIMATE RECORD PERIOD 1949 TO 2018


WEATHER ITEM   OBSERVED TIME   RECORD YEAR NORMAL DEPARTURE LAST
                VALUE   (LST)  VALUE       VALUE  FROM      YEAR
                                                  NORMAL
..................................................................
TEMPERATURE (F)
 YESTERDAY
  MAXIMUM         24    357 PM  50    1965  30     -6       47
  MINIMUM         10   1051 PM -28    1993   9      1       21
  AVERAGE         17                        20     -3       34

PRECIPITATION (IN)
  YESTERDAY        0.14          0.65 1951   0.08   0.06     0.31
  MONTH TO DATE    0.38                      0.55  -0.17     0.41
  SINCE DEC 1      4.43                      6.36  -1.93     4.38
  SINCE JAN 1      2.64                      3.21  -0.57     2.19

DEGREE DAYS
 HEATING
  YESTERDAY       48                        46      2       31
  MONTH TO DATE  306                       322    -16      272
  SINCE DEC 1   3163                      2934    229     2561
  SINCE JUL 1   4522                      4533    -11     3903

 COOLING
  YESTERDAY        0                         0      0        0
  MONTH TO DATE    0                         0      0        0
  SINCE DEC 1      0                         0      0        0
  SINCE JAN 1      0                         0      0        0
..................................................................


WIND (MPH)
  HIGHEST WIND SPEED    13   HIGHEST WIND DIRECTION    NE (60)
  HIGHEST GUST SPEED    14   HIGHEST GUST DIRECTION     N (340)
  AVERAGE WIND SPEED     5.5


SKY COVER
  AVERAGE SKY COVER 1.0


WEATHER CONDITIONS
 THE FOLLOWING WEATHER WAS RECORDED YESTERDAY.
  HEAVY SNOW
  SNOW
  LIGHT SNOW
  FOG
  FOG W/VISIBILITY <= 1/4 MILE
  HAZE


RELATIVE HUMIDITY (PERCENT)
 HIGHEST   100           200 AM
 LOWEST     80           600 AM
 AVERAGE    90

..........................................................


THE WATERTOWN NY CLIMATE NORMALS FOR TODAY
                         NORMAL    RECORD    YEAR
 MAXIMUM TEMPERATURE (F)   30        50      2017
 MINIMUM TEMPERATURE (F)    9       -22      1967


SUNRISE AND SUNSET
FEBRUARY  8 2018......SUNRISE   713 AM EST   SUNSET   524 PM EST
FEBRUARY  9 2018......SUNRISE   712 AM EST   SUNSET   526 PM EST


-  INDICATES NEGATIVE NUMBERS.
R  INDICATES RECORD WAS SET OR TIED.
MM INDICATES DATA IS MISSING.
T  INDICATES TRACE AMOUNT.




$$
