000
CDUS41 KBUF 152026
CLIART


CLIMATE REPORT
NATIONAL WEATHER SERVICE BUFFALO NY
425 PM EDT THU SEP 15 2016


...................................

...THE WATERTOWN NY CLIMATE SUMMARY FOR SEPTEMBER 15 2016...
VALID TODAY AS OF 400 PM LOCAL TIME.

CLIMATE NORMAL PERIOD 1981 TO 2010
CLIMATE RECORD PERIOD 1949 TO 2016


WEATHER ITEM   OBSERVED TIME   RECORD YEAR NORMAL DEPARTURE LAST
                VALUE   (LST)  VALUE       VALUE  FROM      YEAR
                                                  NORMAL
..................................................................
TEMPERATURE (F)
 TODAY
  MAXIMUM         68    158 PM  83    1971  71     -3       75
  MINIMUM         40    612 AM  33    1988  49     -9       55
  AVERAGE         54                        60     -6       65

PRECIPITATION (IN)
  TODAY            0.00          1.10 1952   0.13  -0.13     0.00
  MONTH TO DATE    1.67                      1.68  -0.01     2.47
  SINCE SEP 1      1.67                      1.68  -0.01     2.47
  SINCE JAN 1     20.70                     23.48  -2.78    19.82

DEGREE DAYS
 HEATING
  TODAY           11                         6      5        0
  MONTH TO DATE   50                        66    -16       17
  SINCE SEP 1     50                        66    -16       17
  SINCE JUL 1     61                       138    -77       72

 COOLING
  TODAY            0                         1     -1        0
  MONTH TO DATE   35                        25     10       71
  SINCE SEP 1     35                        25     10       71
  SINCE JAN 1    549                       349    200      377
..................................................................


WIND (MPH)
  HIGHEST WIND SPEED    10   HIGHEST WIND DIRECTION    NE (60)
  HIGHEST GUST SPEED    13   HIGHEST GUST DIRECTION    NE (60)
  AVERAGE WIND SPEED     4.5


SKY COVER
  AVERAGE SKY COVER 0.0


WEATHER CONDITIONS
 THE FOLLOWING WEATHER WAS RECORDED TODAY.
  FOG


RELATIVE HUMIDITY (PERCENT)
 HIGHEST   100          1200 AM
 LOWEST     45           200 PM
 AVERAGE    73

..........................................................


THE WATERTOWN NY CLIMATE NORMALS FOR TOMORROW
                         NORMAL    RECORD    YEAR
 MAXIMUM TEMPERATURE (F)   70        88      1991
 MINIMUM TEMPERATURE (F)   49        30      1959


SUNRISE AND SUNSET
SEPTEMBER 15 2016.....SUNRISE   644 AM EDT   SUNSET   714 PM EDT
SEPTEMBER 16 2016.....SUNRISE   645 AM EDT   SUNSET   712 PM EDT


-  INDICATES NEGATIVE NUMBERS.
R  INDICATES RECORD WAS SET OR TIED.
MM INDICATES DATA IS MISSING.
T  INDICATES TRACE AMOUNT.




$$
