000
CDUS41 KBUF 011024
CLIART


CLIMATE REPORT
NATIONAL WEATHER SERVICE BUFFALO NY
523 AM EST FRI DEC 1 2017


...................................

...THE WATERTOWN NY CLIMATE SUMMARY FOR NOVEMBER 30 2017...

CLIMATE NORMAL PERIOD 1981 TO 2010
CLIMATE RECORD PERIOD 1949 TO 2017


WEATHER ITEM   OBSERVED TIME   RECORD YEAR NORMAL DEPARTURE LAST
                VALUE   (LST)  VALUE       VALUE  FROM      YEAR
                                                  NORMAL
..................................................................
TEMPERATURE (F)
 YESTERDAY
  MAXIMUM         48    411 PM  66    2006  41      7       61
  MINIMUM         16    440 AM   1    2013  25     -9       37
  AVERAGE         32                        33     -1       49

PRECIPITATION (IN)
  YESTERDAY        0.15          0.70 1976   0.12   0.03     0.15
  MONTH TO DATE    3.11                      3.76  -0.65     1.40
  SINCE SEP 1     16.16                     11.13   5.03     9.30
  SINCE JAN 1     46.89                     32.93  13.96    28.33

DEGREE DAYS
 HEATING
  YESTERDAY       33                        32      1       16
  MONTH TO DATE  825                       802     23      722
  SINCE SEP 1   1289                      1527   -238     1331
  SINCE JUL 1   1359                      1599   -240     1342

 COOLING
  YESTERDAY        0                         0      0        0
  MONTH TO DATE    0                         0      0        0
  SINCE SEP 1     59                        38     21       52
  SINCE JAN 1    389                       362     27      566
..................................................................


WIND (MPH)
  HIGHEST WIND SPEED    20   HIGHEST WIND DIRECTION     S (190)
  HIGHEST GUST SPEED    29   HIGHEST GUST DIRECTION     S (200)
  AVERAGE WIND SPEED     9.2


SKY COVER
  AVERAGE SKY COVER 0.4


WEATHER CONDITIONS
 THE FOLLOWING WEATHER WAS RECORDED YESTERDAY.
  LIGHT RAIN
  FOG


RELATIVE HUMIDITY (PERCENT)
 HIGHEST    92           400 AM
 LOWEST     42          1200 PM
 AVERAGE    67

..........................................................


THE WATERTOWN NY CLIMATE NORMALS FOR TODAY
                         NORMAL    RECORD    YEAR
 MAXIMUM TEMPERATURE (F)   40        64      1998
 MINIMUM TEMPERATURE (F)   24       -11      1989


SUNRISE AND SUNSET
DECEMBER  1 2017......SUNRISE   719 AM EST   SUNSET   427 PM EST
DECEMBER  2 2017......SUNRISE   720 AM EST   SUNSET   427 PM EST


-  INDICATES NEGATIVE NUMBERS.
R  INDICATES RECORD WAS SET OR TIED.
MM INDICATES DATA IS MISSING.
T  INDICATES TRACE AMOUNT.




$$
