000
CDUS41 KBUF 180948
CLIART


CLIMATE REPORT
NATIONAL WEATHER SERVICE BUFFALO NY
447 AM EST TUE NOV 18 2014


...................................

...THE WATERTOWN NY CLIMATE SUMMARY FOR NOVEMBER 17 2014...

CLIMATE NORMAL PERIOD 1981 TO 2010
CLIMATE RECORD PERIOD 1949 TO 2014


WEATHER ITEM   OBSERVED TIME   RECORD YEAR NORMAL DEPARTURE LAST
                VALUE   (LST)  VALUE       VALUE  FROM      YEAR
                                                  NORMAL
..................................................................
TEMPERATURE (F)
 YESTERDAY
  MAXIMUM         39    931 PM  68    1987  46     -7       61
  MINIMUM         34    135 PM  13    1995  30      4       53
  AVERAGE         37                        38     -1       57

PRECIPITATION (IN)
  YESTERDAY        0.55          0.75 1965   0.13   0.42     0.09
  MONTH TO DATE    1.13                      2.11  -0.98     1.96
  SINCE SEP 1      6.33                      9.48  -3.15     9.35
  SINCE JAN 1     38.59                     31.28   7.31    31.15

DEGREE DAYS
 HEATING
  YESTERDAY       28                        27      1        8
  MONTH TO DATE  377                       414    -37      401
  SINCE SEP 1    916                      1138   -222     1046
  SINCE JUL 1    966                      1210   -244     1089

 COOLING
  YESTERDAY        0                         0      0        0
  MONTH TO DATE    0                         0      0        0
  SINCE SEP 1     73                        38     35       48
  SINCE JAN 1    433                       362     71      481
..................................................................


WIND (MPH)
  HIGHEST WIND SPEED    30   HIGHEST WIND DIRECTION     W (260)
  HIGHEST GUST SPEED    42   HIGHEST GUST DIRECTION     W (260)
  AVERAGE WIND SPEED     6.6


SKY COVER
  AVERAGE SKY COVER 1.0


WEATHER CONDITIONS
 THE FOLLOWING WEATHER WAS RECORDED YESTERDAY.
  LIGHT RAIN
  SNOW
  LIGHT SNOW
  FOG
  FOG W/VISIBILITY <= 1/4 MILE
  HAZE


RELATIVE HUMIDITY (PERCENT)
 HIGHEST    89           200 AM
 LOWEST     70           800 PM
 AVERAGE    80

..........................................................


THE WATERTOWN NY CLIMATE NORMALS FOR TODAY
                         NORMAL    RECORD    YEAR
 MAXIMUM TEMPERATURE (F)   46        71      1958
 MINIMUM TEMPERATURE (F)   29        12      1972


SUNRISE AND SUNSET
NOVEMBER 18 2014......SUNRISE   703 AM EST   SUNSET   435 PM EST
NOVEMBER 19 2014......SUNRISE   704 AM EST   SUNSET   434 PM EST


-  INDICATES NEGATIVE NUMBERS.
R  INDICATES RECORD WAS SET OR TIED.
MM INDICATES DATA IS MISSING.
T  INDICATES TRACE AMOUNT.




$$
