823
CDUS41 KBUF 141016
CLIART


CLIMATE REPORT
NATIONAL WEATHER SERVICE BUFFALO NY
615 AM EDT MON AUG 14 2017


...................................

...THE WATERTOWN NY CLIMATE SUMMARY FOR AUGUST 13 2017...

CLIMATE NORMAL PERIOD 1981 TO 2010
CLIMATE RECORD PERIOD 1949 TO 2017


WEATHER ITEM   OBSERVED TIME   RECORD YEAR NORMAL DEPARTURE LAST
                VALUE   (LST)  VALUE       VALUE  FROM      YEAR
                                                  NORMAL
..................................................................
TEMPERATURE (F)
 YESTERDAY
  MAXIMUM         76    305 PM  88    2016  79     -3       88
                                      1988
  MINIMUM         56    528 AM  39    1979  57     -1       66
  AVERAGE         66                        68     -2       77

PRECIPITATION (IN)
  YESTERDAY        0.00          1.60 1976   0.10  -0.10     0.32
  MONTH TO DATE    1.23                      1.32  -0.09     0.85
  SINCE JUN 1     12.19                      6.82   5.37     4.85
  SINCE JAN 1     27.86                     19.97   7.89    15.85

DEGREE DAYS
 HEATING
  YESTERDAY        0                         1     -1        0
  MONTH TO DATE    4                        13     -9        0
  SINCE JUN 1    117                       146    -29      103
  SINCE JUL 1     15                        39    -24        5

 COOLING
  YESTERDAY        1                         4     -3       12
  MONTH TO DATE   57                        55      2      128
  SINCE JUN 1    261                       256      5      377
  SINCE JAN 1    280                       267     13      407
..................................................................


WIND (MPH)
  HIGHEST WIND SPEED    15   HIGHEST WIND DIRECTION     W (260)
  HIGHEST GUST SPEED    20   HIGHEST GUST DIRECTION    SW (230)
  AVERAGE WIND SPEED     5.3


SKY COVER
  AVERAGE SKY COVER 0.1


WEATHER CONDITIONS
 THE FOLLOWING WEATHER WAS RECORDED YESTERDAY.
  FOG
  HAZE


RELATIVE HUMIDITY (PERCENT)
 HIGHEST   100           200 AM
 LOWEST     58           200 PM
 AVERAGE    79

..........................................................


THE WATERTOWN NY CLIMATE NORMALS FOR TODAY
                         NORMAL    RECORD    YEAR
 MAXIMUM TEMPERATURE (F)   79        94      2002
 MINIMUM TEMPERATURE (F)   57        39      1961


SUNRISE AND SUNSET
AUGUST 14 2017........SUNRISE   607 AM EDT   SUNSET   809 PM EDT
AUGUST 15 2017........SUNRISE   608 AM EDT   SUNSET   808 PM EDT


-  INDICATES NEGATIVE NUMBERS.
R  INDICATES RECORD WAS SET OR TIED.
MM INDICATES DATA IS MISSING.
T  INDICATES TRACE AMOUNT.




$$
