000
CDUS41 KBUF 261004
CLIART


CLIMATE REPORT
NATIONAL WEATHER SERVICE BUFFALO NY
601 AM EDT SUN JUL 26 2015


...................................

...THE WATERTOWN NY CLIMATE SUMMARY FOR JULY 25 2015...

CLIMATE NORMAL PERIOD 1981 TO 2010
CLIMATE RECORD PERIOD 1949 TO 2015


WEATHER ITEM   OBSERVED TIME   RECORD YEAR NORMAL DEPARTURE LAST
                VALUE   (LST)  VALUE       VALUE  FROM      YEAR
                                                  NORMAL
..................................................................
TEMPERATURE (F)
 YESTERDAY
  MAXIMUM         78    418 PM  90    1985  80     -2       74
  MINIMUM         62    522 AM  43    1976  59      3       55
  AVERAGE         70                        69      1       65

PRECIPITATION (IN)
  YESTERDAY        0.05          1.18 1962   0.10  -0.05     0.00
  MONTH TO DATE    1.39                      2.10  -0.71     3.68
  SINCE JUN 1      7.10                      4.95   2.15     6.59
  SINCE JAN 1     14.50                     18.10  -3.60    25.19

DEGREE DAYS
 HEATING
  YESTERDAY        0                         1     -1        0
  MONTH TO DATE   38                        26     12       13
  SINCE JUN 1    154                       133     21       75
  SINCE JUL 1     38                        26     12       13

 COOLING
  YESTERDAY        5                         5      0        0
  MONTH TO DATE   76                       114    -38      111
  SINCE JUN 1    107                       176    -69      223
  SINCE JAN 1    153                       187    -34      246
..................................................................


WIND (MPH)
  HIGHEST WIND SPEED    14   HIGHEST WIND DIRECTION    SW (240)
  HIGHEST GUST SPEED    19   HIGHEST GUST DIRECTION    SW (230)
  AVERAGE WIND SPEED     7.0


SKY COVER
  AVERAGE SKY COVER 0.1


WEATHER CONDITIONS
 THE FOLLOWING WEATHER WAS RECORDED YESTERDAY.
  LIGHT RAIN
  FOG


RELATIVE HUMIDITY (PERCENT)
 HIGHEST    73           800 PM
 LOWEST     43           900 AM
 AVERAGE    58

..........................................................


THE WATERTOWN NY CLIMATE NORMALS FOR TODAY
                         NORMAL    RECORD    YEAR
 MAXIMUM TEMPERATURE (F)   80        93      1963
 MINIMUM TEMPERATURE (F)   59        45      2001


SUNRISE AND SUNSET
JULY 26 2015..........SUNRISE   546 AM EDT   SUNSET   835 PM EDT
JULY 27 2015..........SUNRISE   547 AM EDT   SUNSET   834 PM EDT


-  INDICATES NEGATIVE NUMBERS.
R  INDICATES RECORD WAS SET OR TIED.
MM INDICATES DATA IS MISSING.
T  INDICATES TRACE AMOUNT.




$$
