000
CDUS41 KBUF 071034
CLIART


CLIMATE REPORT
NATIONAL WEATHER SERVICE BUFFALO NY
532 AM EST SUN JAN 7 2018


...................................

...THE WATERTOWN NY CLIMATE SUMMARY FOR JANUARY 6 2018...

CLIMATE NORMAL PERIOD 1981 TO 2010
CLIMATE RECORD PERIOD 1949 TO 2018


WEATHER ITEM   OBSERVED TIME   RECORD YEAR NORMAL DEPARTURE LAST
                VALUE   (LST)  VALUE       VALUE  FROM      YEAR
                                                  NORMAL
..................................................................
TEMPERATURE (F)
 YESTERDAY
  MAXIMUM         MM        MM  MM      MM  30     MM       20
  MINIMUM        -28   1147 PM  MM      MM  11    -39        5
  AVERAGE         MM                        20     MM       13

PRECIPITATION (IN)
  YESTERDAY        0.00         MM      MM   0.10  -0.10     0.03
  MONTH TO DATE    0.17                      0.57  -0.40     0.86
  SINCE DEC 1      1.96                      3.72  -1.76     3.05
  SINCE JAN 1      0.17                      0.57  -0.40     0.86

DEGREE DAYS
 HEATING
  YESTERDAY       MM                        45     MM       52
  MONTH TO DATE  307                       266     41      223
  SINCE DEC 1   1718                      1463    255     1340
  SINCE JUL 1   3077                      3062     15     2682

 COOLING
  YESTERDAY       MM                         0     MM        0
  MONTH TO DATE    0                         0      0        0
  SINCE DEC 1      0                         0      0        0
  SINCE JAN 1      0                         0      0        0
..................................................................


WIND (MPH)
  HIGHEST WIND SPEED    17   HIGHEST WIND DIRECTION     W (290)
  HIGHEST GUST SPEED    22   HIGHEST GUST DIRECTION     W (270)
  AVERAGE WIND SPEED     8.7


SKY COVER
  AVERAGE SKY COVER 0.0


WEATHER CONDITIONS
 THE FOLLOWING WEATHER WAS RECORDED YESTERDAY.
  HAZE


RELATIVE HUMIDITY (PERCENT)
 HIGHEST    89          1000 PM
 LOWEST     29          1200 PM
 AVERAGE    59

..........................................................


THE WATERTOWN NY CLIMATE NORMALS FOR TODAY
                         NORMAL    RECORD    YEAR
 MAXIMUM TEMPERATURE (F)   30        61      2008
 MINIMUM TEMPERATURE (F)   11       -27      2015


SUNRISE AND SUNSET
JANUARY  7 2018.......SUNRISE   738 AM EST   SUNSET   443 PM EST
JANUARY  8 2018.......SUNRISE   738 AM EST   SUNSET   444 PM EST


-  INDICATES NEGATIVE NUMBERS.
R  INDICATES RECORD WAS SET OR TIED.
MM INDICATES DATA IS MISSING.
T  INDICATES TRACE AMOUNT.




$$
