000
CDUS41 KBUF 130705
CLIART


CLIMATE REPORT
NATIONAL WEATHER SERVICE BUFFALO NY
305 AM EDT SUN JUL 13 2014


...................................

...THE WATERTOWN NY CLIMATE SUMMARY FOR JULY 12 2014...

CLIMATE NORMAL PERIOD 1981 TO 2010
CLIMATE RECORD PERIOD 1949 TO 2014


WEATHER ITEM   OBSERVED TIME   RECORD YEAR NORMAL DEPARTURE LAST
                VALUE   (LST)  VALUE       VALUE  FROM      YEAR
                                                  NORMAL
..................................................................
TEMPERATURE (F)
 YESTERDAY
  MAXIMUM         82    404 PM  91    1966  79      3       80
  MINIMUM         53    152 AM  41    1973  58     -5       59
  AVERAGE         68                        69     -1       70

PRECIPITATION (IN)
  YESTERDAY        0.00          0.82 1986   0.08  -0.08     0.00
  MONTH TO DATE    2.36                      0.99   1.37     1.44
  SINCE JUN 1      5.27                      3.84   1.43     7.48
  SINCE JAN 1     23.87                     16.99   6.88    18.10

DEGREE DAYS
 HEATING
  YESTERDAY        0                         1     -1        0
  MONTH TO DATE    9                        13     -4        0
  SINCE JUN 1     71                       120    -49      103
  SINCE JUL 1      9                        13     -4        0

 COOLING
  YESTERDAY        3                         5     -2        5
  MONTH TO DATE   64                        49     15      106
  SINCE JUN 1    176                       111     65      180
  SINCE JAN 1    199                       122     77      212
..................................................................


WIND (MPH)
  HIGHEST WIND SPEED    14   HIGHEST WIND DIRECTION     W (260)
  HIGHEST GUST SPEED    16   HIGHEST GUST DIRECTION     W (260)
  AVERAGE WIND SPEED     5.1


SKY COVER
  AVERAGE SKY COVER 0.0


WEATHER CONDITIONS
 THE FOLLOWING WEATHER WAS RECORDED YESTERDAY.
  NO SIGNIFICANT WEATHER WAS OBSERVED.


RELATIVE HUMIDITY (PERCENT)
 HIGHEST    89          1200 AM
 LOWEST     42           500 PM
 AVERAGE    66

..........................................................


THE WATERTOWN NY CLIMATE NORMALS FOR TODAY
                         NORMAL    RECORD    YEAR
 MAXIMUM TEMPERATURE (F)   79        92      2012
 MINIMUM TEMPERATURE (F)   58        44      1970


SUNRISE AND SUNSET
JULY 13 2014..........SUNRISE   534 AM EDT   SUNSET   846 PM EDT
JULY 14 2014..........SUNRISE   534 AM EDT   SUNSET   845 PM EDT


-  INDICATES NEGATIVE NUMBERS.
R  INDICATES RECORD WAS SET OR TIED.
MM INDICATES DATA IS MISSING.
T  INDICATES TRACE AMOUNT.




$$
