000
CDUS41 KBUF 241035
CLIART


CLIMATE REPORT
NATIONAL WEATHER SERVICE BUFFALO NY
534 AM EST SAT FEB 24 2018


...................................

...THE WATERTOWN NY CLIMATE SUMMARY FOR FEBRUARY 23 2018...

CLIMATE NORMAL PERIOD 1981 TO 2010
CLIMATE RECORD PERIOD 1949 TO 2018


WEATHER ITEM   OBSERVED TIME   RECORD YEAR NORMAL DEPARTURE LAST
                VALUE   (LST)  VALUE       VALUE  FROM      YEAR
                                                  NORMAL
..................................................................
TEMPERATURE (F)
 YESTERDAY
  MAXIMUM         45    817 PM  61    2017  34     11       61
  MINIMUM         20    554 AM -29    1972  12      8       33
  AVERAGE         33                        23     10       47

PRECIPITATION (IN)
  YESTERDAY        0.07          1.23 1985   0.08  -0.01     0.03
  MONTH TO DATE    1.22                      1.81  -0.59     1.14
  SINCE DEC 1      5.27                      7.62  -2.35     5.11
  SINCE JAN 1      3.48                      4.47  -0.99     2.92

DEGREE DAYS
 HEATING
  YESTERDAY       32                        42    -10       18
  MONTH TO DATE  869                      1024   -155      854
  SINCE DEC 1   3726                      3636     90     3143
  SINCE JUL 1   5085                      5235   -150     4485

 COOLING
  YESTERDAY        0                         0      0        0
  MONTH TO DATE    0                         0      0        0
  SINCE DEC 1      0                         0      0        0
  SINCE JAN 1      0                         0      0        0
..................................................................


WIND (MPH)
  HIGHEST WIND SPEED    20   HIGHEST WIND DIRECTION    SW (220)
  HIGHEST GUST SPEED    28   HIGHEST GUST DIRECTION     S (180)
  AVERAGE WIND SPEED     7.8


SKY COVER
  AVERAGE SKY COVER 0.7


WEATHER CONDITIONS
 THE FOLLOWING WEATHER WAS RECORDED YESTERDAY.
  LIGHT RAIN
  FOG


RELATIVE HUMIDITY (PERCENT)
 HIGHEST   100           700 AM
 LOWEST     70          1100 AM
 AVERAGE    85

..........................................................


THE WATERTOWN NY CLIMATE NORMALS FOR TODAY
                         NORMAL    RECORD    YEAR
 MAXIMUM TEMPERATURE (F)   34        53      1975
 MINIMUM TEMPERATURE (F)   13       -19      1993


SUNRISE AND SUNSET
FEBRUARY 24 2018......SUNRISE   649 AM EST   SUNSET   546 PM EST
FEBRUARY 25 2018......SUNRISE   648 AM EST   SUNSET   547 PM EST


-  INDICATES NEGATIVE NUMBERS.
R  INDICATES RECORD WAS SET OR TIED.
MM INDICATES DATA IS MISSING.
T  INDICATES TRACE AMOUNT.




$$
