000
CDUS41 KBUF 101023
CLIART


CLIMATE REPORT
NATIONAL WEATHER SERVICE BUFFALO NY
622 AM EDT WED MAY 10 2017


...................................

...THE WATERTOWN NY CLIMATE SUMMARY FOR MAY 9 2017...

CLIMATE NORMAL PERIOD 1981 TO 2010
CLIMATE RECORD PERIOD 1949 TO 2017


WEATHER ITEM   OBSERVED TIME   RECORD YEAR NORMAL DEPARTURE LAST
                VALUE   (LST)  VALUE       VALUE  FROM      YEAR
                                                  NORMAL
..................................................................
TEMPERATURE (F)
 YESTERDAY
  MAXIMUM         47    230 PM  87    2015  64    -17       51
  MINIMUM         33    507 AM  25    1962  41     -8       30
  AVERAGE         40                        52    -12       41

PRECIPITATION (IN)
  YESTERDAY        0.04          1.89 1992   0.09  -0.05      T
  MONTH TO DATE    3.56                      0.83   2.73     0.95
  SINCE MAR 1      9.98                      6.03   3.95     4.74
  SINCE JAN 1     13.61                     10.91   2.70    10.55

DEGREE DAYS
 HEATING
  YESTERDAY       25                        13     12       24
  MONTH TO DATE  162                       126     36      142
  SINCE MAR 1   1857                      1828     29     1810
  SINCE JUL 1   6468                      7269   -801     6458

 COOLING
  YESTERDAY        0                         0      0        0
  MONTH TO DATE    0                         0      0        0
  SINCE MAR 1      7                         1      6        0
  SINCE JAN 1      7                         1      6        0
..................................................................


WIND (MPH)
  HIGHEST WIND SPEED    10   HIGHEST WIND DIRECTION    NE (30)
  HIGHEST GUST SPEED    14   HIGHEST GUST DIRECTION     N (20)
  AVERAGE WIND SPEED     4.6


SKY COVER
  AVERAGE SKY COVER 1.0


WEATHER CONDITIONS
 THE FOLLOWING WEATHER WAS RECORDED YESTERDAY.
  LIGHT RAIN
  LIGHT SNOW
  FOG


RELATIVE HUMIDITY (PERCENT)
 HIGHEST   100           100 AM
 LOWEST     60           400 PM
 AVERAGE    80

..........................................................


THE WATERTOWN NY CLIMATE NORMALS FOR TODAY
                         NORMAL    RECORD    YEAR
 MAXIMUM TEMPERATURE (F)   64        84      2005
 MINIMUM TEMPERATURE (F)   42        25      1966


SUNRISE AND SUNSET
MAY 10 2017...........SUNRISE   544 AM EDT   SUNSET   818 PM EDT
MAY 11 2017...........SUNRISE   542 AM EDT   SUNSET   819 PM EDT


-  INDICATES NEGATIVE NUMBERS.
R  INDICATES RECORD WAS SET OR TIED.
MM INDICATES DATA IS MISSING.
T  INDICATES TRACE AMOUNT.




$$
