000
CDUS41 KBUF 191016
CLIART


CLIMATE REPORT
NATIONAL WEATHER SERVICE BUFFALO NY
615 AM EDT TUE MAY 19 2015


...................................

...THE WATERTOWN NY CLIMATE SUMMARY FOR MAY 18 2015...

CLIMATE NORMAL PERIOD 1981 TO 2010
CLIMATE RECORD PERIOD 1949 TO 2015


WEATHER ITEM   OBSERVED TIME   RECORD YEAR NORMAL DEPARTURE LAST
                VALUE   (LST)  VALUE       VALUE  FROM      YEAR
                                                  NORMAL
..................................................................
TEMPERATURE (F)
 YESTERDAY
  MAXIMUM         84    234 PM  86    1949  67     17       57
  MINIMUM         47    205 AM  28    1981  44      3       34
  AVERAGE         66                        55     11       46

PRECIPITATION (IN)
  YESTERDAY        T             1.09 1953   0.11  -0.11     0.00
  MONTH TO DATE    0.65                      1.71  -1.06     2.72
  SINCE MAR 1      3.17                      6.91  -3.74    10.76
  SINCE JAN 1      6.26                     11.79  -5.53    17.86

DEGREE DAYS
 HEATING
  YESTERDAY        0                        10    -10       19
  MONTH TO DATE  119                       226   -107      186
  SINCE MAR 1   1927                      1928     -1     2110
  SINCE JUL 1   7447                      7369     78     7781

 COOLING
  YESTERDAY        1                         0      1        0
  MONTH TO DATE   18                         0     18       20
  SINCE MAR 1     18                         1     17       20
  SINCE JAN 1     18                         1     17       20
..................................................................


WIND (MPH)
  HIGHEST WIND SPEED    17   HIGHEST WIND DIRECTION     W (260)
  HIGHEST GUST SPEED    21   HIGHEST GUST DIRECTION     W (260)
  AVERAGE WIND SPEED     6.7


SKY COVER
  AVERAGE SKY COVER 0.2


WEATHER CONDITIONS
 THE FOLLOWING WEATHER WAS RECORDED YESTERDAY.
  FOG


RELATIVE HUMIDITY (PERCENT)
 HIGHEST   100           100 AM
 LOWEST     58          1000 AM
 AVERAGE    79

..........................................................


THE WATERTOWN NY CLIMATE NORMALS FOR TODAY
                         NORMAL    RECORD    YEAR
 MAXIMUM TEMPERATURE (F)   67        86      1996
 MINIMUM TEMPERATURE (F)   44        31      2007


SUNRISE AND SUNSET
MAY 19 2015...........SUNRISE   534 AM EDT   SUNSET   828 PM EDT
MAY 20 2015...........SUNRISE   533 AM EDT   SUNSET   829 PM EDT


-  INDICATES NEGATIVE NUMBERS.
R  INDICATES RECORD WAS SET OR TIED.
MM INDICATES DATA IS MISSING.
T  INDICATES TRACE AMOUNT.

$$
