998
CDUS41 KBUF 191019
CLIART


CLIMATE REPORT
NATIONAL WEATHER SERVICE BUFFALO NY
519 AM EST SUN FEB 19 2017


...................................

...THE WATERTOWN NY CLIMATE SUMMARY FOR FEBRUARY 18 2017...

CLIMATE NORMAL PERIOD 1981 TO 2010
CLIMATE RECORD PERIOD 1949 TO 2017


WEATHER ITEM   OBSERVED TIME   RECORD YEAR NORMAL DEPARTURE LAST
                VALUE   (LST)  VALUE       VALUE  FROM      YEAR
                                                  NORMAL
..................................................................
TEMPERATURE (F)
 YESTERDAY
  MAXIMUM         53    228 PM  57    1981  32     21       17
  MINIMUM         15    132 AM -30    1979  11      4      -17
  AVERAGE         34                        22     12        0

PRECIPITATION (IN)
  YESTERDAY        0.00          0.38 1992   0.08  -0.08     0.00
  MONTH TO DATE    1.11                      1.41  -0.30     2.18
  SINCE DEC 1      5.08                      7.22  -2.14     6.14
  SINCE JAN 1      2.89                      4.07  -1.18     3.70

DEGREE DAYS
 HEATING
  YESTERDAY       31                        43    -12       65
  MONTH TO DATE  730                       811    -81      801
  SINCE DEC 1   3019                      3423   -404     2868
  SINCE JUL 1   4361                      5022   -661     4235

 COOLING
  YESTERDAY        0                         0      0        0
  MONTH TO DATE    0                         0      0        0
  SINCE DEC 1      0                         0      0        0
  SINCE JAN 1      0                         0      0        0
..................................................................


WIND (MPH)
  HIGHEST WIND SPEED    22   HIGHEST WIND DIRECTION    SW (230)
  HIGHEST GUST SPEED    30   HIGHEST GUST DIRECTION    SW (210)
  AVERAGE WIND SPEED    10.3


SKY COVER
  AVERAGE SKY COVER 0.0


WEATHER CONDITIONS
 THE FOLLOWING WEATHER WAS RECORDED YESTERDAY.
  NO SIGNIFICANT WEATHER WAS OBSERVED.


RELATIVE HUMIDITY (PERCENT)
 HIGHEST   100          1200 AM
 LOWEST     46           200 PM
 AVERAGE    73

..........................................................


THE WATERTOWN NY CLIMATE NORMALS FOR TODAY
                         NORMAL    RECORD    YEAR
 MAXIMUM TEMPERATURE (F)   33        60      1994
 MINIMUM TEMPERATURE (F)   11       -35      2007


SUNRISE AND SUNSET
FEBRUARY 19 2017......SUNRISE   657 AM EST   SUNSET   540 PM EST
FEBRUARY 20 2017......SUNRISE   655 AM EST   SUNSET   541 PM EST


-  INDICATES NEGATIVE NUMBERS.
R  INDICATES RECORD WAS SET OR TIED.
MM INDICATES DATA IS MISSING.
T  INDICATES TRACE AMOUNT.

$$
