000
CDUS41 KBUF 151018
CLIART


CLIMATE REPORT
NATIONAL WEATHER SERVICE BUFFALO NY
616 AM EDT TUE JUL 15 2014


...................................

...THE WATERTOWN NY CLIMATE SUMMARY FOR JULY 14 2014...

CLIMATE NORMAL PERIOD 1981 TO 2010
CLIMATE RECORD PERIOD 1949 TO 2014


WEATHER ITEM   OBSERVED TIME   RECORD YEAR NORMAL DEPARTURE LAST
                VALUE   (LST)  VALUE       VALUE  FROM      YEAR
                                                  NORMAL
..................................................................
TEMPERATURE (F)
 YESTERDAY
  MAXIMUM         77   1158 AM  91    1952  79     -2       86
  MINIMUM         56    503 AM  49    2003  58     -2       67
  AVERAGE         67                        69     -2       77

PRECIPITATION (IN)
  YESTERDAY        0.00          1.01 1961   0.08  -0.08     0.00
  MONTH TO DATE    2.69                      1.15   1.54     1.44
  SINCE JUN 1      5.60                      4.00   1.60     7.48
  SINCE JAN 1     24.20                     17.15   7.05    18.10

DEGREE DAYS
 HEATING
  YESTERDAY        0                         1     -1        0
  MONTH TO DATE    9                        15     -6        0
  SINCE JUN 1     71                       122    -51      103
  SINCE JUL 1      9                        15     -6        0

 COOLING
  YESTERDAY        2                         5     -3       12
  MONTH TO DATE   74                        59     15      125
  SINCE JUN 1    186                       121     65      199
  SINCE JAN 1    209                       132     77      231
..................................................................


WIND (MPH)
  HIGHEST WIND SPEED     8   HIGHEST WIND DIRECTION     W (260)
  HIGHEST GUST SPEED    11   HIGHEST GUST DIRECTION     W (260)
  AVERAGE WIND SPEED     2.7


SKY COVER
  AVERAGE SKY COVER 0.4


WEATHER CONDITIONS
 THE FOLLOWING WEATHER WAS RECORDED YESTERDAY.
  FOG
  FOG W/VISIBILITY <= 1/4 MILE
  HAZE


RELATIVE HUMIDITY (PERCENT)
 HIGHEST    87          1200 AM
 LOWEST     40          1200 PM
 AVERAGE    64

..........................................................


THE WATERTOWN NY CLIMATE NORMALS FOR TODAY
                         NORMAL    RECORD    YEAR
 MAXIMUM TEMPERATURE (F)   79        90      1979
 MINIMUM TEMPERATURE (F)   58        44      1989


SUNRISE AND SUNSET
JULY 15 2014..........SUNRISE   535 AM EDT   SUNSET   844 PM EDT
JULY 16 2014..........SUNRISE   536 AM EDT   SUNSET   844 PM EDT


-  INDICATES NEGATIVE NUMBERS.
R  INDICATES RECORD WAS SET OR TIED.
MM INDICATES DATA IS MISSING.
T  INDICATES TRACE AMOUNT.




$$
