000
CDUS41 KBUF 270705
CLIART


CLIMATE REPORT
NATIONAL WEATHER SERVICE BUFFALO NY
205 AM EST SUN NOV 27 2016


...................................

...THE WATERTOWN NY CLIMATE SUMMARY FOR NOVEMBER 26 2016...

CLIMATE NORMAL PERIOD 1981 TO 2010
CLIMATE RECORD PERIOD 1949 TO 2016


WEATHER ITEM   OBSERVED TIME   RECORD YEAR NORMAL DEPARTURE LAST
                VALUE   (LST)  VALUE       VALUE  FROM      YEAR
                                                  NORMAL
..................................................................
TEMPERATURE (F)
 YESTERDAY
  MAXIMUM         42    125 PM  65    1979  43     -1       57
  MINIMUM         31   1146 PM   2    1949  26      5       43
  AVERAGE         37                        34      3       50

PRECIPITATION (IN)
  YESTERDAY        T             2.02 1999   0.13  -0.13     0.00
  MONTH TO DATE    1.25                      3.27  -2.02     1.66
  SINCE SEP 1      9.15                     10.64  -1.49     7.79
  SINCE JAN 1     28.18                     32.44  -4.26    25.14

DEGREE DAYS
 HEATING
  YESTERDAY       28                        31     -3       15
  MONTH TO DATE  625                       675    -50      535
  SINCE SEP 1   1234                      1399   -165     1190
  SINCE JUL 1   1245                      1471   -226     1245

 COOLING
  YESTERDAY        0                         0      0        0
  MONTH TO DATE    0                         0      0        0
  SINCE SEP 1     52                        38     14       82
  SINCE JAN 1    566                       362    204      388
..................................................................


WIND (MPH)
  HIGHEST WIND SPEED     9   HIGHEST WIND DIRECTION     W (250)
  HIGHEST GUST SPEED    12   HIGHEST GUST DIRECTION     W (280)
  AVERAGE WIND SPEED     3.0


SKY COVER
  AVERAGE SKY COVER 0.9


WEATHER CONDITIONS
 THE FOLLOWING WEATHER WAS RECORDED YESTERDAY.
  LIGHT RAIN
  FOG


RELATIVE HUMIDITY (PERCENT)
 HIGHEST   100           400 AM
 LOWEST     73           200 PM
 AVERAGE    87

..........................................................


THE WATERTOWN NY CLIMATE NORMALS FOR TODAY
                         NORMAL    RECORD    YEAR
 MAXIMUM TEMPERATURE (F)   42        66      1990
 MINIMUM TEMPERATURE (F)   26         0      1996


SUNRISE AND SUNSET
NOVEMBER 27 2016......SUNRISE   715 AM EST   SUNSET   429 PM EST
NOVEMBER 28 2016......SUNRISE   716 AM EST   SUNSET   428 PM EST


-  INDICATES NEGATIVE NUMBERS.
R  INDICATES RECORD WAS SET OR TIED.
MM INDICATES DATA IS MISSING.
T  INDICATES TRACE AMOUNT.




$$
