000
CDUS41 KBUF 112035
CLIART


CLIMATE REPORT
NATIONAL WEATHER SERVICE BUFFALO NY
434 PM EDT SUN SEP 11 2016


...................................

...THE WATERTOWN NY CLIMATE SUMMARY FOR SEPTEMBER 11 2016...
VALID TODAY AS OF 0400 PM LOCAL TIME.

CLIMATE NORMAL PERIOD 1981 TO 2010
CLIMATE RECORD PERIOD 1949 TO 2016


WEATHER ITEM   OBSERVED TIME   RECORD YEAR NORMAL DEPARTURE LAST
                VALUE   (LST)  VALUE       VALUE  FROM      YEAR
                                                  NORMAL
..................................................................
TEMPERATURE (F)
 TODAY
  MAXIMUM         73    152 AM  89    2013  72      1       78
                                      1961
  MINIMUM         63    448 AM  31    1967  50     13       46
  AVERAGE         68                        61      7       62

PRECIPITATION (IN)
  TODAY            0.23          2.43 1978   0.11   0.12     0.00
  MONTH TO DATE    1.67                      1.19   0.48     0.08
  SINCE SEP 1      1.67                      1.19   0.48     0.08
  SINCE JAN 1     20.70                     22.99  -2.29    17.43

DEGREE DAYS
 HEATING
  TODAY            0                         5     -5        3
  MONTH TO DATE   18                        43    -25        4
  SINCE SEP 1     18                        43    -25        4
  SINCE JUL 1     29                       115    -86       59

 COOLING
  TODAY            3                         1      2        0
  MONTH TO DATE   38                        21     17       71
  SINCE SEP 1     38                        21     17       71
  SINCE JAN 1    552                       345    207      377
..................................................................


WIND (MPH)
  HIGHEST WIND SPEED    29   HIGHEST WIND DIRECTION     W (270)
  HIGHEST GUST SPEED    39   HIGHEST GUST DIRECTION     W (260)
  AVERAGE WIND SPEED    14.7


SKY COVER
  AVERAGE SKY COVER 0.5


WEATHER CONDITIONS
 THE FOLLOWING WEATHER WAS RECORDED TODAY.
  HEAVY RAIN
  RAIN
  LIGHT RAIN
  FOG


RELATIVE HUMIDITY (PERCENT)
 HIGHEST    87           100 AM
 LOWEST     45          1200 PM
 AVERAGE    66

..........................................................


THE WATERTOWN NY CLIMATE NORMALS FOR TOMORROW
                         NORMAL    RECORD    YEAR
 MAXIMUM TEMPERATURE (F)   72        85      1951
 MINIMUM TEMPERATURE (F)   50        33      2002


SUNRISE AND SUNSET
SEPTEMBER 11 2016.....SUNRISE   639 AM EDT   SUNSET   721 PM EDT
SEPTEMBER 12 2016.....SUNRISE   640 AM EDT   SUNSET   719 PM EDT


-  INDICATES NEGATIVE NUMBERS.
R  INDICATES RECORD WAS SET OR TIED.
MM INDICATES DATA IS MISSING.
T  INDICATES TRACE AMOUNT.




$$
