000
CDUS41 KBUF 060705
CLIART


CLIMATE REPORT
NATIONAL WEATHER SERVICE BUFFALO NY
205 AM EST WED DEC 6 2017


...................................

...THE WATERTOWN NY CLIMATE SUMMARY FOR DECEMBER 5 2017...

CLIMATE NORMAL PERIOD 1981 TO 2010
CLIMATE RECORD PERIOD 1949 TO 2017


WEATHER ITEM   OBSERVED TIME   RECORD YEAR NORMAL DEPARTURE LAST
                VALUE   (LST)  VALUE       VALUE  FROM      YEAR
                                                  NORMAL
..................................................................
TEMPERATURE (F)
 YESTERDAY
  MAXIMUM         53        MM  60    2013  39     14       41
  MINIMUM         41        MM -15    1989  22     19       27
  AVERAGE         47                        30     17       34

PRECIPITATION (IN)
  YESTERDAY        0.52          1.14 1994   0.10   0.42     0.13
  MONTH TO DATE    0.52                      0.55  -0.03     0.35
  SINCE DEC 1      0.52                      0.55  -0.03     0.35
  SINCE JAN 1     47.41                     33.48  13.93    28.68

DEGREE DAYS
 HEATING
  YESTERDAY       18                        34    -16       31
  MONTH TO DATE  129                       168    -39      142
  SINCE DEC 1    129                       168    -39      142
  SINCE JUL 1   1488                      1767   -279     1484

 COOLING
  YESTERDAY        0                         0      0        0
  MONTH TO DATE    0                         0      0        0
  SINCE DEC 1      0                         0      0        0
  SINCE JAN 1    389                       362     27      566
..................................................................


WIND (MPH)
  HIGHEST WIND SPEED    24   HIGHEST WIND DIRECTION     S (180)
  HIGHEST GUST SPEED    47   HIGHEST GUST DIRECTION    SW (230)
  AVERAGE WIND SPEED    15.6


SKY COVER
  AVERAGE SKY COVER 0.7


WEATHER CONDITIONS
 THE FOLLOWING WEATHER WAS RECORDED YESTERDAY.
  HEAVY RAIN
  RAIN
  LIGHT RAIN
  FOG


RELATIVE HUMIDITY (PERCENT)
 HIGHEST    93           900 AM
 LOWEST     56           100 AM
 AVERAGE    75

..........................................................


THE WATERTOWN NY CLIMATE NORMALS FOR TODAY
                         NORMAL    RECORD    YEAR
 MAXIMUM TEMPERATURE (F)   38        68      2001
 MINIMUM TEMPERATURE (F)   22        -4      1969


SUNRISE AND SUNSET
DECEMBER  6 2017......SUNRISE   724 AM EST   SUNSET   426 PM EST
DECEMBER  7 2017......SUNRISE   725 AM EST   SUNSET   426 PM EST


-  INDICATES NEGATIVE NUMBERS.
R  INDICATES RECORD WAS SET OR TIED.
MM INDICATES DATA IS MISSING.
T  INDICATES TRACE AMOUNT.




$$
