000
CDUS41 KBUF 160705
CLIART


CLIMATE REPORT
NATIONAL WEATHER SERVICE BUFFALO NY
305 AM EDT MON MAY 16 2016


...................................

...THE WATERTOWN NY CLIMATE SUMMARY FOR MAY 15 2016...

CLIMATE NORMAL PERIOD 1981 TO 2010
CLIMATE RECORD PERIOD 1949 TO 2016


WEATHER ITEM   OBSERVED TIME   RECORD YEAR NORMAL DEPARTURE LAST
                VALUE   (LST)  VALUE       VALUE  FROM      YEAR
                                                  NORMAL
..................................................................
TEMPERATURE (F)
 YESTERDAY
  MAXIMUM         46   1206 AM  86    2014  66    -20       73
                                      1961
  MINIMUM         39    952 AM  30    2001  43     -4       34
  AVERAGE         43                        54    -11       54

PRECIPITATION (IN)
  YESTERDAY        0.15          1.26 2011   0.10   0.05     0.01
  MONTH TO DATE    1.39                      1.40  -0.01     0.65
  SINCE MAR 1      5.18                      6.60  -1.42     3.17
  SINCE JAN 1     10.99                     11.48  -0.49     6.26

DEGREE DAYS
 HEATING
  YESTERDAY       22                        11     11       11
  MONTH TO DATE  218                       195     23      111
  SINCE MAR 1   1886                      1897    -11     1919
  SINCE JUL 1   6534                      7338   -804     7439

 COOLING
  YESTERDAY        0                         0      0        0
  MONTH TO DATE    0                         0      0       17
  SINCE MAR 1      0                         1     -1       17
  SINCE JAN 1      0                         1     -1       17
..................................................................


WIND (MPH)
  HIGHEST WIND SPEED    26   HIGHEST WIND DIRECTION     W (260)
  HIGHEST GUST SPEED    37   HIGHEST GUST DIRECTION     W (260)
  AVERAGE WIND SPEED    16.0


SKY COVER
  AVERAGE SKY COVER 1.0


WEATHER CONDITIONS
 THE FOLLOWING WEATHER WAS RECORDED YESTERDAY.
  LIGHT RAIN
  FOG


RELATIVE HUMIDITY (PERCENT)
 HIGHEST    92          1000 AM
 LOWEST     49           900 PM
 AVERAGE    71

..........................................................


THE WATERTOWN NY CLIMATE NORMALS FOR TODAY
                         NORMAL    RECORD    YEAR
 MAXIMUM TEMPERATURE (F)   66        86      1998
 MINIMUM TEMPERATURE (F)   43        28      1987


SUNRISE AND SUNSET
MAY 16 2016...........SUNRISE   536 AM EDT   SUNSET   825 PM EDT
MAY 17 2016...........SUNRISE   535 AM EDT   SUNSET   826 PM EDT


-  INDICATES NEGATIVE NUMBERS.
R  INDICATES RECORD WAS SET OR TIED.
MM INDICATES DATA IS MISSING.
T  INDICATES TRACE AMOUNT.




$$
