182
CDUS41 KBUF 041024
CLIART


CLIMATE REPORT
NATIONAL WEATHER SERVICE BUFFALO NY
521 AM EST MON DEC 4 2017


...................................

...THE WATERTOWN NY CLIMATE SUMMARY FOR DECEMBER 3 2017...

CLIMATE NORMAL PERIOD 1981 TO 2010
CLIMATE RECORD PERIOD 1949 TO 2017


WEATHER ITEM   OBSERVED TIME   RECORD YEAR NORMAL DEPARTURE LAST
                VALUE   (LST)  VALUE       VALUE  FROM      YEAR
                                                  NORMAL
..................................................................
TEMPERATURE (F)
 YESTERDAY
  MAXIMUM         47    128 PM  67    1982  40      7       38
  MINIMUM         26    954 PM -21    1976  23      3       31
  AVERAGE         37                        31      6       35

PRECIPITATION (IN)
  YESTERDAY        0.00          0.81 2007   0.11  -0.11     0.00
  MONTH TO DATE    0.00                      0.33  -0.33     0.22
  SINCE DEC 1      0.00                      0.33  -0.33     0.22
  SINCE JAN 1     46.89                     33.26  13.63    28.55

DEGREE DAYS
 HEATING
  YESTERDAY       28                        34     -6       30
  MONTH TO DATE   84                       100    -16       74
  SINCE DEC 1     84                       100    -16       74
  SINCE JUL 1   1443                      1699   -256     1416

 COOLING
  YESTERDAY        0                         0      0        0
  MONTH TO DATE    0                         0      0        0
  SINCE DEC 1      0                         0      0        0
  SINCE JAN 1    389                       362     27      566
..................................................................


WIND (MPH)
  HIGHEST WIND SPEED     8   HIGHEST WIND DIRECTION     W (290)
  HIGHEST GUST SPEED     9   HIGHEST GUST DIRECTION     W (280)
  AVERAGE WIND SPEED     2.5


SKY COVER
  AVERAGE SKY COVER 0.4


WEATHER CONDITIONS
 THE FOLLOWING WEATHER WAS RECORDED YESTERDAY.
  FOG
  HAZE


RELATIVE HUMIDITY (PERCENT)
 HIGHEST   100          1200 AM
 LOWEST     60           200 PM
 AVERAGE    80

..........................................................


THE WATERTOWN NY CLIMATE NORMALS FOR TODAY
                         NORMAL    RECORD    YEAR
 MAXIMUM TEMPERATURE (F)   39        69      2012
 MINIMUM TEMPERATURE (F)   23       -20      1989


SUNRISE AND SUNSET
DECEMBER  4 2017......SUNRISE   722 AM EST   SUNSET   426 PM EST
DECEMBER  5 2017......SUNRISE   723 AM EST   SUNSET   426 PM EST


-  INDICATES NEGATIVE NUMBERS.
R  INDICATES RECORD WAS SET OR TIED.
MM INDICATES DATA IS MISSING.
T  INDICATES TRACE AMOUNT.




$$
