000
CDUS41 KBUF 141016
CLIART


CLIMATE REPORT
NATIONAL WEATHER SERVICE BUFFALO NY
515 AM EST SUN DEC 14 2014


...................................

...THE WATERTOWN NY CLIMATE SUMMARY FOR DECEMBER 13 2014...

CLIMATE NORMAL PERIOD 1981 TO 2010
CLIMATE RECORD PERIOD 1949 TO 2014


WEATHER ITEM   OBSERVED TIME   RECORD YEAR NORMAL DEPARTURE LAST
                VALUE   (LST)  VALUE       VALUE  FROM      YEAR
                                                  NORMAL
..................................................................
TEMPERATURE (F)
 YESTERDAY
  MAXIMUM         37   1128 PM  56    1991  36      1       26
  MINIMUM         27   1033 AM -22    2005  19      8       -2
  AVERAGE         32                        27      5       12

PRECIPITATION (IN)
  YESTERDAY        0.00          0.88 1996   0.10  -0.10      T
  MONTH TO DATE    0.30                      1.42  -1.12     0.29
  SINCE DEC 1      0.30                      1.42  -1.12     0.29
  SINCE JAN 1     40.52                     34.35   6.17    32.63

DEGREE DAYS
 HEATING
  YESTERDAY       33                        38     -5       53
  MONTH TO DATE  448                       459    -11      457
  SINCE DEC 1    448                       459    -11      457
  SINCE JUL 1   1801                      2058   -257     2032

 COOLING
  YESTERDAY        0                         0      0        0
  MONTH TO DATE    0                         0      0        0
  SINCE DEC 1      0                         0      0        0
  SINCE JAN 1    433                       362     71      481
..................................................................


WIND (MPH)
  HIGHEST WIND SPEED    13   HIGHEST WIND DIRECTION     W (260)
  HIGHEST GUST SPEED    17   HIGHEST GUST DIRECTION     W (270)
  AVERAGE WIND SPEED     3.8


SKY COVER
  AVERAGE SKY COVER 1.0


WEATHER CONDITIONS
 THE FOLLOWING WEATHER WAS RECORDED YESTERDAY.
  HAZE


RELATIVE HUMIDITY (PERCENT)
 HIGHEST    82           500 PM
 LOWEST     69          1200 PM
 AVERAGE    76

..........................................................


THE WATERTOWN NY CLIMATE NORMALS FOR TODAY
                         NORMAL    RECORD    YEAR
 MAXIMUM TEMPERATURE (F)   35        60      1975
 MINIMUM TEMPERATURE (F)   18       -20      2005
                                             1989


SUNRISE AND SUNSET
DECEMBER 14 2014......SUNRISE   731 AM EST   SUNSET   426 PM EST
DECEMBER 15 2014......SUNRISE   732 AM EST   SUNSET   427 PM EST


-  INDICATES NEGATIVE NUMBERS.
R  INDICATES RECORD WAS SET OR TIED.
MM INDICATES DATA IS MISSING.
T  INDICATES TRACE AMOUNT.

$$
