302
CDUS41 KBUF 192042
CLIART


CLIMATE REPORT
NATIONAL WEATHER SERVICE BUFFALO NY
442 PM EDT THU MAY 19 2016


...................................

...THE WATERTOWN NY CLIMATE SUMMARY FOR MAY 19 2016...
VALID TODAY AS OF 0400 PM LOCAL TIME.

CLIMATE NORMAL PERIOD 1981 TO 2010
CLIMATE RECORD PERIOD 1949 TO 2016


WEATHER ITEM   OBSERVED TIME   RECORD YEAR NORMAL DEPARTURE LAST
                VALUE   (LST)  VALUE       VALUE  FROM      YEAR
                                                  NORMAL
..................................................................
TEMPERATURE (F)
 TODAY
  MAXIMUM         62    251 PM  86    1996  67     -5       70
  MINIMUM         44    502 AM  31    2007  44      0       50
  AVERAGE         53                        56     -3       60

PRECIPITATION (IN)
  TODAY            0.00          1.64 1976   0.10  -0.10     0.00
  MONTH TO DATE    1.40                      1.81  -0.41     0.65
  SINCE MAR 1      5.19                      7.01  -1.82     3.17
  SINCE JAN 1     11.00                     11.89  -0.89     6.26

DEGREE DAYS
 HEATING
  TODAY           12                        10      2        5
  MONTH TO DATE  284                       236     48      124
  SINCE MAR 1   1952                      1938     14     1932
  SINCE JUL 1   6600                      7379   -779     7452

 COOLING
  TODAY            0                         0      0        0
  MONTH TO DATE    0                         0      0       18
  SINCE MAR 1      0                         1     -1       18
  SINCE JAN 1      0                         1     -1       18
..................................................................


WIND (MPH)
  HIGHEST WIND SPEED    17   HIGHEST WIND DIRECTION     W (260)
  HIGHEST GUST SPEED    21   HIGHEST GUST DIRECTION     W (260)
  AVERAGE WIND SPEED     4.6


SKY COVER
  AVERAGE SKY COVER 0.6


WEATHER CONDITIONS
 THE FOLLOWING WEATHER WAS RECORDED TODAY.
  NO SIGNIFICANT WEATHER WAS OBSERVED.


RELATIVE HUMIDITY (PERCENT)
 HIGHEST    89           200 AM
 LOWEST     51           100 PM
 AVERAGE    70

..........................................................


THE WATERTOWN NY CLIMATE NORMALS FOR TOMORROW
                         NORMAL    RECORD    YEAR
 MAXIMUM TEMPERATURE (F)   67        86      1962
 MINIMUM TEMPERATURE (F)   45        28      2002


SUNRISE AND SUNSET
MAY 19 2016...........SUNRISE   534 AM EDT   SUNSET   828 PM EDT
MAY 20 2016...........SUNRISE   533 AM EDT   SUNSET   829 PM EDT


-  INDICATES NEGATIVE NUMBERS.
R  INDICATES RECORD WAS SET OR TIED.
MM INDICATES DATA IS MISSING.
T  INDICATES TRACE AMOUNT.




$$
