000
CDUS41 KBUF 081013
CLIART


CLIMATE REPORT
NATIONAL WEATHER SERVICE BUFFALO NY
607 AM EDT MON MAY 8 2017


...................................

...THE WATERTOWN NY CLIMATE SUMMARY FOR MAY 7 2017...

CLIMATE NORMAL PERIOD 1981 TO 2010
CLIMATE RECORD PERIOD 1949 TO 2017


WEATHER ITEM   OBSERVED TIME   RECORD YEAR NORMAL DEPARTURE LAST
                VALUE   (LST)  VALUE       VALUE  FROM      YEAR
                                                  NORMAL
..................................................................
TEMPERATURE (F)
 YESTERDAY
  MAXIMUM         45    225 AM  81    1960  63    -18       66
  MINIMUM         35   1159 PM  18    1966  41     -6       45
  AVERAGE         40                        52    -12       56

PRECIPITATION (IN)
  YESTERDAY        0.24          1.23 1967   0.09   0.15     0.07
  MONTH TO DATE    3.46                      0.65   2.81     0.88
  SINCE MAR 1      9.88                      5.85   4.03     4.67
  SINCE JAN 1     13.51                     10.73   2.78    10.48

DEGREE DAYS
 HEATING
  YESTERDAY       25                        13     12        9
  MONTH TO DATE  110                       100     10      101
  SINCE MAR 1   1805                      1802      3     1769
  SINCE JUL 1   6416                      7243   -827     6417

 COOLING
  YESTERDAY        0                         0      0        0
  MONTH TO DATE    0                         0      0        0
  SINCE MAR 1      7                         1      6        0
  SINCE JAN 1      7                         1      6        0
..................................................................


WIND (MPH)
  HIGHEST WIND SPEED    16   HIGHEST WIND DIRECTION    SW (230)
  HIGHEST GUST SPEED    21   HIGHEST GUST DIRECTION    SW (230)
  AVERAGE WIND SPEED     9.2


SKY COVER
  AVERAGE SKY COVER 1.0


WEATHER CONDITIONS
 THE FOLLOWING WEATHER WAS RECORDED YESTERDAY.
  LIGHT RAIN
  LIGHT SNOW
  FOG


RELATIVE HUMIDITY (PERCENT)
 HIGHEST   100          1200 AM
 LOWEST     85          1000 PM
 AVERAGE    93

..........................................................


THE WATERTOWN NY CLIMATE NORMALS FOR TODAY
                         NORMAL    RECORD    YEAR
 MAXIMUM TEMPERATURE (F)   64        85      1979
 MINIMUM TEMPERATURE (F)   41        25      1997


SUNRISE AND SUNSET
MAY  8 2017...........SUNRISE   546 AM EDT   SUNSET   816 PM EDT
MAY  9 2017...........SUNRISE   545 AM EDT   SUNSET   817 PM EDT


-  INDICATES NEGATIVE NUMBERS.
R  INDICATES RECORD WAS SET OR TIED.
MM INDICATES DATA IS MISSING.
T  INDICATES TRACE AMOUNT.




$$
