000
CDUS41 KBUF 201023
CLIART


CLIMATE REPORT
NATIONAL WEATHER SERVICE BUFFALO NY
619 AM EDT FRI MAR 20 2015


...................................

...THE WATERTOWN NY CLIMATE SUMMARY FOR MARCH 19 2015...

CLIMATE NORMAL PERIOD 1981 TO 2010
CLIMATE RECORD PERIOD 1949 TO 2015


WEATHER ITEM   OBSERVED TIME   RECORD YEAR NORMAL DEPARTURE LAST
                VALUE   (LST)  VALUE       VALUE  FROM      YEAR
                                                  NORMAL
..................................................................
TEMPERATURE (F)
 YESTERDAY
  MAXIMUM         32    407 PM  73    2012  42    -10       47
  MINIMUM          4    600 AM -19    1993  22    -18       21
  AVERAGE         18                        32    -14       34

PRECIPITATION (IN)
  YESTERDAY        0.00          0.75 1998   0.07  -0.07     0.09
  MONTH TO DATE    0.38                      1.40  -1.02     1.10
  SINCE MAR 1      0.38                      1.40  -1.02     1.10
  SINCE JAN 1      3.47                      6.28  -2.81     8.20

DEGREE DAYS
 HEATING
  YESTERDAY       47                        33     14       31
  MONTH TO DATE  736                       702     34      884
  SINCE MAR 1    736                       702     34      884
  SINCE JUL 1   6256                      6143    113     6555

 COOLING
  YESTERDAY        0                         0      0        0
  MONTH TO DATE    0                         0      0        0
  SINCE MAR 1      0                         0      0        0
  SINCE JAN 1      0                         0      0        0
..................................................................


WIND (MPH)
  HIGHEST WIND SPEED    13   HIGHEST WIND DIRECTION     W (290)
  HIGHEST GUST SPEED    17   HIGHEST GUST DIRECTION     W (280)
  AVERAGE WIND SPEED     3.3


SKY COVER
  AVERAGE SKY COVER 0.0


WEATHER CONDITIONS
 THE FOLLOWING WEATHER WAS RECORDED YESTERDAY.
  NO SIGNIFICANT WEATHER WAS OBSERVED.


RELATIVE HUMIDITY (PERCENT)
 HIGHEST    88           300 AM
 LOWEST     27          1100 AM
 AVERAGE    58

..........................................................


THE WATERTOWN NY CLIMATE NORMALS FOR TODAY
                         NORMAL    RECORD    YEAR
 MAXIMUM TEMPERATURE (F)   42        74      2012
 MINIMUM TEMPERATURE (F)   22         1      1956


SUNRISE AND SUNSET
MARCH 20 2015.........SUNRISE   708 AM EDT   SUNSET   716 PM EDT
MARCH 21 2015.........SUNRISE   706 AM EDT   SUNSET   717 PM EDT


-  INDICATES NEGATIVE NUMBERS.
R  INDICATES RECORD WAS SET OR TIED.
MM INDICATES DATA IS MISSING.
T  INDICATES TRACE AMOUNT.




$$
