147
CDUS41 KBUF 292132
CLIART


CLIMATE REPORT
NATIONAL WEATHER SERVICE BUFFALO NY
429 PM EST FRI JAN 29 2016


...................................

...THE WATERTOWN NY CLIMATE SUMMARY FOR JANUARY 29 2016...
VALID TODAY AS OF 0400 PM LOCAL TIME.

CLIMATE NORMAL PERIOD 1981 TO 2010
CLIMATE RECORD PERIOD 1949 TO 2016


WEATHER ITEM   OBSERVED TIME   RECORD YEAR NORMAL DEPARTURE LAST
                VALUE   (LST)  VALUE       VALUE  FROM      YEAR
                                                  NORMAL
..................................................................
TEMPERATURE (F)
 TODAY
  MAXIMUM         36    148 AM  51    2013  29      7       39
  MINIMUM         25    359 PM -17    2000   8     17       -5
  AVERAGE         31                        19     12       17

PRECIPITATION (IN)
  TODAY            0.03          0.90 1971   0.08  -0.05     0.04
  MONTH TO DATE    1.51                      2.50  -0.99     1.84
  SINCE DEC 1      3.95                      5.65  -1.70     3.56
  SINCE JAN 1      1.51                      2.50  -0.99     1.84

DEGREE DAYS
 HEATING
  TODAY           34                        46    -12       48
  MONTH TO DATE 1231                      1319    -88     1419
  SINCE DEC 1   2011                      2516   -505     2407
  SINCE JUL 1   3378                      4115   -737     3760

 COOLING
  TODAY            0                         0      0        0
  MONTH TO DATE    0                         0      0        0
  SINCE DEC 1      0                         0      0        0
  SINCE JAN 1      0                         0      0        0
..................................................................


WIND (MPH)
  HIGHEST WIND SPEED    18   HIGHEST WIND DIRECTION     W (250)
  HIGHEST GUST SPEED    26   HIGHEST GUST DIRECTION    SW (230)
  AVERAGE WIND SPEED    10.4


SKY COVER
  AVERAGE SKY COVER 1.0


WEATHER CONDITIONS
 THE FOLLOWING WEATHER WAS RECORDED TODAY.
  SNOW
  LIGHT SNOW
  FOG
  HAZE


RELATIVE HUMIDITY (PERCENT)
 HIGHEST    92           700 AM
 LOWEST     56          1200 AM
 AVERAGE    74

..........................................................


THE WATERTOWN NY CLIMATE NORMALS FOR TOMORROW
                         NORMAL    RECORD    YEAR
 MAXIMUM TEMPERATURE (F)   29        62      2013
 MINIMUM TEMPERATURE (F)    8       -24      2010


SUNRISE AND SUNSET
JANUARY 29 2016.......SUNRISE   725 AM EST   SUNSET   510 PM EST
JANUARY 30 2016.......SUNRISE   724 AM EST   SUNSET   511 PM EST


-  INDICATES NEGATIVE NUMBERS.
R  INDICATES RECORD WAS SET OR TIED.
MM INDICATES DATA IS MISSING.
T  INDICATES TRACE AMOUNT.




$$
