000
CDUS41 KBUF 101036
CLIART


CLIMATE REPORT
NATIONAL WEATHER SERVICE BUFFALO NY
633 AM EDT SAT JUN 10 2017


...................................

...THE WATERTOWN NY CLIMATE SUMMARY FOR JUNE 9 2017...

CLIMATE NORMAL PERIOD 1981 TO 2010
CLIMATE RECORD PERIOD 1949 TO 2017


WEATHER ITEM   OBSERVED TIME   RECORD YEAR NORMAL DEPARTURE LAST
                VALUE   (LST)  VALUE       VALUE  FROM      YEAR
                                                  NORMAL
..................................................................
TEMPERATURE (F)
 YESTERDAY
  MAXIMUM         71    452 PM  90    2005  73     -2       62
  MINIMUM         48    150 AM  33    1988  51     -3       40
  AVERAGE         60                        62     -2       51

PRECIPITATION (IN)
  YESTERDAY        0.00          0.73 2006   0.09  -0.09     0.00
  MONTH TO DATE    1.30                      0.91   0.39     2.09
  SINCE JUN 1      1.30                      0.91   0.39     2.09
  SINCE JAN 1     16.97                     14.06   2.91    13.09

DEGREE DAYS
 HEATING
  YESTERDAY        5                         5      0       14
  MONTH TO DATE   78                        50     28       31
  SINCE JUN 1     78                        50     28       31
  SINCE JUL 1   6727                      7526   -799     6671

 COOLING
  YESTERDAY        0                         1     -1        0
  MONTH TO DATE    0                         9     -9        7
  SINCE JUN 1      0                         9     -9        7
  SINCE JAN 1     19                        20     -1       37
..................................................................


WIND (MPH)
  HIGHEST WIND SPEED    17   HIGHEST WIND DIRECTION    SW (230)
  HIGHEST GUST SPEED    25   HIGHEST GUST DIRECTION    SW (230)
  AVERAGE WIND SPEED     6.6


SKY COVER
  AVERAGE SKY COVER 0.4


WEATHER CONDITIONS
 THE FOLLOWING WEATHER WAS RECORDED YESTERDAY.
  NO SIGNIFICANT WEATHER WAS OBSERVED.


RELATIVE HUMIDITY (PERCENT)
 HIGHEST   100          1200 AM
 LOWEST     47           500 PM
 AVERAGE    74

..........................................................


THE WATERTOWN NY CLIMATE NORMALS FOR TODAY
                         NORMAL    RECORD    YEAR
 MAXIMUM TEMPERATURE (F)   73        88      1974
 MINIMUM TEMPERATURE (F)   51        31      1988


SUNRISE AND SUNSET
JUNE 10 2017..........SUNRISE   521 AM EDT   SUNSET   846 PM EDT
JUNE 11 2017..........SUNRISE   521 AM EDT   SUNSET   847 PM EDT


-  INDICATES NEGATIVE NUMBERS.
R  INDICATES RECORD WAS SET OR TIED.
MM INDICATES DATA IS MISSING.
T  INDICATES TRACE AMOUNT.




$$
