000
CDUS41 KBUF 101011
CLIART


CLIMATE REPORT
NATIONAL WEATHER SERVICE BUFFALO NY
510 AM EST TUE JAN 10 2017


...................................

...THE WATERTOWN NY CLIMATE SUMMARY FOR JANUARY 9 2017...

CLIMATE NORMAL PERIOD 1981 TO 2010
CLIMATE RECORD PERIOD 1949 TO 2017


WEATHER ITEM   OBSERVED TIME   RECORD YEAR NORMAL DEPARTURE LAST
                VALUE   (LST)  VALUE       VALUE  FROM      YEAR
                                                  NORMAL
..................................................................
TEMPERATURE (F)
 YESTERDAY
  MAXIMUM         21   1157 PM  62    2008  30     -9       46
  MINIMUM        -18    229 AM -36    1968  10    -28       38
  AVERAGE          2                        20    -18       42

PRECIPITATION (IN)
  YESTERDAY        T             0.49 1998   0.09  -0.09     0.03
  MONTH TO DATE    0.86                      0.84   0.02     0.23
  SINCE DEC 1      3.05                      3.99  -0.94     2.67
  SINCE JAN 1      0.86                      0.84   0.02     0.23

DEGREE DAYS
 HEATING
  YESTERDAY       63                        45     18       23
  MONTH TO DATE  413                       401     12      368
  SINCE DEC 1   1530                      1598    -68     1148
  SINCE JUL 1   2872                      3197   -325     2515

 COOLING
  YESTERDAY        0                         0      0        0
  MONTH TO DATE    0                         0      0        0
  SINCE DEC 1      0                         0      0        0
  SINCE JAN 1      0                         0      0        0
..................................................................


WIND (MPH)
  HIGHEST WIND SPEED    17   HIGHEST WIND DIRECTION     S (180)
  HIGHEST GUST SPEED    26   HIGHEST GUST DIRECTION     S (170)
  AVERAGE WIND SPEED     8.8


SKY COVER
  AVERAGE SKY COVER 0.7


WEATHER CONDITIONS
 THE FOLLOWING WEATHER WAS RECORDED YESTERDAY.
  LIGHT SNOW
  FOG
  HAZE


RELATIVE HUMIDITY (PERCENT)
 HIGHEST    91           200 AM
 LOWEST     57           900 PM
 AVERAGE    74

..........................................................


THE WATERTOWN NY CLIMATE NORMALS FOR TODAY
                         NORMAL    RECORD    YEAR
 MAXIMUM TEMPERATURE (F)   29        53      1950
 MINIMUM TEMPERATURE (F)   10       -29      1994


SUNRISE AND SUNSET
JANUARY 10 2017.......SUNRISE   738 AM EST   SUNSET   446 PM EST
JANUARY 11 2017.......SUNRISE   737 AM EST   SUNSET   447 PM EST


-  INDICATES NEGATIVE NUMBERS.
R  INDICATES RECORD WAS SET OR TIED.
MM INDICATES DATA IS MISSING.
T  INDICATES TRACE AMOUNT.




$$
