000
CDUS41 KBUF 082115
CLIART


CLIMATE REPORT
NATIONAL WEATHER SERVICE BUFFALO NY
415 PM EST WED FEB 8 2017


...................................

...THE WATERTOWN NY CLIMATE SUMMARY FOR FEBRUARY 8 2017...
VALID TODAY AS OF 0400 PM LOCAL TIME.

CLIMATE NORMAL PERIOD 1981 TO 2010
CLIMATE RECORD PERIOD 1949 TO 2017


WEATHER ITEM   OBSERVED TIME   RECORD YEAR NORMAL DEPARTURE LAST
                VALUE   (LST)  VALUE       VALUE  FROM      YEAR
                                                  NORMAL
..................................................................
TEMPERATURE (F)
 TODAY
  MAXIMUM         50R   301 AM  48    1990  30     20       35
  MINIMUM         32    259 PM -22    1967   9     23       20
  AVERAGE         41                        20     21       28

PRECIPITATION (IN)
  TODAY            0.11          0.77 1971   0.07   0.04     0.00
  MONTH TO DATE    0.52                      0.62  -0.10     0.60
  SINCE DEC 1      4.49                      6.43  -1.94     4.56
  SINCE JAN 1      2.30                      3.28  -0.98     2.12

DEGREE DAYS
 HEATING
  TODAY           24                        45    -21       37
  MONTH TO DATE  296                       367    -71      246
  SINCE DEC 1   2585                      2979   -394     2313
  SINCE JUL 1   3927                      4578   -651     3680

 COOLING
  TODAY            0                         0      0        0
  MONTH TO DATE    0                         0      0        0
  SINCE DEC 1      0                         0      0        0
  SINCE JAN 1      0                         0      0        0
..................................................................


WIND (MPH)
  HIGHEST WIND SPEED    25   HIGHEST WIND DIRECTION     W (260)
  HIGHEST GUST SPEED    42   HIGHEST GUST DIRECTION     S (160)
  AVERAGE WIND SPEED    18.2


SKY COVER
  AVERAGE SKY COVER 0.7


WEATHER CONDITIONS
 THE FOLLOWING WEATHER WAS RECORDED TODAY.
  RAIN
  LIGHT RAIN
  FOG


RELATIVE HUMIDITY (PERCENT)
 HIGHEST   100           600 AM
 LOWEST     63           400 PM
 AVERAGE    82

..........................................................


THE WATERTOWN NY CLIMATE NORMALS FOR TOMORROW
                         NORMAL    RECORD    YEAR
 MAXIMUM TEMPERATURE (F)   30        52      2001
 MINIMUM TEMPERATURE (F)    9       -25      1994


SUNRISE AND SUNSET
FEBRUARY  8 2017......SUNRISE   713 AM EST   SUNSET   525 PM EST
FEBRUARY  9 2017......SUNRISE   711 AM EST   SUNSET   526 PM EST


-  INDICATES NEGATIVE NUMBERS.
R  INDICATES RECORD WAS SET OR TIED.
MM INDICATES DATA IS MISSING.
T  INDICATES TRACE AMOUNT.




$$
