000
CDUS41 KBUF 100705
CLIART


CLIMATE REPORT
NATIONAL WEATHER SERVICE BUFFALO NY
305 AM EDT MON APR 10 2017


...................................

...THE WATERTOWN NY CLIMATE SUMMARY FOR APRIL 9 2017...

CLIMATE NORMAL PERIOD 1981 TO 2010
CLIMATE RECORD PERIOD 1949 TO 2017


WEATHER ITEM   OBSERVED TIME   RECORD YEAR NORMAL DEPARTURE LAST
                VALUE   (LST)  VALUE       VALUE  FROM      YEAR
                                                  NORMAL
..................................................................
TEMPERATURE (F)
 YESTERDAY
  MAXIMUM         66    423 PM  71    1969  52     14       36
  MINIMUM         34    358 AM  14    1997  31      3       16
  AVERAGE         50                        41      9       26

PRECIPITATION (IN)
  YESTERDAY        0.00          0.96 1980   0.10  -0.10     0.00
  MONTH TO DATE    2.59                      0.85   1.74     0.42
  SINCE MAR 1      4.94                      3.15   1.79     3.07
  SINCE JAN 1      8.57                      8.03   0.54     8.88

DEGREE DAYS
 HEATING
  YESTERDAY       15                        24     -9       39
  MONTH TO DATE  209                       231    -22      290
  SINCE MAR 1   1383                      1297     86     1201
  SINCE JUL 1   5994                      6738   -744     5849

 COOLING
  YESTERDAY        0                         0      0        0
  MONTH TO DATE    0                         0      0        0
  SINCE MAR 1      0                         0      0        0
  SINCE JAN 1      0                         0      0        0
..................................................................


WIND (MPH)
  HIGHEST WIND SPEED    18   HIGHEST WIND DIRECTION    SW (230)
  HIGHEST GUST SPEED    25   HIGHEST GUST DIRECTION     S (180)
  AVERAGE WIND SPEED     8.4


SKY COVER
  AVERAGE SKY COVER 0.0


WEATHER CONDITIONS
 THE FOLLOWING WEATHER WAS RECORDED YESTERDAY.
  NO SIGNIFICANT WEATHER WAS OBSERVED.


RELATIVE HUMIDITY (PERCENT)
 HIGHEST    96           300 AM
 LOWEST     26           400 PM
 AVERAGE    61

..........................................................


THE WATERTOWN NY CLIMATE NORMALS FOR TODAY
                         NORMAL    RECORD    YEAR
 MAXIMUM TEMPERATURE (F)   52        72      1952
 MINIMUM TEMPERATURE (F)   31        12      2016


SUNRISE AND SUNSET
APRIL 10 2017.........SUNRISE   629 AM EDT   SUNSET   742 PM EDT
APRIL 11 2017.........SUNRISE   627 AM EDT   SUNSET   744 PM EDT


-  INDICATES NEGATIVE NUMBERS.
R  INDICATES RECORD WAS SET OR TIED.
MM INDICATES DATA IS MISSING.
T  INDICATES TRACE AMOUNT.




$$
