000
CDUS41 KBUF 051028
CLIART


CLIMATE REPORT
NATIONAL WEATHER SERVICE BUFFALO NY
624 AM EDT FRI MAY 5 2017


...................................

...THE WATERTOWN NY CLIMATE SUMMARY FOR MAY 4 2017...

CLIMATE NORMAL PERIOD 1981 TO 2010
CLIMATE RECORD PERIOD 1949 TO 2017


WEATHER ITEM   OBSERVED TIME   RECORD YEAR NORMAL DEPARTURE LAST
                VALUE   (LST)  VALUE       VALUE  FROM      YEAR
                                                  NORMAL
..................................................................
TEMPERATURE (F)
 YESTERDAY
  MAXIMUM         59    120 PM  83    1949  62     -3       61
  MINIMUM         32    521 AM  21    1986  40     -8       46
  AVERAGE         46                        51     -5       54

PRECIPITATION (IN)
  YESTERDAY        0.15          1.40 1984   0.09   0.06     0.09
  MONTH TO DATE    1.75                      0.37   1.38     0.75
  SINCE MAR 1      8.17                      5.57   2.60     4.54
  SINCE JAN 1     11.80                     10.45   1.35    10.35

DEGREE DAYS
 HEATING
  YESTERDAY       19                        14      5       11
  MONTH TO DATE   57                        59     -2       66
  SINCE MAR 1   1752                      1761     -9     1734
  SINCE JUL 1   6363                      7202   -839     6382

 COOLING
  YESTERDAY        0                         0      0        0
  MONTH TO DATE    0                         0      0        0
  SINCE MAR 1      7                         1      6        0
  SINCE JAN 1      7                         1      6        0
..................................................................


WIND (MPH)
  HIGHEST WIND SPEED    17   HIGHEST WIND DIRECTION     S (190)
  HIGHEST GUST SPEED    27   HIGHEST GUST DIRECTION     S (190)
  AVERAGE WIND SPEED     4.8


SKY COVER
  AVERAGE SKY COVER 0.4


WEATHER CONDITIONS
 THE FOLLOWING WEATHER WAS RECORDED YESTERDAY.
  LIGHT RAIN
  FOG


RELATIVE HUMIDITY (PERCENT)
 HIGHEST   100           500 AM
 LOWEST     43          1100 AM
 AVERAGE    72

..........................................................


THE WATERTOWN NY CLIMATE NORMALS FOR TODAY
                         NORMAL    RECORD    YEAR
 MAXIMUM TEMPERATURE (F)   63        81      1991
 MINIMUM TEMPERATURE (F)   40        25      2005


SUNRISE AND SUNSET
MAY  5 2017...........SUNRISE   550 AM EDT   SUNSET   812 PM EDT
MAY  6 2017...........SUNRISE   549 AM EDT   SUNSET   814 PM EDT


-  INDICATES NEGATIVE NUMBERS.
R  INDICATES RECORD WAS SET OR TIED.
MM INDICATES DATA IS MISSING.
T  INDICATES TRACE AMOUNT.




$$
