000
CDUS41 KBUF 121009
CLIART


CLIMATE REPORT
NATIONAL WEATHER SERVICE BUFFALO NY
607 AM EDT SUN OCT 12 2014


...................................

...THE WATERTOWN NY CLIMATE SUMMARY FOR OCTOBER 11 2014...

CLIMATE NORMAL PERIOD 1981 TO 2010
CLIMATE RECORD PERIOD 1949 TO 2014


WEATHER ITEM   OBSERVED TIME   RECORD YEAR NORMAL DEPARTURE LAST
                VALUE   (LST)  VALUE       VALUE  FROM      YEAR
                                                  NORMAL
..................................................................
TEMPERATURE (F)
 YESTERDAY
  MAXIMUM         58    237 PM  82    1949  60     -2       74
  MINIMUM         36   1158 PM  22    1996  40     -4       34
  AVERAGE         47                        50     -3       54

PRECIPITATION (IN)
  YESTERDAY        0.05          0.47 1975   0.13  -0.08     0.00
  MONTH TO DATE    1.71                      1.40   0.31     1.52
  SINCE SEP 1      3.29                      5.12  -1.83     4.34
  SINCE JAN 1     35.55                     26.92   8.63    26.14

DEGREE DAYS
 HEATING
  YESTERDAY       18                        15      3       11
  MONTH TO DATE   97                       150    -53       89
  SINCE SEP 1    273                       352    -79      320
  SINCE JUL 1    323                       424   -101      363

 COOLING
  YESTERDAY        0                         0      0        0
  MONTH TO DATE    3                         0      3        0
  SINCE SEP 1     59                        35     24       48
  SINCE JAN 1    419                       359     60      481
..................................................................


WIND (MPH)
  HIGHEST WIND SPEED    16   HIGHEST WIND DIRECTION     W (260)
  HIGHEST GUST SPEED    21   HIGHEST GUST DIRECTION     W (270)
  AVERAGE WIND SPEED     2.8


SKY COVER
  AVERAGE SKY COVER 0.7


WEATHER CONDITIONS
 THE FOLLOWING WEATHER WAS RECORDED YESTERDAY.
  RAIN
  LIGHT RAIN


RELATIVE HUMIDITY (PERCENT)
 HIGHEST    83           700 AM
 LOWEST     43           300 PM
 AVERAGE    63

..........................................................


THE WATERTOWN NY CLIMATE NORMALS FOR TODAY
                         NORMAL    RECORD    YEAR
 MAXIMUM TEMPERATURE (F)   60        78      1954
 MINIMUM TEMPERATURE (F)   39        23      2009


SUNRISE AND SUNSET
OCTOBER 12 2014.......SUNRISE   715 AM EDT   SUNSET   625 PM EDT
OCTOBER 13 2014.......SUNRISE   716 AM EDT   SUNSET   624 PM EDT


-  INDICATES NEGATIVE NUMBERS.
R  INDICATES RECORD WAS SET OR TIED.
MM INDICATES DATA IS MISSING.
T  INDICATES TRACE AMOUNT.




$$
