000
CDUS41 KBUF 280705
CLIART


CLIMATE REPORT
NATIONAL WEATHER SERVICE BUFFALO NY
205 AM EST TUE NOV 28 2017


...................................

...THE WATERTOWN NY CLIMATE SUMMARY FOR NOVEMBER 27 2017...

CLIMATE NORMAL PERIOD 1981 TO 2010
CLIMATE RECORD PERIOD 1949 TO 2017


WEATHER ITEM   OBSERVED TIME   RECORD YEAR NORMAL DEPARTURE LAST
                VALUE   (LST)  VALUE       VALUE  FROM      YEAR
                                                  NORMAL
..................................................................
TEMPERATURE (F)
 YESTERDAY
  MAXIMUM         39    216 AM  66    1990  42     -3       41
  MINIMUM         16   1159 PM   0    1996  26    -10       21
  AVERAGE         28                        34     -6       31

PRECIPITATION (IN)
  YESTERDAY        T             0.84 1993   0.12  -0.12      T
  MONTH TO DATE    2.96                      3.39  -0.43     1.25
  SINCE SEP 1     16.01                     10.76   5.25     9.15
  SINCE JAN 1     46.74                     32.56  14.18    28.18

DEGREE DAYS
 HEATING
  YESTERDAY       37                        31      6       34
  MONTH TO DATE  737                       706     31      659
  SINCE SEP 1   1201                      1430   -229     1268
  SINCE JUL 1   1271                      1502   -231     1279

 COOLING
  YESTERDAY        0                         0      0        0
  MONTH TO DATE    0                         0      0        0
  SINCE SEP 1     59                        38     21       52
  SINCE JAN 1    389                       362     27      566
..................................................................


WIND (MPH)
  HIGHEST WIND SPEED    21   HIGHEST WIND DIRECTION     W (280)
  HIGHEST GUST SPEED    27   HIGHEST GUST DIRECTION     W (280)
  AVERAGE WIND SPEED     9.7


SKY COVER
  AVERAGE SKY COVER 0.6


WEATHER CONDITIONS
 THE FOLLOWING WEATHER WAS RECORDED YESTERDAY.
  LIGHT RAIN


RELATIVE HUMIDITY (PERCENT)
 HIGHEST    88          1100 PM
 LOWEST     63           100 PM
 AVERAGE    76

..........................................................


THE WATERTOWN NY CLIMATE NORMALS FOR TODAY
                         NORMAL    RECORD    YEAR
 MAXIMUM TEMPERATURE (F)   42        72      1990
 MINIMUM TEMPERATURE (F)   25        -3      1968


SUNRISE AND SUNSET
NOVEMBER 28 2017......SUNRISE   716 AM EST   SUNSET   428 PM EST
NOVEMBER 29 2017......SUNRISE   717 AM EST   SUNSET   428 PM EST


-  INDICATES NEGATIVE NUMBERS.
R  INDICATES RECORD WAS SET OR TIED.
MM INDICATES DATA IS MISSING.
T  INDICATES TRACE AMOUNT.




$$
