000
CDUS41 KBUF 220705
CLIART


CLIMATE REPORT
NATIONAL WEATHER SERVICE BUFFALO NY
305 AM EDT SUN MAR 22 2015


...................................

...THE WATERTOWN NY CLIMATE SUMMARY FOR MARCH 21 2015...

CLIMATE NORMAL PERIOD 1981 TO 2010
CLIMATE RECORD PERIOD 1949 TO 2015


WEATHER ITEM   OBSERVED TIME   RECORD YEAR NORMAL DEPARTURE LAST
                VALUE   (LST)  VALUE       VALUE  FROM      YEAR
                                                  NORMAL
..................................................................
TEMPERATURE (F)
 YESTERDAY
  MAXIMUM         41    401 PM  76    2012  43     -2       34
  MINIMUM         25   1159 PM  -1    1988  23      2       26
  AVERAGE         33                        33      0       30

PRECIPITATION (IN)
  YESTERDAY        0.05          0.61 1998   0.08  -0.03      T
  MONTH TO DATE    0.43                      1.55  -1.12     1.16
  SINCE MAR 1      0.43                      1.55  -1.12     1.16
  SINCE JAN 1      3.52                      6.43  -2.91     8.26

DEGREE DAYS
 HEATING
  YESTERDAY       32                        32      0       35
  MONTH TO DATE  802                       767     35      946
  SINCE MAR 1    802                       767     35      946
  SINCE JUL 1   6322                      6208    114     6617

 COOLING
  YESTERDAY        0                         0      0        0
  MONTH TO DATE    0                         0      0        0
  SINCE MAR 1      0                         0      0        0
  SINCE JAN 1      0                         0      0        0
..................................................................


WIND (MPH)
  HIGHEST WIND SPEED    23   HIGHEST WIND DIRECTION    NW (310)
  HIGHEST GUST SPEED    28   HIGHEST GUST DIRECTION    SW (220)
  AVERAGE WIND SPEED    11.0


SKY COVER
  AVERAGE SKY COVER 1.0


WEATHER CONDITIONS
 THE FOLLOWING WEATHER WAS RECORDED YESTERDAY.
  LIGHT RAIN
  LIGHT SNOW
  FOG
  HAZE


RELATIVE HUMIDITY (PERCENT)
 HIGHEST    89           700 AM
 LOWEST     63           900 PM
 AVERAGE    76

..........................................................


THE WATERTOWN NY CLIMATE NORMALS FOR TODAY
                         NORMAL    RECORD    YEAR
 MAXIMUM TEMPERATURE (F)   43        70      2012
 MINIMUM TEMPERATURE (F)   23         0      1988


SUNRISE AND SUNSET
MARCH 22 2015.........SUNRISE   704 AM EDT   SUNSET   719 PM EDT
MARCH 23 2015.........SUNRISE   702 AM EDT   SUNSET   720 PM EDT


-  INDICATES NEGATIVE NUMBERS.
R  INDICATES RECORD WAS SET OR TIED.
MM INDICATES DATA IS MISSING.
T  INDICATES TRACE AMOUNT.




$$
