000
CDUS41 KBUF 121025
CLIART


CLIMATE REPORT
NATIONAL WEATHER SERVICE BUFFALO NY
624 AM EDT SUN MAR 12 2017


...................................

...THE WATERTOWN NY CLIMATE SUMMARY FOR MARCH 11 2017...

CLIMATE NORMAL PERIOD 1981 TO 2010
CLIMATE RECORD PERIOD 1949 TO 2017


WEATHER ITEM   OBSERVED TIME   RECORD YEAR NORMAL DEPARTURE LAST
                VALUE   (LST)  VALUE       VALUE  FROM      YEAR
                                                  NORMAL
..................................................................
TEMPERATURE (F)
 YESTERDAY
  MAXIMUM         17    225 PM  59    2010  39    -22       40
                                      1973
  MINIMUM         -1    629 AM -11    1961  18    -19       31
  AVERAGE          8                        28    -20       36

PRECIPITATION (IN)
  YESTERDAY        T             1.05 1992   0.07  -0.07      T
  MONTH TO DATE    0.57                      0.82  -0.25     0.88
  SINCE MAR 1      0.57                      0.82  -0.25     0.88
  SINCE JAN 1      4.20                      5.70  -1.50     6.69

DEGREE DAYS
 HEATING
  YESTERDAY       57                        37     20       29
  MONTH TO DATE  413                       424    -11      384
  SINCE MAR 1    413                       424    -11      384
  SINCE JUL 1   5024                      5865   -841     5032

 COOLING
  YESTERDAY        0                         0      0        0
  MONTH TO DATE    0                         0      0        0
  SINCE MAR 1      0                         0      0        0
  SINCE JAN 1      0                         0      0        0
..................................................................


WIND (MPH)
  HIGHEST WIND SPEED    24   HIGHEST WIND DIRECTION     W (290)
  HIGHEST GUST SPEED    36   HIGHEST GUST DIRECTION    NW (300)
  AVERAGE WIND SPEED    11.0


SKY COVER
  AVERAGE SKY COVER 0.5


WEATHER CONDITIONS
 THE FOLLOWING WEATHER WAS RECORDED YESTERDAY.
  NO SIGNIFICANT WEATHER WAS OBSERVED.


RELATIVE HUMIDITY (PERCENT)
 HIGHEST    83           600 AM
 LOWEST     40           500 PM
 AVERAGE    62

..........................................................


THE WATERTOWN NY CLIMATE NORMALS FOR TODAY
                         NORMAL    RECORD    YEAR
 MAXIMUM TEMPERATURE (F)   39        65      2012
 MINIMUM TEMPERATURE (F)   19       -24      1984


SUNRISE AND SUNSET
MARCH 12 2017.........SUNRISE   721 AM EDT   SUNSET   707 PM EDT
MARCH 13 2017.........SUNRISE   719 AM EDT   SUNSET   708 PM EDT


-  INDICATES NEGATIVE NUMBERS.
R  INDICATES RECORD WAS SET OR TIED.
MM INDICATES DATA IS MISSING.
T  INDICATES TRACE AMOUNT.

$$
