000
CDUS41 KBUF 041009
CLIART


CLIMATE REPORT
NATIONAL WEATHER SERVICE BUFFALO NY
608 AM EDT FRI AUG 4 2017


...................................

...THE WATERTOWN NY CLIMATE SUMMARY FOR AUGUST 3 2017...

CLIMATE NORMAL PERIOD 1981 TO 2010
CLIMATE RECORD PERIOD 1949 TO 2017


WEATHER ITEM   OBSERVED TIME   RECORD YEAR NORMAL DEPARTURE LAST
                VALUE   (LST)  VALUE       VALUE  FROM      YEAR
                                                  NORMAL
..................................................................
TEMPERATURE (F)
 YESTERDAY
  MAXIMUM         83    506 PM  95    1988  79      4       89
  MINIMUM         61    347 AM  43    1962  58      3       66
  AVERAGE         72                        69      3       78

PRECIPITATION (IN)
  YESTERDAY        0.06          1.76 1963   0.10  -0.04     0.00
  MONTH TO DATE    0.06                      0.31  -0.25     0.27
  SINCE JUN 1     11.02                      5.81   5.21     4.27
  SINCE JAN 1     26.69                     18.96   7.73    15.27

DEGREE DAYS
 HEATING
  YESTERDAY        0                         1     -1        0
  MONTH TO DATE    0                         3     -3        0
  SINCE JUN 1    113                       136    -23      103
  SINCE JUL 1     11                        29    -18        5

 COOLING
  YESTERDAY        7                         5      2       13
  MONTH TO DATE   18                        15      3       26
  SINCE JUN 1    222                       216      6      275
  SINCE JAN 1    241                       227     14      305
..................................................................


WIND (MPH)
  HIGHEST WIND SPEED    15   HIGHEST WIND DIRECTION    SW (210)
  HIGHEST GUST SPEED    24   HIGHEST GUST DIRECTION    SW (210)
  AVERAGE WIND SPEED     5.0


SKY COVER
  AVERAGE SKY COVER 0.1


WEATHER CONDITIONS
 THE FOLLOWING WEATHER WAS RECORDED YESTERDAY.
  THUNDERSTORM
  RAIN
  LIGHT RAIN
  FOG
  HAZE


RELATIVE HUMIDITY (PERCENT)
 HIGHEST   100           400 AM
 LOWEST     55           500 PM
 AVERAGE    78

..........................................................


THE WATERTOWN NY CLIMATE NORMALS FOR TODAY
                         NORMAL    RECORD    YEAR
 MAXIMUM TEMPERATURE (F)   79        95      2012
 MINIMUM TEMPERATURE (F)   58        44      1972


SUNRISE AND SUNSET
AUGUST  4 2017........SUNRISE   556 AM EDT   SUNSET   824 PM EDT
AUGUST  5 2017........SUNRISE   557 AM EDT   SUNSET   822 PM EDT


-  INDICATES NEGATIVE NUMBERS.
R  INDICATES RECORD WAS SET OR TIED.
MM INDICATES DATA IS MISSING.
T  INDICATES TRACE AMOUNT.




$$
