000
CDUS41 KBUF 051014
CLIART


CLIMATE REPORT
NATIONAL WEATHER SERVICE BUFFALO NY
514 AM EST SUN FEB 5 2017


...................................

...THE WATERTOWN NY CLIMATE SUMMARY FOR FEBRUARY 4 2017...

CLIMATE NORMAL PERIOD 1981 TO 2010
CLIMATE RECORD PERIOD 1949 TO 2017


WEATHER ITEM   OBSERVED TIME   RECORD YEAR NORMAL DEPARTURE LAST
                VALUE   (LST)  VALUE       VALUE  FROM      YEAR
                                                  NORMAL
..................................................................
TEMPERATURE (F)
 YESTERDAY
  MAXIMUM         29   1159 PM  54    1991  30     -1       44
  MINIMUM         19    548 AM -26    1970   9     10       23
  AVERAGE         24                        19      5       34

PRECIPITATION (IN)
  YESTERDAY        0.02          0.94 1994   0.08  -0.06     0.00
  MONTH TO DATE    0.08                      0.32  -0.24     0.58
  SINCE DEC 1      4.05                      6.13  -2.08     4.54
  SINCE JAN 1      1.86                      2.98  -1.12     2.10

DEGREE DAYS
 HEATING
  YESTERDAY       41                        46     -5       31
  MONTH TO DATE  161                       184    -23      106
  SINCE DEC 1   2450                      2796   -346     2173
  SINCE JUL 1   3792                      4395   -603     3540

 COOLING
  YESTERDAY        0                         0      0        0
  MONTH TO DATE    0                         0      0        0
  SINCE DEC 1      0                         0      0        0
  SINCE JAN 1      0                         0      0        0
..................................................................


WIND (MPH)
  HIGHEST WIND SPEED    25   HIGHEST WIND DIRECTION     W (260)
  HIGHEST GUST SPEED    34   HIGHEST GUST DIRECTION     W (260)
  AVERAGE WIND SPEED    14.0


SKY COVER
  AVERAGE SKY COVER 0.9


WEATHER CONDITIONS
 THE FOLLOWING WEATHER WAS RECORDED YESTERDAY.
  HEAVY SNOW
  SNOW
  LIGHT SNOW
  FOG
  FOG W/VISIBILITY <= 1/4 MILE
  HAZE


RELATIVE HUMIDITY (PERCENT)
 HIGHEST    88           100 PM
 LOWEST     62          1200 AM
 AVERAGE    75

..........................................................


THE WATERTOWN NY CLIMATE NORMALS FOR TODAY
                         NORMAL    RECORD    YEAR
 MAXIMUM TEMPERATURE (F)   30        52      1962
 MINIMUM TEMPERATURE (F)    9       -29      2009


SUNRISE AND SUNSET
FEBRUARY  5 2017......SUNRISE   716 AM EST   SUNSET   520 PM EST
FEBRUARY  6 2017......SUNRISE   715 AM EST   SUNSET   522 PM EST


-  INDICATES NEGATIVE NUMBERS.
R  INDICATES RECORD WAS SET OR TIED.
MM INDICATES DATA IS MISSING.
T  INDICATES TRACE AMOUNT.




$$
