000
CDUS41 KBUF 141017
CLIART


CLIMATE REPORT
NATIONAL WEATHER SERVICE BUFFALO NY
615 AM EDT WED JUN 14 2017


...................................

...THE WATERTOWN NY CLIMATE SUMMARY FOR JUNE 13 2017...

CLIMATE NORMAL PERIOD 1981 TO 2010
CLIMATE RECORD PERIOD 1949 TO 2017


WEATHER ITEM   OBSERVED TIME   RECORD YEAR NORMAL DEPARTURE LAST
                VALUE   (LST)  VALUE       VALUE  FROM      YEAR
                                                  NORMAL
..................................................................
TEMPERATURE (F)
 YESTERDAY
  MAXIMUM         80   1214 PM  89    1949  74      6       63
  MINIMUM         50   1159 PM  36    1995  52     -2       46
  AVERAGE         65                        63      2       55

PRECIPITATION (IN)
  YESTERDAY        0.03          1.08 2003   0.10  -0.07     0.00
  MONTH TO DATE    1.33                      1.31   0.02     2.52
  SINCE JUN 1      1.33                      1.31   0.02     2.52
  SINCE JAN 1     17.00                     14.46   2.54    13.52

DEGREE DAYS
 HEATING
  YESTERDAY        0                         4     -4       10
  MONTH TO DATE   78                        66     12       67
  SINCE JUN 1     78                        66     12       67
  SINCE JUL 1   6727                      7542   -815     6707

 COOLING
  YESTERDAY        0                         2     -2        0
  MONTH TO DATE   26                        15     11        7
  SINCE JUN 1     26                        15     11        7
  SINCE JAN 1     45                        26     19       37
..................................................................


WIND (MPH)
  HIGHEST WIND SPEED    15   HIGHEST WIND DIRECTION     W (260)
  HIGHEST GUST SPEED    17   HIGHEST GUST DIRECTION     N (340)
  AVERAGE WIND SPEED     5.6


SKY COVER
  AVERAGE SKY COVER 0.5


WEATHER CONDITIONS
 THE FOLLOWING WEATHER WAS RECORDED YESTERDAY.
  THUNDERSTORM
  LIGHT RAIN
  FOG
  HAZE


RELATIVE HUMIDITY (PERCENT)
 HIGHEST   100           900 PM
 LOWEST     57           600 PM
 AVERAGE    79

..........................................................


THE WATERTOWN NY CLIMATE NORMALS FOR TODAY
                         NORMAL    RECORD    YEAR
 MAXIMUM TEMPERATURE (F)   74        95      1949
 MINIMUM TEMPERATURE (F)   52        36      2016


SUNRISE AND SUNSET
JUNE 14 2017..........SUNRISE   521 AM EDT   SUNSET   848 PM EDT
JUNE 15 2017..........SUNRISE   521 AM EDT   SUNSET   849 PM EDT


-  INDICATES NEGATIVE NUMBERS.
R  INDICATES RECORD WAS SET OR TIED.
MM INDICATES DATA IS MISSING.
T  INDICATES TRACE AMOUNT.




$$
