000
CDUS41 KBUF 130705
CLIART


CLIMATE REPORT
NATIONAL WEATHER SERVICE BUFFALO NY
205 AM EST SAT DEC 13 2014


...................................

...THE WATERTOWN NY CLIMATE SUMMARY FOR DECEMBER 12 2014...

CLIMATE NORMAL PERIOD 1981 TO 2010
CLIMATE RECORD PERIOD 1949 TO 2014


WEATHER ITEM   OBSERVED TIME   RECORD YEAR NORMAL DEPARTURE LAST
                VALUE   (LST)  VALUE       VALUE  FROM      YEAR
                                                  NORMAL
..................................................................
TEMPERATURE (F)
 YESTERDAY
  MAXIMUM         30   1104 PM  60    1979  36     -6       26
  MINIMUM         23    329 AM -19    1988  19      4        4
  AVERAGE         27                        28     -1       15

PRECIPITATION (IN)
  YESTERDAY        T             0.99 1959   0.11  -0.11     0.07
  MONTH TO DATE    0.30                      1.32  -1.02     0.29
  SINCE DEC 1      0.30                      1.32  -1.02     0.29
  SINCE JAN 1     40.52                     34.25   6.27    32.63

DEGREE DAYS
 HEATING
  YESTERDAY       38                        37      1       50
  MONTH TO DATE  415                       421     -6      404
  SINCE DEC 1    415                       421     -6      404
  SINCE JUL 1   1768                      2020   -252     1979

 COOLING
  YESTERDAY        0                         0      0        0
  MONTH TO DATE    0                         0      0        0
  SINCE DEC 1      0                         0      0        0
  SINCE JAN 1    433                       362     71      481
..................................................................


WIND (MPH)
  HIGHEST WIND SPEED    10   HIGHEST WIND DIRECTION    NW (300)
  HIGHEST GUST SPEED    13   HIGHEST GUST DIRECTION    NW (300)
  AVERAGE WIND SPEED     2.6


SKY COVER
  AVERAGE SKY COVER 1.0


WEATHER CONDITIONS
 THE FOLLOWING WEATHER WAS RECORDED YESTERDAY.
  LIGHT SNOW
  HAZE


RELATIVE HUMIDITY (PERCENT)
 HIGHEST    81           100 AM
 LOWEST     68          1200 PM
 AVERAGE    75

..........................................................


THE WATERTOWN NY CLIMATE NORMALS FOR TODAY
                         NORMAL    RECORD    YEAR
 MAXIMUM TEMPERATURE (F)   36        56      1991
 MINIMUM TEMPERATURE (F)   19       -22      2005


SUNRISE AND SUNSET
DECEMBER 13 2014......SUNRISE   730 AM EST   SUNSET   426 PM EST
DECEMBER 14 2014......SUNRISE   731 AM EST   SUNSET   426 PM EST


-  INDICATES NEGATIVE NUMBERS.
R  INDICATES RECORD WAS SET OR TIED.
MM INDICATES DATA IS MISSING.
T  INDICATES TRACE AMOUNT.




$$
