000
CDUS41 KBUF 161029
CLIART


CLIMATE REPORT
NATIONAL WEATHER SERVICE BUFFALO NY
528 AM EST SUN NOV 16 2014


...................................

...THE WATERTOWN NY CLIMATE SUMMARY FOR NOVEMBER 15 2014...

CLIMATE NORMAL PERIOD 1981 TO 2010
CLIMATE RECORD PERIOD 1949 TO 2014


WEATHER ITEM   OBSERVED TIME   RECORD YEAR NORMAL DEPARTURE LAST
                VALUE   (LST)  VALUE       VALUE  FROM      YEAR
                                                  NORMAL
..................................................................
TEMPERATURE (F)
 YESTERDAY
  MAXIMUM         40    112 PM  66    1990  47     -7       51
  MINIMUM         16    652 AM  11    1992  30    -14       35
  AVERAGE         28                        39    -11       43

PRECIPITATION (IN)
  YESTERDAY        0.02          0.92 1973   0.13  -0.11     0.00
  MONTH TO DATE    0.54                      1.84  -1.30     1.87
  SINCE SEP 1      5.74                      9.21  -3.47     9.26
  SINCE JAN 1     38.00                     31.01   6.99    31.06

DEGREE DAYS
 HEATING
  YESTERDAY       37                        26     11       22
  MONTH TO DATE  321                       360    -39      374
  SINCE SEP 1    860                      1084   -224     1019
  SINCE JUL 1    910                      1156   -246     1062

 COOLING
  YESTERDAY        0                         0      0        0
  MONTH TO DATE    0                         0      0        0
  SINCE SEP 1     73                        38     35       48
  SINCE JAN 1    433                       362     71      481
..................................................................


WIND (MPH)
  HIGHEST WIND SPEED    18   HIGHEST WIND DIRECTION     W (260)
  HIGHEST GUST SPEED    24   HIGHEST GUST DIRECTION     W (260)
  AVERAGE WIND SPEED     6.5


SKY COVER
  AVERAGE SKY COVER 0.5


WEATHER CONDITIONS
 THE FOLLOWING WEATHER WAS RECORDED YESTERDAY.
  LIGHT SNOW


RELATIVE HUMIDITY (PERCENT)
 HIGHEST    77           800 AM
 LOWEST     47          1000 AM
 AVERAGE    62

..........................................................


THE WATERTOWN NY CLIMATE NORMALS FOR TODAY
                         NORMAL    RECORD    YEAR
 MAXIMUM TEMPERATURE (F)   47        69      2005
 MINIMUM TEMPERATURE (F)   30         5      1972


SUNRISE AND SUNSET
NOVEMBER 16 2014......SUNRISE   700 AM EST   SUNSET   437 PM EST
NOVEMBER 17 2014......SUNRISE   702 AM EST   SUNSET   436 PM EST


-  INDICATES NEGATIVE NUMBERS.
R  INDICATES RECORD WAS SET OR TIED.
MM INDICATES DATA IS MISSING.
T  INDICATES TRACE AMOUNT.




$$
