000
CDUS41 KBUF 212204
CLIART


CLIMATE REPORT
NATIONAL WEATHER SERVICE BUFFALO NY
504 PM EST MON NOV 21 2016


...................................

...THE WATERTOWN NY CLIMATE SUMMARY FOR NOVEMBER 21 2016...
VALID TODAY AS OF 0500 PM LOCAL TIME.

CLIMATE NORMAL PERIOD 1981 TO 2010
CLIMATE RECORD PERIOD 1949 TO 2016


WEATHER ITEM   OBSERVED TIME   RECORD YEAR NORMAL DEPARTURE LAST
                VALUE   (LST)  VALUE       VALUE  FROM      YEAR
                                                  NORMAL
..................................................................
TEMPERATURE (F)
 TODAY
  MAXIMUM         29    359 PM  62    1953  45    -16       46
  MINIMUM         26    621 AM   6    1969  28     -2       23
  AVERAGE         28                        36     -8       35

PRECIPITATION (IN)
  TODAY            0.02          0.75 1954   0.13  -0.11     0.00
  MONTH TO DATE    1.13                      2.64  -1.51     1.41
  SINCE SEP 1      9.03                     10.01  -0.98     7.54
  SINCE JAN 1     28.06                     31.81  -3.75    24.89

DEGREE DAYS
 HEATING
  TODAY           37                        29      8       30
  MONTH TO DATE  463                       526    -63      391
  SINCE SEP 1   1072                      1250   -178     1046
  SINCE JUL 1   1083                      1322   -239     1101

 COOLING
  TODAY            0                         0      0        0
  MONTH TO DATE    0                         0      0        0
  SINCE SEP 1     52                        38     14       82
  SINCE JAN 1    566                       362    204      388
..................................................................


WIND (MPH)
  HIGHEST WIND SPEED    36   HIGHEST WIND DIRECTION     W (290)
  HIGHEST GUST SPEED    47   HIGHEST GUST DIRECTION     W (290)
  AVERAGE WIND SPEED    26.1


SKY COVER
  AVERAGE SKY COVER 1.0


WEATHER CONDITIONS
 THE FOLLOWING WEATHER WAS RECORDED TODAY.
  HEAVY SNOW
  SNOW
  LIGHT SNOW
  FOG
  FOG W/VISIBILITY <= 1/4 MILE


RELATIVE HUMIDITY (PERCENT)
 HIGHEST    84           100 AM
 LOWEST     75          1200 PM
 AVERAGE    80

..........................................................


THE WATERTOWN NY CLIMATE NORMALS FOR TOMORROW
                         NORMAL    RECORD    YEAR
 MAXIMUM TEMPERATURE (F)   44        70      1953
 MINIMUM TEMPERATURE (F)   28         4      1972


SUNRISE AND SUNSET
NOVEMBER 21 2016......SUNRISE   707 AM EST   SUNSET   432 PM EST
NOVEMBER 22 2016......SUNRISE   709 AM EST   SUNSET   432 PM EST


-  INDICATES NEGATIVE NUMBERS.
R  INDICATES RECORD WAS SET OR TIED.
MM INDICATES DATA IS MISSING.
T  INDICATES TRACE AMOUNT.




$$
