000
CDUS41 KBUF 081016
CLIART


CLIMATE REPORT
NATIONAL WEATHER SERVICE BUFFALO NY
615 AM EDT MON SEP 8 2014


...................................

...THE WATERTOWN NY CLIMATE SUMMARY FOR SEPTEMBER 7 2014...

CLIMATE NORMAL PERIOD 1981 TO 2010
CLIMATE RECORD PERIOD 1949 TO 2014


WEATHER ITEM   OBSERVED TIME   RECORD YEAR NORMAL DEPARTURE LAST
                VALUE   (LST)  VALUE       VALUE  FROM      YEAR
                                                  NORMAL
..................................................................
TEMPERATURE (F)
 YESTERDAY
  MAXIMUM         70    428 PM  95    2007  74     -4       69
  MINIMUM         48    429 AM  37    1967  51     -3       59
  AVERAGE         59                        63     -4       64

PRECIPITATION (IN)
  YESTERDAY        0.00          1.26 1999   0.11  -0.11     0.04
  MONTH TO DATE    0.46                      0.76  -0.30     0.85
  SINCE SEP 1      0.46                      0.76  -0.30     0.85
  SINCE JAN 1     32.72                     22.56  10.16    22.65

DEGREE DAYS
 HEATING
  YESTERDAY        6                         4      2        1
  MONTH TO DATE    6                        24    -18       25
  SINCE SEP 1      6                        24    -18       25
  SINCE JUL 1     56                        96    -40       68

 COOLING
  YESTERDAY        0                         2     -2        0
  MONTH TO DATE   46                        14     32       17
  SINCE SEP 1     46                        14     32       17
  SINCE JAN 1    406                       338     68      450
..................................................................


WIND (MPH)
  HIGHEST WIND SPEED    12   HIGHEST WIND DIRECTION    SW (230)
  HIGHEST GUST SPEED    16   HIGHEST GUST DIRECTION    SW (220)
  AVERAGE WIND SPEED     3.9


SKY COVER
  AVERAGE SKY COVER 0.1


WEATHER CONDITIONS
 THE FOLLOWING WEATHER WAS RECORDED YESTERDAY.
  FOG
  FOG W/VISIBILITY <= 1/4 MILE
  HAZE


RELATIVE HUMIDITY (PERCENT)
 HIGHEST    86           100 AM
 LOWEST     44           200 PM
 AVERAGE    65

..........................................................


THE WATERTOWN NY CLIMATE NORMALS FOR TODAY
                         NORMAL    RECORD    YEAR
 MAXIMUM TEMPERATURE (F)   73        88      1964
 MINIMUM TEMPERATURE (F)   51        32      1990


SUNRISE AND SUNSET
SEPTEMBER  8 2014.....SUNRISE   635 AM EDT   SUNSET   727 PM EDT
SEPTEMBER  9 2014.....SUNRISE   636 AM EDT   SUNSET   726 PM EDT


-  INDICATES NEGATIVE NUMBERS.
R  INDICATES RECORD WAS SET OR TIED.
MM INDICATES DATA IS MISSING.
T  INDICATES TRACE AMOUNT.

$$
