000
CDUS41 KBUF 301025
CLIART


CLIMATE REPORT
NATIONAL WEATHER SERVICE BUFFALO NY
524 AM EST THU NOV 30 2017


...................................

...THE WATERTOWN NY CLIMATE SUMMARY FOR NOVEMBER 29 2017...

CLIMATE NORMAL PERIOD 1981 TO 2010
CLIMATE RECORD PERIOD 1949 TO 2017


WEATHER ITEM   OBSERVED TIME   RECORD YEAR NORMAL DEPARTURE LAST
                VALUE   (LST)  VALUE       VALUE  FROM      YEAR
                                                  NORMAL
..................................................................
TEMPERATURE (F)
 YESTERDAY
  MAXIMUM         56    217 AM  68    2005  41     15       56
  MINIMUM         20   1122 PM   1    1974  25     -5       44
  AVERAGE         38                        33      5       50

PRECIPITATION (IN)
  YESTERDAY        0.00          2.97 1963   0.12  -0.12      T
  MONTH TO DATE    2.96                      3.64  -0.68     1.25
  SINCE SEP 1     16.01                     11.01   5.00     9.15
  SINCE JAN 1     46.74                     32.81  13.93    28.18

DEGREE DAYS
 HEATING
  YESTERDAY       27                        32     -5       15
  MONTH TO DATE  792                       770     22      706
  SINCE SEP 1   1256                      1494   -238     1315
  SINCE JUL 1   1326                      1566   -240     1326

 COOLING
  YESTERDAY        0                         0      0        0
  MONTH TO DATE    0                         0      0        0
  SINCE SEP 1     59                        38     21       52
  SINCE JAN 1    389                       362     27      566
..................................................................


WIND (MPH)
  HIGHEST WIND SPEED    25   HIGHEST WIND DIRECTION     W (280)
  HIGHEST GUST SPEED    34   HIGHEST GUST DIRECTION    SW (220)
  AVERAGE WIND SPEED    10.2


SKY COVER
  AVERAGE SKY COVER 0.5


WEATHER CONDITIONS
 THE FOLLOWING WEATHER WAS RECORDED YESTERDAY.
  NO SIGNIFICANT WEATHER WAS OBSERVED.


RELATIVE HUMIDITY (PERCENT)
 HIGHEST    92           700 AM
 LOWEST     45           100 PM
 AVERAGE    69

..........................................................


THE WATERTOWN NY CLIMATE NORMALS FOR TODAY
                         NORMAL    RECORD    YEAR
 MAXIMUM TEMPERATURE (F)   41        66      2006
 MINIMUM TEMPERATURE (F)   25         1      2013


SUNRISE AND SUNSET
NOVEMBER 30 2017......SUNRISE   718 AM EST   SUNSET   428 PM EST
DECEMBER  1 2017......SUNRISE   719 AM EST   SUNSET   427 PM EST


-  INDICATES NEGATIVE NUMBERS.
R  INDICATES RECORD WAS SET OR TIED.
MM INDICATES DATA IS MISSING.
T  INDICATES TRACE AMOUNT.




$$
