000
CDUS41 KBUF 080705
CLIART


CLIMATE REPORT
NATIONAL WEATHER SERVICE BUFFALO NY
305 AM EDT FRI SEP 8 2017


...................................

...THE WATERTOWN NY CLIMATE SUMMARY FOR SEPTEMBER 7 2017...

CLIMATE NORMAL PERIOD 1981 TO 2010
CLIMATE RECORD PERIOD 1949 TO 2017


WEATHER ITEM   OBSERVED TIME   RECORD YEAR NORMAL DEPARTURE LAST
                VALUE   (LST)  VALUE       VALUE  FROM      YEAR
                                                  NORMAL
..................................................................
TEMPERATURE (F)
 YESTERDAY
  MAXIMUM         66    355 PM  95    2007  74     -8       87
  MINIMUM         55   1159 PM  37    1967  51      4       52
  AVERAGE         61                        63     -2       70

PRECIPITATION (IN)
  YESTERDAY        0.09          1.26 1999   0.11  -0.02     1.01
  MONTH TO DATE    1.21                      0.76   0.45     1.01
  SINCE SEP 1      1.21                      0.76   0.45     1.01
  SINCE JAN 1     31.94                     22.56   9.38    20.04

DEGREE DAYS
 HEATING
  YESTERDAY        4                         4      0        0
  MONTH TO DATE   45                        24     21       18
  SINCE SEP 1     45                        24     21       18
  SINCE JUL 1    115                        96     19       29

 COOLING
  YESTERDAY        0                         2     -2        5
  MONTH TO DATE    0                        14    -14        8
  SINCE SEP 1      0                        14    -14        8
  SINCE JAN 1    330                       338     -8      522
..................................................................


WIND (MPH)
  HIGHEST WIND SPEED    20   HIGHEST WIND DIRECTION     W (260)
  HIGHEST GUST SPEED    29   HIGHEST GUST DIRECTION     W (270)
  AVERAGE WIND SPEED     4.6


SKY COVER
  AVERAGE SKY COVER 0.5


WEATHER CONDITIONS
 THE FOLLOWING WEATHER WAS RECORDED YESTERDAY.
  THUNDERSTORM
  HEAVY RAIN
  RAIN
  LIGHT RAIN
  FOG


RELATIVE HUMIDITY (PERCENT)
 HIGHEST   100          1200 AM
 LOWEST     63           300 PM
 AVERAGE    82

..........................................................


THE WATERTOWN NY CLIMATE NORMALS FOR TODAY
                         NORMAL    RECORD    YEAR
 MAXIMUM TEMPERATURE (F)   73        88      1964
 MINIMUM TEMPERATURE (F)   51        32      1990


SUNRISE AND SUNSET
SEPTEMBER  8 2017.....SUNRISE   636 AM EDT   SUNSET   727 PM EDT
SEPTEMBER  9 2017.....SUNRISE   637 AM EDT   SUNSET   725 PM EDT


-  INDICATES NEGATIVE NUMBERS.
R  INDICATES RECORD WAS SET OR TIED.
MM INDICATES DATA IS MISSING.
T  INDICATES TRACE AMOUNT.




$$
