000
CDUS41 KBUF 091020
CLIART


CLIMATE REPORT
NATIONAL WEATHER SERVICE BUFFALO NY
619 AM EDT TUE MAY 9 2017


...................................

...THE WATERTOWN NY CLIMATE SUMMARY FOR MAY 8 2017...

CLIMATE NORMAL PERIOD 1981 TO 2010
CLIMATE RECORD PERIOD 1949 TO 2017


WEATHER ITEM   OBSERVED TIME   RECORD YEAR NORMAL DEPARTURE LAST
                VALUE   (LST)  VALUE       VALUE  FROM      YEAR
                                                  NORMAL
..................................................................
TEMPERATURE (F)
 YESTERDAY
  MAXIMUM         43    349 PM  85    1979  64    -21       58
  MINIMUM         33    427 AM  25    1997  41     -8       37
  AVERAGE         38                        52    -14       48

PRECIPITATION (IN)
  YESTERDAY        0.06          0.95 1982   0.09  -0.03     0.07
  MONTH TO DATE    3.52                      0.74   2.78     0.95
  SINCE MAR 1      9.94                      5.94   4.00     4.74
  SINCE JAN 1     13.57                     10.82   2.75    10.55

DEGREE DAYS
 HEATING
  YESTERDAY       27                        13     14       17
  MONTH TO DATE  137                       113     24      118
  SINCE MAR 1   1832                      1815     17     1786
  SINCE JUL 1   6443                      7256   -813     6434

 COOLING
  YESTERDAY        0                         0      0        0
  MONTH TO DATE    0                         0      0        0
  SINCE MAR 1      7                         1      6        0
  SINCE JAN 1      7                         1      6        0
..................................................................


WIND (MPH)
  HIGHEST WIND SPEED    18   HIGHEST WIND DIRECTION     W (260)
  HIGHEST GUST SPEED    26   HIGHEST GUST DIRECTION     W (270)
  AVERAGE WIND SPEED     6.4


SKY COVER
  AVERAGE SKY COVER 0.9


WEATHER CONDITIONS
 THE FOLLOWING WEATHER WAS RECORDED YESTERDAY.
  LIGHT RAIN
  LIGHT SNOW
  FOG


RELATIVE HUMIDITY (PERCENT)
 HIGHEST   100          1100 PM
 LOWEST     70          1200 PM
 AVERAGE    85

..........................................................


THE WATERTOWN NY CLIMATE NORMALS FOR TODAY
                         NORMAL    RECORD    YEAR
 MAXIMUM TEMPERATURE (F)   64        87      2015
 MINIMUM TEMPERATURE (F)   41        25      1962


SUNRISE AND SUNSET
MAY  9 2017...........SUNRISE   545 AM EDT   SUNSET   817 PM EDT
MAY 10 2017...........SUNRISE   544 AM EDT   SUNSET   818 PM EDT


-  INDICATES NEGATIVE NUMBERS.
R  INDICATES RECORD WAS SET OR TIED.
MM INDICATES DATA IS MISSING.
T  INDICATES TRACE AMOUNT.




$$
