000
CDUS41 KBUF 160706
CLIART


CLIMATE REPORT
NATIONAL WEATHER SERVICE BUFFALO NY
305 AM EDT SAT APR 16 2016


...................................

...THE WATERTOWN NY CLIMATE SUMMARY FOR APRIL 15 2016...

CLIMATE NORMAL PERIOD 1981 TO 2010
CLIMATE RECORD PERIOD 1949 TO 2016


WEATHER ITEM   OBSERVED TIME   RECORD YEAR NORMAL DEPARTURE LAST
                VALUE   (LST)  VALUE       VALUE  FROM      YEAR
                                                  NORMAL
..................................................................
TEMPERATURE (F)
 YESTERDAY
  MAXIMUM         63    356 PM  85    1994  54      9       59
  MINIMUM         26    523 AM  17    1992  33     -7       27
  AVERAGE         45                        44      1       43

PRECIPITATION (IN)
  YESTERDAY        0.00          0.83 1984   0.10  -0.10     0.00
  MONTH TO DATE    0.81                      1.46  -0.65     1.14
  SINCE MAR 1      3.46                      3.76  -0.30     1.97
  SINCE JAN 1      9.27                      8.64   0.63     5.06

DEGREE DAYS
 HEATING
  YESTERDAY       20                        21     -1       22
  MONTH TO DATE  452                       364     88      332
  SINCE MAR 1   1363                      1430    -67     1513
  SINCE JUL 1   6011                      6871   -860     7033

 COOLING
  YESTERDAY        0                         0      0        0
  MONTH TO DATE    0                         0      0        0
  SINCE MAR 1      0                         0      0        0
  SINCE JAN 1      0                         0      0        0
..................................................................


WIND (MPH)
  HIGHEST WIND SPEED    14   HIGHEST WIND DIRECTION     N (360)
  HIGHEST GUST SPEED    16   HIGHEST GUST DIRECTION     N (10)
  AVERAGE WIND SPEED     6.1


SKY COVER
  AVERAGE SKY COVER 0.0


WEATHER CONDITIONS
 THE FOLLOWING WEATHER WAS RECORDED YESTERDAY.
  NO SIGNIFICANT WEATHER WAS OBSERVED.


RELATIVE HUMIDITY (PERCENT)
 HIGHEST    85           600 AM
 LOWEST     22           100 PM
 AVERAGE    54

..........................................................


THE WATERTOWN NY CLIMATE NORMALS FOR TODAY
                         NORMAL    RECORD    YEAR
 MAXIMUM TEMPERATURE (F)   55        86      2012
 MINIMUM TEMPERATURE (F)   34        22      2014


SUNRISE AND SUNSET
APRIL 16 2016.........SUNRISE   618 AM EDT   SUNSET   750 PM EDT
APRIL 17 2016.........SUNRISE   617 AM EDT   SUNSET   751 PM EDT


-  INDICATES NEGATIVE NUMBERS.
R  INDICATES RECORD WAS SET OR TIED.
MM INDICATES DATA IS MISSING.
T  INDICATES TRACE AMOUNT.




$$
