000
CDUS41 KBUF 242141
CLIART


CLIMATE REPORT
NATIONAL WEATHER SERVICE BUFFALO NY
441 PM EST THU NOV 24 2016


...................................

...THE WATERTOWN NY CLIMATE SUMMARY FOR NOVEMBER 24 2016...
VALID TODAY AS OF 0400 PM LOCAL TIME.

CLIMATE NORMAL PERIOD 1981 TO 2010
CLIMATE RECORD PERIOD 1949 TO 2016


WEATHER ITEM   OBSERVED TIME   RECORD YEAR NORMAL DEPARTURE LAST
                VALUE   (LST)  VALUE       VALUE  FROM      YEAR
                                                  NORMAL
..................................................................
TEMPERATURE (F)
 TODAY
  MAXIMUM         40   1245 PM  71    2014  43     -3       35
  MINIMUM         28    518 AM  -2    2000  27      1       29
  AVERAGE         34                        35     -1       32

PRECIPITATION (IN)
  TODAY            0.03          1.36 2004   0.12  -0.09     0.18
  MONTH TO DATE    1.16                      3.02  -1.86     1.66
  SINCE SEP 1      9.06                     10.39  -1.33     7.79
  SINCE JAN 1     28.09                     32.19  -4.10    25.14

DEGREE DAYS
 HEATING
  TODAY           31                        30      1       33
  MONTH TO DATE  570                       614    -44      491
  SINCE SEP 1   1179                      1338   -159     1146
  SINCE JUL 1   1190                      1410   -220     1201

 COOLING
  TODAY            0                         0      0        0
  MONTH TO DATE    0                         0      0        0
  SINCE SEP 1     52                        38     14       82
  SINCE JAN 1    566                       362    204      388
..................................................................


WIND (MPH)
  HIGHEST WIND SPEED    12   HIGHEST WIND DIRECTION    NE (50)
  HIGHEST GUST SPEED    14   HIGHEST GUST DIRECTION    NE (60)
  AVERAGE WIND SPEED     3.7


SKY COVER
  AVERAGE SKY COVER 1.0


WEATHER CONDITIONS
 THE FOLLOWING WEATHER WAS RECORDED TODAY.
  LIGHT RAIN
  LT FREEZING RAIN
  LIGHT SNOW
  FOG


RELATIVE HUMIDITY (PERCENT)
 HIGHEST   100           400 PM
 LOWEST     59          1200 PM
 AVERAGE    80

..........................................................


THE WATERTOWN NY CLIMATE NORMALS FOR TOMORROW
                         NORMAL    RECORD    YEAR
 MAXIMUM TEMPERATURE (F)   43        64      2001
 MINIMUM TEMPERATURE (F)   27         7      2013


SUNRISE AND SUNSET
NOVEMBER 24 2016......SUNRISE   711 AM EST   SUNSET   430 PM EST
NOVEMBER 25 2016......SUNRISE   712 AM EST   SUNSET   430 PM EST


-  INDICATES NEGATIVE NUMBERS.
R  INDICATES RECORD WAS SET OR TIED.
MM INDICATES DATA IS MISSING.
T  INDICATES TRACE AMOUNT.




$$
