000
CDUS41 KBUF 101024
CLIART


CLIMATE REPORT
NATIONAL WEATHER SERVICE BUFFALO NY
622 AM EDT THU AUG 10 2017


...................................

...THE WATERTOWN NY CLIMATE SUMMARY FOR AUGUST 9 2017...

CLIMATE NORMAL PERIOD 1981 TO 2010
CLIMATE RECORD PERIOD 1949 TO 2017


WEATHER ITEM   OBSERVED TIME   RECORD YEAR NORMAL DEPARTURE LAST
                VALUE   (LST)  VALUE       VALUE  FROM      YEAR
                                                  NORMAL
..................................................................
TEMPERATURE (F)
 YESTERDAY
  MAXIMUM         77    428 PM  95    1966  79     -2       90
  MINIMUM         60    433 AM  44    1999  58      2       50
  AVERAGE         69                        68      1       70

PRECIPITATION (IN)
  YESTERDAY        0.00          3.14 2011   0.10  -0.10     0.00
  MONTH TO DATE    1.23                      0.90   0.33     0.53
  SINCE JUN 1     12.19                      6.40   5.79     4.53
  SINCE JAN 1     27.86                     19.55   8.31    15.53

DEGREE DAYS
 HEATING
  YESTERDAY        0                         1     -1        0
  MONTH TO DATE    4                         9     -5        0
  SINCE JUN 1    117                       142    -25      103
  SINCE JUL 1     15                        35    -20        5

 COOLING
  YESTERDAY        4                         4      0        5
  MONTH TO DATE   38                        39     -1       73
  SINCE JUN 1    242                       240      2      322
  SINCE JAN 1    261                       251     10      352
..................................................................


WIND (MPH)
  HIGHEST WIND SPEED    14   HIGHEST WIND DIRECTION     W (260)
  HIGHEST GUST SPEED    16   HIGHEST GUST DIRECTION     W (260)
  AVERAGE WIND SPEED     5.9


SKY COVER
  AVERAGE SKY COVER 0.3


WEATHER CONDITIONS
 THE FOLLOWING WEATHER WAS RECORDED YESTERDAY.
  FOG


RELATIVE HUMIDITY (PERCENT)
 HIGHEST    97           400 AM
 LOWEST     60           500 PM
 AVERAGE    79

..........................................................


THE WATERTOWN NY CLIMATE NORMALS FOR TODAY
                         NORMAL    RECORD    YEAR
 MAXIMUM TEMPERATURE (F)   79        94      1970
 MINIMUM TEMPERATURE (F)   57        43      1983


SUNRISE AND SUNSET
AUGUST 10 2017........SUNRISE   603 AM EDT   SUNSET   815 PM EDT
AUGUST 11 2017........SUNRISE   604 AM EDT   SUNSET   814 PM EDT


-  INDICATES NEGATIVE NUMBERS.
R  INDICATES RECORD WAS SET OR TIED.
MM INDICATES DATA IS MISSING.
T  INDICATES TRACE AMOUNT.




$$
