000
CDUS41 KBUF 020705
CLIART


CLIMATE REPORT
NATIONAL WEATHER SERVICE BUFFALO NY
305 AM EDT MON OCT 2 2017


...................................

...THE WATERTOWN NY CLIMATE SUMMARY FOR OCTOBER 1 2017...

CLIMATE NORMAL PERIOD 1981 TO 2010
CLIMATE RECORD PERIOD 1949 TO 2017


WEATHER ITEM   OBSERVED TIME   RECORD YEAR NORMAL DEPARTURE LAST
                VALUE   (LST)  VALUE       VALUE  FROM      YEAR
                                                  NORMAL
..................................................................
TEMPERATURE (F)
 YESTERDAY
  MAXIMUM         61    257 PM  80    2002  64     -3       66
  MINIMUM         33    526 AM  26    1992  43    -10       52
  AVERAGE         47                        54     -7       59

PRECIPITATION (IN)
  YESTERDAY        0.00          1.10 2008   0.12  -0.12     0.22
  MONTH TO DATE    0.00                      0.12  -0.12     0.22
  SINCE SEP 1      1.29                      3.84  -2.55     2.67
  SINCE JAN 1     32.02                     25.64   6.38    21.70

DEGREE DAYS
 HEATING
  YESTERDAY       18                        12      6        6
  MONTH TO DATE   18                        12      6        6
  SINCE SEP 1    165                       214    -49      150
  SINCE JUL 1    235                       286    -51      161

 COOLING
  YESTERDAY        0                         0      0        0
  MONTH TO DATE    0                         0      0        0
  SINCE SEP 1     53                        35     18       47
  SINCE JAN 1    383                       359     24      561
..................................................................


WIND (MPH)
  HIGHEST WIND SPEED    15   HIGHEST WIND DIRECTION     W (260)
  HIGHEST GUST SPEED    19   HIGHEST GUST DIRECTION     W (260)
  AVERAGE WIND SPEED     4.3


SKY COVER
  AVERAGE SKY COVER 0.1


WEATHER CONDITIONS
 THE FOLLOWING WEATHER WAS RECORDED YESTERDAY.
  FOG
  HAZE


RELATIVE HUMIDITY (PERCENT)
 HIGHEST   100          1200 AM
 LOWEST     49           300 PM
 AVERAGE    75

..........................................................


THE WATERTOWN NY CLIMATE NORMALS FOR TODAY
                         NORMAL    RECORD    YEAR
 MAXIMUM TEMPERATURE (F)   64        81      1968
 MINIMUM TEMPERATURE (F)   43        24      1997


SUNRISE AND SUNSET
OCTOBER  2 2017.......SUNRISE   703 AM EDT   SUNSET   643 PM EDT
OCTOBER  3 2017.......SUNRISE   704 AM EDT   SUNSET   641 PM EDT


-  INDICATES NEGATIVE NUMBERS.
R  INDICATES RECORD WAS SET OR TIED.
MM INDICATES DATA IS MISSING.
T  INDICATES TRACE AMOUNT.




$$
