000
CDUS41 KBUF 132026
CLIART


CLIMATE REPORT
NATIONAL WEATHER SERVICE BUFFALO NY
425 PM EDT WED APR 13 2016


...................................

...THE WATERTOWN NY CLIMATE SUMMARY FOR APRIL 13 2016...
VALID TODAY AS OF 0400 PM LOCAL TIME.

CLIMATE NORMAL PERIOD 1981 TO 2010
CLIMATE RECORD PERIOD 1949 TO 2016


WEATHER ITEM   OBSERVED TIME   RECORD YEAR NORMAL DEPARTURE LAST
                VALUE   (LST)  VALUE       VALUE  FROM      YEAR
                                                  NORMAL
..................................................................
TEMPERATURE (F)
 TODAY
  MAXIMUM         46    259 PM  81    2015  54     -8       81
  MINIMUM         23    543 AM  17    2009  32     -9       32
  AVERAGE         35                        43     -8       57

PRECIPITATION (IN)
  TODAY            0.00          1.53 2002   0.10  -0.10     0.16
  MONTH TO DATE    0.81                      1.26  -0.45     1.14
  SINCE MAR 1      3.46                      3.56  -0.10     1.97
  SINCE JAN 1      9.27                      8.44   0.83     5.06

DEGREE DAYS
 HEATING
  TODAY           30                        22      8        8
  MONTH TO DATE  405                       321     84      292
  SINCE MAR 1   1316                      1387    -71     1473
  SINCE JUL 1   5964                      6828   -864     6993

 COOLING
  TODAY            0                         0      0        0
  MONTH TO DATE    0                         0      0        0
  SINCE MAR 1      0                         0      0        0
  SINCE JAN 1      0                         0      0        0
..................................................................


WIND (MPH)
  HIGHEST WIND SPEED    15   HIGHEST WIND DIRECTION    NE (30)
  HIGHEST GUST SPEED    22   HIGHEST GUST DIRECTION    NE (30)
  AVERAGE WIND SPEED     6.5


SKY COVER
  AVERAGE SKY COVER 0.3


WEATHER CONDITIONS
 THE FOLLOWING WEATHER WAS RECORDED TODAY.
  NO SIGNIFICANT WEATHER WAS OBSERVED.


RELATIVE HUMIDITY (PERCENT)
 HIGHEST    88           600 AM
 LOWEST     37           200 PM
 AVERAGE    63

..........................................................


THE WATERTOWN NY CLIMATE NORMALS FOR TOMORROW
                         NORMAL    RECORD    YEAR
 MAXIMUM TEMPERATURE (F)   54        87      1968
 MINIMUM TEMPERATURE (F)   33        18      1973


SUNRISE AND SUNSET
APRIL 13 2016.........SUNRISE   623 AM EDT   SUNSET   746 PM EDT
APRIL 14 2016.........SUNRISE   622 AM EDT   SUNSET   747 PM EDT


-  INDICATES NEGATIVE NUMBERS.
R  INDICATES RECORD WAS SET OR TIED.
MM INDICATES DATA IS MISSING.
T  INDICATES TRACE AMOUNT.

$$
