000
CDUS41 KBUF 131023
CLIART


CLIMATE REPORT
NATIONAL WEATHER SERVICE BUFFALO NY
620 AM EDT THU APR 13 2017


...................................

...THE WATERTOWN NY CLIMATE SUMMARY FOR APRIL 12 2017...

CLIMATE NORMAL PERIOD 1981 TO 2010
CLIMATE RECORD PERIOD 1949 TO 2017


WEATHER ITEM   OBSERVED TIME   RECORD YEAR NORMAL DEPARTURE LAST
                VALUE   (LST)  VALUE       VALUE  FROM      YEAR
                                                  NORMAL
..................................................................
TEMPERATURE (F)
 YESTERDAY
  MAXIMUM         60   1239 AM  73    2006  53      7       51
  MINIMUM         39   1103 PM  17    1985  32      7       34
  AVERAGE         50                        42      8       43

PRECIPITATION (IN)
  YESTERDAY        T             1.10 2013   0.10  -0.10     0.08
  MONTH TO DATE    2.77                      1.16   1.61     0.81
  SINCE MAR 1      5.12                      3.46   1.66     3.46
  SINCE JAN 1      8.75                      8.34   0.41     9.27

DEGREE DAYS
 HEATING
  YESTERDAY       15                        22     -7       22
  MONTH TO DATE  229                       299    -70      375
  SINCE MAR 1   1403                      1365     38     1286
  SINCE JUL 1   6014                      6806   -792     5934

 COOLING
  YESTERDAY        0                         0      0        0
  MONTH TO DATE    4                         0      4        0
  SINCE MAR 1      4                         0      4        0
  SINCE JAN 1      4                         0      4        0
..................................................................


WIND (MPH)
  HIGHEST WIND SPEED    25   HIGHEST WIND DIRECTION    SW (230)
  HIGHEST GUST SPEED    35   HIGHEST GUST DIRECTION    SW (230)
  AVERAGE WIND SPEED    13.2


SKY COVER
  AVERAGE SKY COVER 0.8


WEATHER CONDITIONS
 THE FOLLOWING WEATHER WAS RECORDED YESTERDAY.
  LIGHT RAIN
  FOG


RELATIVE HUMIDITY (PERCENT)
 HIGHEST   100           200 AM
 LOWEST     61          1200 PM
 AVERAGE    81

..........................................................


THE WATERTOWN NY CLIMATE NORMALS FOR TODAY
                         NORMAL    RECORD    YEAR
 MAXIMUM TEMPERATURE (F)   54        81      2015
 MINIMUM TEMPERATURE (F)   32        17      2009


SUNRISE AND SUNSET
APRIL 13 2017.........SUNRISE   624 AM EDT   SUNSET   746 PM EDT
APRIL 14 2017.........SUNRISE   622 AM EDT   SUNSET   747 PM EDT


-  INDICATES NEGATIVE NUMBERS.
R  INDICATES RECORD WAS SET OR TIED.
MM INDICATES DATA IS MISSING.
T  INDICATES TRACE AMOUNT.




$$
