000
CDUS41 KBUF 261019
CLIART


CLIMATE REPORT
NATIONAL WEATHER SERVICE BUFFALO NY
518 AM EST SUN NOV 26 2017


...................................

...THE WATERTOWN NY CLIMATE SUMMARY FOR NOVEMBER 25 2017...

CLIMATE NORMAL PERIOD 1981 TO 2010
CLIMATE RECORD PERIOD 1949 TO 2017


WEATHER ITEM   OBSERVED TIME   RECORD YEAR NORMAL DEPARTURE LAST
                VALUE   (LST)  VALUE       VALUE  FROM      YEAR
                                                  NORMAL
..................................................................
TEMPERATURE (F)
 YESTERDAY
  MAXIMUM         51    840 AM  64    2001  43      8       42
  MINIMUM         37   1114 PM   7    2013  27     10       34
  AVERAGE         44                        35      9       38

PRECIPITATION (IN)
  YESTERDAY        0.07          1.02 1987   0.12  -0.05     0.09
  MONTH TO DATE    2.94                      3.14  -0.20     1.25
  SINCE SEP 1     15.99                     10.51   5.48     9.15
  SINCE JAN 1     46.72                     32.31  14.41    28.18

DEGREE DAYS
 HEATING
  YESTERDAY       21                        30     -9       27
  MONTH TO DATE  670                       644     26      597
  SINCE SEP 1   1134                      1368   -234     1206
  SINCE JUL 1   1204                      1440   -236     1217

 COOLING
  YESTERDAY        0                         0      0        0
  MONTH TO DATE    0                         0      0        0
  SINCE SEP 1     59                        38     21       52
  SINCE JAN 1    389                       362     27      566
..................................................................


WIND (MPH)
  HIGHEST WIND SPEED    20   HIGHEST WIND DIRECTION    SW (210)
  HIGHEST GUST SPEED    31   HIGHEST GUST DIRECTION    SE (150)
  AVERAGE WIND SPEED     9.2


SKY COVER
  AVERAGE SKY COVER 0.6


WEATHER CONDITIONS
 THE FOLLOWING WEATHER WAS RECORDED YESTERDAY.
  LIGHT RAIN
  FOG


RELATIVE HUMIDITY (PERCENT)
 HIGHEST   100           500 PM
 LOWEST     42          1200 AM
 AVERAGE    71

..........................................................


THE WATERTOWN NY CLIMATE NORMALS FOR TODAY
                         NORMAL    RECORD    YEAR
 MAXIMUM TEMPERATURE (F)   43        65      1979
 MINIMUM TEMPERATURE (F)   26         2      1949


SUNRISE AND SUNSET
NOVEMBER 26 2017......SUNRISE   713 AM EST   SUNSET   429 PM EST
NOVEMBER 27 2017......SUNRISE   714 AM EST   SUNSET   429 PM EST


-  INDICATES NEGATIVE NUMBERS.
R  INDICATES RECORD WAS SET OR TIED.
MM INDICATES DATA IS MISSING.
T  INDICATES TRACE AMOUNT.




$$
