000
CDUS41 KBUF 251002
CLIART


CLIMATE REPORT
NATIONAL WEATHER SERVICE BUFFALO NY
500 AM EST SUN JAN 25 2015


...................................

...THE WATERTOWN NY CLIMATE SUMMARY FOR JANUARY 24 2015...

CLIMATE NORMAL PERIOD 1981 TO 2010
CLIMATE RECORD PERIOD 1949 TO 2015


WEATHER ITEM   OBSERVED TIME   RECORD YEAR NORMAL DEPARTURE LAST
                VALUE   (LST)  VALUE       VALUE  FROM      YEAR
                                                  NORMAL
..................................................................
TEMPERATURE (F)
 YESTERDAY
  MAXIMUM         34   1159 PM  56    1999  29      5       19
  MINIMUM         26    426 AM -30    2014   8     18      -30
                                      2011
                                      1970
  AVERAGE         30                        19     11       -5

PRECIPITATION (IN)
  YESTERDAY        0.02          0.90 1982   0.08  -0.06      T
  MONTH TO DATE    1.80                      2.11  -0.31     3.05
  SINCE DEC 1      3.52                      5.26  -1.74     5.46
  SINCE JAN 1      1.80                      2.11  -0.31     3.05

DEGREE DAYS
 HEATING
  YESTERDAY       35                        46    -11       70
  MONTH TO DATE 1148                      1089     59     1151
  SINCE DEC 1   2136                      2286   -150     2413
  SINCE JUL 1   3489                      3885   -396     3988

 COOLING
  YESTERDAY        0                         0      0        0
  MONTH TO DATE    0                         0      0        0
  SINCE DEC 1      0                         0      0        0
  SINCE JAN 1      0                         0      0        0
..................................................................


WIND (MPH)
  HIGHEST WIND SPEED    16   HIGHEST WIND DIRECTION     W (260)
  HIGHEST GUST SPEED    22   HIGHEST GUST DIRECTION     W (260)
  AVERAGE WIND SPEED     7.9


SKY COVER
  AVERAGE SKY COVER 0.9


WEATHER CONDITIONS
 THE FOLLOWING WEATHER WAS RECORDED YESTERDAY.
  LT FREEZING RAIN
  LIGHT SNOW
  FOG
  HAZE


RELATIVE HUMIDITY (PERCENT)
 HIGHEST    92           600 PM
 LOWEST     63          1200 AM
 AVERAGE    78

..........................................................


THE WATERTOWN NY CLIMATE NORMALS FOR TODAY
                         NORMAL    RECORD    YEAR
 MAXIMUM TEMPERATURE (F)   29        65      1967
 MINIMUM TEMPERATURE (F)    8       -18      2007


SUNRISE AND SUNSET
JANUARY 25 2015.......SUNRISE   729 AM EST   SUNSET   505 PM EST
JANUARY 26 2015.......SUNRISE   728 AM EST   SUNSET   506 PM EST


-  INDICATES NEGATIVE NUMBERS.
R  INDICATES RECORD WAS SET OR TIED.
MM INDICATES DATA IS MISSING.
T  INDICATES TRACE AMOUNT.




$$
