000
CDUS41 KBUF 100705
CLIART


CLIMATE REPORT
NATIONAL WEATHER SERVICE BUFFALO NY
305 AM EDT TUE MAY 10 2016


...................................

...THE WATERTOWN NY CLIMATE SUMMARY FOR MAY 9 2016...

CLIMATE NORMAL PERIOD 1981 TO 2010
CLIMATE RECORD PERIOD 1949 TO 2016


WEATHER ITEM   OBSERVED TIME   RECORD YEAR NORMAL DEPARTURE LAST
                VALUE   (LST)  VALUE       VALUE  FROM      YEAR
                                                  NORMAL
..................................................................
TEMPERATURE (F)
 YESTERDAY
  MAXIMUM         51    448 PM  87    2015  64    -13       87
  MINIMUM         30    518 AM  25    1962  41    -11       57
  AVERAGE         41                        52    -11       72

PRECIPITATION (IN)
  YESTERDAY        T             1.89 1992   0.09  -0.09     0.00
  MONTH TO DATE    0.95                      0.83   0.12     0.06
  SINCE MAR 1      4.74                      6.03  -1.29     2.58
  SINCE JAN 1     10.55                     10.91  -0.36     5.67

DEGREE DAYS
 HEATING
  YESTERDAY       24                        13     11        0
  MONTH TO DATE  142                       126     16       55
  SINCE MAR 1   1810                      1828    -18     1863
  SINCE JUL 1   6458                      7269   -811     7383

 COOLING
  YESTERDAY        0                         0      0        7
  MONTH TO DATE    0                         0      0        9
  SINCE MAR 1      0                         1     -1        9
  SINCE JAN 1      0                         1     -1        9
..................................................................


WIND (MPH)
  HIGHEST WIND SPEED    21   HIGHEST WIND DIRECTION    SW (240)
  HIGHEST GUST SPEED    30   HIGHEST GUST DIRECTION     W (260)
  AVERAGE WIND SPEED     8.5


SKY COVER
  AVERAGE SKY COVER 0.2


WEATHER CONDITIONS
 THE FOLLOWING WEATHER WAS RECORDED YESTERDAY.
  LIGHT RAIN
  FOG
  FOG W/VISIBILITY <= 1/4 MILE


RELATIVE HUMIDITY (PERCENT)
 HIGHEST   100           400 AM
 LOWEST     42           300 PM
 AVERAGE    71

..........................................................


THE WATERTOWN NY CLIMATE NORMALS FOR TODAY
                         NORMAL    RECORD    YEAR
 MAXIMUM TEMPERATURE (F)   64        84      2005
 MINIMUM TEMPERATURE (F)   42        25      1966


SUNRISE AND SUNSET
MAY 10 2016...........SUNRISE   543 AM EDT   SUNSET   818 PM EDT
MAY 11 2016...........SUNRISE   542 AM EDT   SUNSET   820 PM EDT


-  INDICATES NEGATIVE NUMBERS.
R  INDICATES RECORD WAS SET OR TIED.
MM INDICATES DATA IS MISSING.
T  INDICATES TRACE AMOUNT.




$$
