000
CDUS41 KBUF 121031
CLIART


CLIMATE REPORT
NATIONAL WEATHER SERVICE BUFFALO NY
628 AM EDT WED JUL 12 2017


...................................

...THE WATERTOWN NY CLIMATE SUMMARY FOR JULY 11 2017...

CLIMATE NORMAL PERIOD 1981 TO 2010
CLIMATE RECORD PERIOD 1949 TO 2017


WEATHER ITEM   OBSERVED TIME   RECORD YEAR NORMAL DEPARTURE LAST
                VALUE   (LST)  VALUE       VALUE  FROM      YEAR
                                                  NORMAL
..................................................................
TEMPERATURE (F)
 YESTERDAY
  MAXIMUM         79    233 PM  90    2011  79      0       80
  MINIMUM         62   1159 PM  41    2002  58      4       48
  AVERAGE         71                        69      2       64

PRECIPITATION (IN)
  YESTERDAY        T             0.75 1970   0.08  -0.08     0.00
  MONTH TO DATE    1.16                      0.91   0.25     0.32
  SINCE JUN 1      7.34                      3.76   3.58     3.92
  SINCE JAN 1     23.01                     16.91   6.10    14.92

DEGREE DAYS
 HEATING
  YESTERDAY        0                         1     -1        1
  MONTH TO DATE    0                        12    -12        4
  SINCE JUN 1    102                       119    -17      102
  SINCE JUL 1      0                        12    -12        4

 COOLING
  YESTERDAY        6                         4      2        0
  MONTH TO DATE   45                        44      1       46
  SINCE JUN 1    125                       106     19       93
  SINCE JAN 1    144                       117     27      123
..................................................................


WIND (MPH)
  HIGHEST WIND SPEED    17   HIGHEST WIND DIRECTION     W (260)
  HIGHEST GUST SPEED    20   HIGHEST GUST DIRECTION     W (260)
  AVERAGE WIND SPEED     5.9


SKY COVER
  AVERAGE SKY COVER 0.3


WEATHER CONDITIONS
 THE FOLLOWING WEATHER WAS RECORDED YESTERDAY.
  FOG


RELATIVE HUMIDITY (PERCENT)
 HIGHEST   100          1000 PM
 LOWEST     67           300 PM
 AVERAGE    84

..........................................................


THE WATERTOWN NY CLIMATE NORMALS FOR TODAY
                         NORMAL    RECORD    YEAR
 MAXIMUM TEMPERATURE (F)   79        91      1966
 MINIMUM TEMPERATURE (F)   58        41      1973


SUNRISE AND SUNSET
JULY 12 2017..........SUNRISE   533 AM EDT   SUNSET   846 PM EDT
JULY 13 2017..........SUNRISE   534 AM EDT   SUNSET   846 PM EDT


-  INDICATES NEGATIVE NUMBERS.
R  INDICATES RECORD WAS SET OR TIED.
MM INDICATES DATA IS MISSING.
T  INDICATES TRACE AMOUNT.




$$
