000
CDUS41 KBUF 062129
CLIART


CLIMATE REPORT
NATIONAL WEATHER SERVICE BUFFALO NY
429 PM EST MON FEB 6 2017


...................................

...THE WATERTOWN NY CLIMATE SUMMARY FOR FEBRUARY 6 2017...
VALID TODAY AS OF 0400 PM LOCAL TIME.

CLIMATE NORMAL PERIOD 1981 TO 2010
CLIMATE RECORD PERIOD 1949 TO 2017


WEATHER ITEM   OBSERVED TIME   RECORD YEAR NORMAL DEPARTURE LAST
                VALUE   (LST)  VALUE       VALUE  FROM      YEAR
                                                  NORMAL
..................................................................
TEMPERATURE (F)
 TODAY
  MAXIMUM         25    359 PM  52    2005  30     -5       36
  MINIMUM         13    352 AM -22    2015   9      4       27
  AVERAGE         19                        19      0       32

PRECIPITATION (IN)
  TODAY            T             0.48 1988   0.08  -0.08     0.02
  MONTH TO DATE    0.10                      0.47  -0.37     0.60
  SINCE DEC 1      4.07                      6.28  -2.21     4.56
  SINCE JAN 1      1.88                      3.13  -1.25     2.12

DEGREE DAYS
 HEATING
  TODAY           46                        46      0       33
  MONTH TO DATE  243                       276    -33      178
  SINCE DEC 1   2532                      2888   -356     2245
  SINCE JUL 1   3874                      4487   -613     3612

 COOLING
  TODAY            0                         0      0        0
  MONTH TO DATE    0                         0      0        0
  SINCE DEC 1      0                         0      0        0
  SINCE JAN 1      0                         0      0        0
..................................................................


WIND (MPH)
  HIGHEST WIND SPEED    16   HIGHEST WIND DIRECTION    NW (320)
  HIGHEST GUST SPEED    19   HIGHEST GUST DIRECTION    NW (300)
  AVERAGE WIND SPEED     5.1


SKY COVER
  AVERAGE SKY COVER 0.7


WEATHER CONDITIONS
 THE FOLLOWING WEATHER WAS RECORDED TODAY.
  LIGHT SNOW
  HAZE


RELATIVE HUMIDITY (PERCENT)
 HIGHEST    81          1200 AM
 LOWEST     57          1200 PM
 AVERAGE    69

..........................................................


THE WATERTOWN NY CLIMATE NORMALS FOR TOMORROW
                         NORMAL    RECORD    YEAR
 MAXIMUM TEMPERATURE (F)   30        50      1965
 MINIMUM TEMPERATURE (F)    9       -28      1993


SUNRISE AND SUNSET
FEBRUARY  6 2017......SUNRISE   715 AM EST   SUNSET   522 PM EST
FEBRUARY  7 2017......SUNRISE   714 AM EST   SUNSET   523 PM EST


-  INDICATES NEGATIVE NUMBERS.
R  INDICATES RECORD WAS SET OR TIED.
MM INDICATES DATA IS MISSING.
T  INDICATES TRACE AMOUNT.




$$
