000
CDUS41 KBUF 071024
CLIART


CLIMATE REPORT
NATIONAL WEATHER SERVICE BUFFALO NY
622 AM EDT THU SEP 7 2017


...................................

...THE WATERTOWN NY CLIMATE SUMMARY FOR SEPTEMBER 6 2017...

CLIMATE NORMAL PERIOD 1981 TO 2010
CLIMATE RECORD PERIOD 1949 TO 2017


WEATHER ITEM   OBSERVED TIME   RECORD YEAR NORMAL DEPARTURE LAST
                VALUE   (LST)  VALUE       VALUE  FROM      YEAR
                                                  NORMAL
..................................................................
TEMPERATURE (F)
 YESTERDAY
  MAXIMUM         67   1127 AM  92    1971  74     -7       83
  MINIMUM         52    204 AM  32    2000  52      0       50
  AVERAGE         60                        63     -3       67

PRECIPITATION (IN)
  YESTERDAY        T             0.97 1979   0.11  -0.11     0.00
  MONTH TO DATE    1.12                      0.65   0.47     0.00
  SINCE SEP 1      1.12                      0.65   0.47     0.00
  SINCE JAN 1     31.85                     22.45   9.40    19.03

DEGREE DAYS
 HEATING
  YESTERDAY        5                         4      1        0
  MONTH TO DATE   41                        20     21       18
  SINCE SEP 1     41                        20     21       18
  SINCE JUL 1    111                        92     19       29

 COOLING
  YESTERDAY        0                         2     -2        2
  MONTH TO DATE    0                        12    -12        3
  SINCE SEP 1      0                        12    -12        3
  SINCE JAN 1    330                       336     -6      517
..................................................................


WIND (MPH)
  HIGHEST WIND SPEED    12   HIGHEST WIND DIRECTION    SW (230)
  HIGHEST GUST SPEED    16   HIGHEST GUST DIRECTION    SW (230)
  AVERAGE WIND SPEED     2.2


SKY COVER
  AVERAGE SKY COVER 0.6


WEATHER CONDITIONS
 THE FOLLOWING WEATHER WAS RECORDED YESTERDAY.
  FOG
  HAZE


RELATIVE HUMIDITY (PERCENT)
 HIGHEST   100          1200 AM
 LOWEST     78          1100 AM
 AVERAGE    89

..........................................................


THE WATERTOWN NY CLIMATE NORMALS FOR TODAY
                         NORMAL    RECORD    YEAR
 MAXIMUM TEMPERATURE (F)   74        95      2007
 MINIMUM TEMPERATURE (F)   51        37      1967


SUNRISE AND SUNSET
SEPTEMBER  7 2017.....SUNRISE   634 AM EDT   SUNSET   729 PM EDT
SEPTEMBER  8 2017.....SUNRISE   636 AM EDT   SUNSET   727 PM EDT


-  INDICATES NEGATIVE NUMBERS.
R  INDICATES RECORD WAS SET OR TIED.
MM INDICATES DATA IS MISSING.
T  INDICATES TRACE AMOUNT.




$$
