000
CDUS41 KBUF 091028
CLIART


CLIMATE REPORT
NATIONAL WEATHER SERVICE BUFFALO NY
527 AM EST TUE JAN 9 2018


...................................

...THE WATERTOWN NY CLIMATE SUMMARY FOR JANUARY 8 2018...

CLIMATE NORMAL PERIOD 1981 TO 2010
CLIMATE RECORD PERIOD 1949 TO 2018


WEATHER ITEM   OBSERVED TIME   RECORD YEAR NORMAL DEPARTURE LAST
                VALUE   (LST)  VALUE       VALUE  FROM      YEAR
                                                  NORMAL
..................................................................
TEMPERATURE (F)
 YESTERDAY
  MAXIMUM         36   1035 PM  65    2008  30      6       15
  MINIMUM         24    240 AM -34    1968  10     14      -17
  AVERAGE         30                        20     10       -1

PRECIPITATION (IN)
  YESTERDAY        0.09          2.28 1998   0.09   0.00      T
  MONTH TO DATE    0.26                      0.75  -0.49     0.86
  SINCE DEC 1      2.05                      3.90  -1.85     3.05
  SINCE JAN 1      0.26                      0.75  -0.49     0.86

DEGREE DAYS
 HEATING
  YESTERDAY       35                        45    -10       66
  MONTH TO DATE  410                       356     54      350
  SINCE DEC 1   1821                      1553    268     1467
  SINCE JUL 1   3180                      3152     28     2809

 COOLING
  YESTERDAY        0                         0      0        0
  MONTH TO DATE    0                         0      0        0
  SINCE DEC 1      0                         0      0        0
  SINCE JAN 1      0                         0      0        0
..................................................................


WIND (MPH)
  HIGHEST WIND SPEED    23   HIGHEST WIND DIRECTION    SW (230)
  HIGHEST GUST SPEED    34   HIGHEST GUST DIRECTION     S (200)
  AVERAGE WIND SPEED    13.7


SKY COVER
  AVERAGE SKY COVER 1.0


WEATHER CONDITIONS
 THE FOLLOWING WEATHER WAS RECORDED YESTERDAY.
  LIGHT RAIN
  SNOW
  LIGHT SNOW
  FOG
  FOG W/VISIBILITY <= 1/4 MILE
  HAZE


RELATIVE HUMIDITY (PERCENT)
 HIGHEST    92           700 AM
 LOWEST     53           500 AM
 AVERAGE    73

..........................................................


THE WATERTOWN NY CLIMATE NORMALS FOR TODAY
                         NORMAL    RECORD    YEAR
 MAXIMUM TEMPERATURE (F)   30        62      2008
 MINIMUM TEMPERATURE (F)   10       -36      1968


SUNRISE AND SUNSET
JANUARY  9 2018.......SUNRISE   738 AM EST   SUNSET   445 PM EST
JANUARY 10 2018.......SUNRISE   738 AM EST   SUNSET   446 PM EST


-  INDICATES NEGATIVE NUMBERS.
R  INDICATES RECORD WAS SET OR TIED.
MM INDICATES DATA IS MISSING.
T  INDICATES TRACE AMOUNT.

$$
