958
CDUS41 KBUF 111010
CLIART


CLIMATE REPORT
NATIONAL WEATHER SERVICE BUFFALO NY
509 AM EST SAT NOV 11 2017


...................................

...THE WATERTOWN NY CLIMATE SUMMARY FOR NOVEMBER 10 2017...

CLIMATE NORMAL PERIOD 1981 TO 2010
CLIMATE RECORD PERIOD 1949 TO 2017


WEATHER ITEM   OBSERVED TIME   RECORD YEAR NORMAL DEPARTURE LAST
                VALUE   (LST)  VALUE       VALUE  FROM      YEAR
                                                  NORMAL
..................................................................
TEMPERATURE (F)
 YESTERDAY
  MAXIMUM         35   1255 AM  70    1966  49    -14       55
  MINIMUM         16   1107 PM  14    1991  32    -16       24
  AVERAGE         26                        40    -14       40

PRECIPITATION (IN)
  YESTERDAY        T             0.96 1999   0.12  -0.12     0.00
  MONTH TO DATE    1.69                      1.23   0.46     0.66
  SINCE SEP 1     14.74                      8.60   6.14     8.56
  SINCE JAN 1     45.47                     30.40  15.07    27.59

DEGREE DAYS
 HEATING
  YESTERDAY       39                        25     14       25
  MONTH TO DATE  230                       232     -2      206
  SINCE SEP 1    694                       956   -262      815
  SINCE JUL 1    764                      1028   -264      826

 COOLING
  YESTERDAY        0                         0      0        0
  MONTH TO DATE    0                         0      0        0
  SINCE SEP 1     59                        38     21       52
  SINCE JAN 1    389                       362     27      566
..................................................................


WIND (MPH)
  HIGHEST WIND SPEED    29   HIGHEST WIND DIRECTION     W (290)
  HIGHEST GUST SPEED    37   HIGHEST GUST DIRECTION    NW (300)
  AVERAGE WIND SPEED    14.0


SKY COVER
  AVERAGE SKY COVER 0.3


WEATHER CONDITIONS
 THE FOLLOWING WEATHER WAS RECORDED YESTERDAY.
  LIGHT SNOW
  FOG


RELATIVE HUMIDITY (PERCENT)
 HIGHEST    80          1100 PM
 LOWEST     40           300 PM
 AVERAGE    60

..........................................................


THE WATERTOWN NY CLIMATE NORMALS FOR TODAY
                         NORMAL    RECORD    YEAR
 MAXIMUM TEMPERATURE (F)   49        70      2012
 MINIMUM TEMPERATURE (F)   31        15      1957


SUNRISE AND SUNSET
NOVEMBER 11 2017......SUNRISE   654 AM EST   SUNSET   442 PM EST
NOVEMBER 12 2017......SUNRISE   655 AM EST   SUNSET   441 PM EST


-  INDICATES NEGATIVE NUMBERS.
R  INDICATES RECORD WAS SET OR TIED.
MM INDICATES DATA IS MISSING.
T  INDICATES TRACE AMOUNT.




$$
