000
CDUS41 KBUF 101016
CLIART


CLIMATE REPORT
NATIONAL WEATHER SERVICE BUFFALO NY
614 AM EDT WED SEP 10 2014


...................................

...THE WATERTOWN NY CLIMATE SUMMARY FOR SEPTEMBER 9 2014...

CLIMATE NORMAL PERIOD 1981 TO 2010
CLIMATE RECORD PERIOD 1949 TO 2014


WEATHER ITEM   OBSERVED TIME   RECORD YEAR NORMAL DEPARTURE LAST
                VALUE   (LST)  VALUE       VALUE  FROM      YEAR
                                                  NORMAL
..................................................................
TEMPERATURE (F)
 YESTERDAY
  MAXIMUM         76    304 PM  91    1959  73      3       73
  MINIMUM         58    538 AM  33    1979  51      7       38
  AVERAGE         67                        62      5       56

PRECIPITATION (IN)
  YESTERDAY        T             2.51 2004   0.11  -0.11      T
  MONTH TO DATE    0.46                      0.97  -0.51     0.86
  SINCE SEP 1      0.46                      0.97  -0.51     0.86
  SINCE JAN 1     32.72                     22.77   9.95    22.66

DEGREE DAYS
 HEATING
  YESTERDAY        0                         5     -5        9
  MONTH TO DATE    8                        33    -25       44
  SINCE SEP 1      8                        33    -25       44
  SINCE JUL 1     58                       105    -47       87

 COOLING
  YESTERDAY        2                         2      0        0
  MONTH TO DATE   48                        18     30       17
  SINCE SEP 1     48                        18     30       17
  SINCE JAN 1    408                       342     66      450
..................................................................


WIND (MPH)
  HIGHEST WIND SPEED    13   HIGHEST WIND DIRECTION    SW (210)
  HIGHEST GUST SPEED    18   HIGHEST GUST DIRECTION    SE (150)
  AVERAGE WIND SPEED     5.2


SKY COVER
  AVERAGE SKY COVER 0.2


WEATHER CONDITIONS
 THE FOLLOWING WEATHER WAS RECORDED YESTERDAY.
  NO SIGNIFICANT WEATHER WAS OBSERVED.


RELATIVE HUMIDITY (PERCENT)
 HIGHEST    72           500 AM
 LOWEST     43           200 PM
 AVERAGE    58

..........................................................


THE WATERTOWN NY CLIMATE NORMALS FOR TODAY
                         NORMAL    RECORD    YEAR
 MAXIMUM TEMPERATURE (F)   73        90      1959
 MINIMUM TEMPERATURE (F)   51        34      1975


SUNRISE AND SUNSET
SEPTEMBER 10 2014.....SUNRISE   638 AM EDT   SUNSET   724 PM EDT
SEPTEMBER 11 2014.....SUNRISE   639 AM EDT   SUNSET   722 PM EDT


-  INDICATES NEGATIVE NUMBERS.
R  INDICATES RECORD WAS SET OR TIED.
MM INDICATES DATA IS MISSING.
T  INDICATES TRACE AMOUNT.




$$
