000
CDUS41 KBUF 171023
CLIART


CLIMATE REPORT
NATIONAL WEATHER SERVICE BUFFALO NY
520 AM EST SAT JAN 17 2015


...................................

...THE WATERTOWN NY CLIMATE SUMMARY FOR JANUARY 16 2015...

CLIMATE NORMAL PERIOD 1981 TO 2010
CLIMATE RECORD PERIOD 1949 TO 2015


WEATHER ITEM   OBSERVED TIME   RECORD YEAR NORMAL DEPARTURE LAST
                VALUE   (LST)  VALUE       VALUE  FROM      YEAR
                                                  NORMAL
..................................................................
TEMPERATURE (F)
 YESTERDAY
  MAXIMUM         33    419 AM  53    1953  29      4       32
  MINIMUM        -16    944 PM -43    1994   9    -25       20
  AVERAGE          9                        19    -10       26

PRECIPITATION (IN)
  YESTERDAY        0.08          0.74 1979   0.08   0.00      T
  MONTH TO DATE    1.72                      1.44   0.28     2.67
  SINCE DEC 1      3.44                      4.59  -1.15     5.08
  SINCE JAN 1      1.72                      1.44   0.28     2.67

DEGREE DAYS
 HEATING
  YESTERDAY       56                        46     10       39
  MONTH TO DATE  779                       721     58      671
  SINCE DEC 1   1767                      1918   -151     1933
  SINCE JUL 1   3120                      3517   -397     3508

 COOLING
  YESTERDAY        0                         0      0        0
  MONTH TO DATE    0                         0      0        0
  SINCE DEC 1      0                         0      0        0
  SINCE JAN 1      0                         0      0        0
..................................................................


WIND (MPH)
  HIGHEST WIND SPEED    25   HIGHEST WIND DIRECTION    NW (310)
  HIGHEST GUST SPEED    34   HIGHEST GUST DIRECTION    SW (230)
  AVERAGE WIND SPEED    12.2


SKY COVER
  AVERAGE SKY COVER 0.4


WEATHER CONDITIONS
 THE FOLLOWING WEATHER WAS RECORDED YESTERDAY.
  SNOW
  LIGHT SNOW
  FOG
  FOG W/VISIBILITY <= 1/4 MILE
  HAZE


RELATIVE HUMIDITY (PERCENT)
 HIGHEST    85           300 AM
 LOWEST     46           400 PM
 AVERAGE    66

..........................................................


THE WATERTOWN NY CLIMATE NORMALS FOR TODAY
                         NORMAL    RECORD    YEAR
 MAXIMUM TEMPERATURE (F)   29        52      1990
 MINIMUM TEMPERATURE (F)    9       -25      1971


SUNRISE AND SUNSET
JANUARY 17 2015.......SUNRISE   735 AM EST   SUNSET   454 PM EST
JANUARY 18 2015.......SUNRISE   734 AM EST   SUNSET   455 PM EST


-  INDICATES NEGATIVE NUMBERS.
R  INDICATES RECORD WAS SET OR TIED.
MM INDICATES DATA IS MISSING.
T  INDICATES TRACE AMOUNT.




$$
