181
CDUS41 KBUF 281139
CLIART


CLIMATE REPORT
NATIONAL WEATHER SERVICE BUFFALO NY
638 AM EST THU JAN 28 2016


...................................

...THE WATERTOWN NY CLIMATE SUMMARY FOR JANUARY 27 2016...

CLIMATE NORMAL PERIOD 1981 TO 2010
CLIMATE RECORD PERIOD 1949 TO 2016


WEATHER ITEM   OBSERVED TIME   RECORD YEAR NORMAL DEPARTURE LAST
                VALUE   (LST)  VALUE       VALUE  FROM      YEAR
                                                  NORMAL
..................................................................
TEMPERATURE (F)
 YESTERDAY
  MAXIMUM         35    316 AM  55    1996  29      6       16
  MINIMUM         16    820 PM -32    2005   8      8       -3
  AVERAGE         26                        19      7        7

PRECIPITATION (IN)
  YESTERDAY       MM             0.76 1963   0.08  MM        0.00
  MONTH TO DATE    1.48                      2.35  -0.87     1.80
  SINCE DEC 1      3.92                      5.50  -1.58     3.52
  SINCE JAN 1      1.48                      2.35  -0.87     1.80

DEGREE DAYS
 HEATING
  YESTERDAY       39                        46     -7       58
  MONTH TO DATE 1165                      1227    -62     1314
  SINCE DEC 1   1945                      2424   -479     2302
  SINCE JUL 1   3312                      4023   -711     3655

 COOLING
  YESTERDAY        0                         0      0        0
  MONTH TO DATE    0                         0      0        0
  SINCE DEC 1      0                         0      0        0
  SINCE JAN 1      0                         0      0        0
..................................................................


WIND (MPH)
  HIGHEST WIND SPEED    21   HIGHEST WIND DIRECTION     W (260)
  HIGHEST GUST SPEED    28   HIGHEST GUST DIRECTION    SW (230)
  AVERAGE WIND SPEED     7.1


SKY COVER
  AVERAGE SKY COVER 0.7


WEATHER CONDITIONS
 THE FOLLOWING WEATHER WAS RECORDED YESTERDAY.
  RAIN
  LIGHT RAIN
  SNOW
  LIGHT SNOW
  FOG
  FOG W/VISIBILITY <= 1/4 MILE


RELATIVE HUMIDITY (PERCENT)
 HIGHEST    96           500 AM
 LOWEST     53           100 PM
 AVERAGE    75

..........................................................


THE WATERTOWN NY CLIMATE NORMALS FOR TODAY
                         NORMAL    RECORD    YEAR
 MAXIMUM TEMPERATURE (F)   29        51      2002
 MINIMUM TEMPERATURE (F)    8       -27      2005


SUNRISE AND SUNSET
JANUARY 28 2016.......SUNRISE   726 AM EST   SUNSET   508 PM EST
JANUARY 29 2016.......SUNRISE   725 AM EST   SUNSET   510 PM EST


-  INDICATES NEGATIVE NUMBERS.
R  INDICATES RECORD WAS SET OR TIED.
MM INDICATES DATA IS MISSING.
T  INDICATES TRACE AMOUNT.

$$
