000
CDUS41 KBUF 212041
CLIART


CLIMATE REPORT
NATIONAL WEATHER SERVICE BUFFALO NY
440 PM EDT THU MAY 21 2015


...................................

...THE WATERTOWN NY CLIMATE SUMMARY FOR MAY 21 2015...
VALID TODAY AS OF 0400 PM LOCAL TIME.

CLIMATE NORMAL PERIOD 1981 TO 2010
CLIMATE RECORD PERIOD 1949 TO 2015


WEATHER ITEM   OBSERVED TIME   RECORD YEAR NORMAL DEPARTURE LAST
                VALUE   (LST)  VALUE       VALUE  FROM      YEAR
                                                  NORMAL
..................................................................
TEMPERATURE (F)
 TODAY
  MAXIMUM         60    330 PM  83    2012  67     -7       78
                                      1953
  MINIMUM         43    534 AM  30    1964  45     -2       42
  AVERAGE         52                        56     -4       60

PRECIPITATION (IN)
  TODAY            0.00          0.44 1996   0.10  -0.10     0.00
  MONTH TO DATE    0.65                      2.02  -1.37     2.72
  SINCE MAR 1      3.17                      7.22  -4.05    10.76
  SINCE JAN 1      6.26                     12.10  -5.84    17.86

DEGREE DAYS
 HEATING
  TODAY           13                         9      4        5
  MONTH TO DATE  155                       255   -100      211
  SINCE MAR 1   1963                      1957      6     2135
  SINCE JUL 1   7483                      7398     85     7806

 COOLING
  TODAY            0                         0      0        0
  MONTH TO DATE   18                         0     18       20
  SINCE MAR 1     18                         1     17       20
  SINCE JAN 1     18                         1     17       20
..................................................................


WIND (MPH)
  HIGHEST WIND SPEED    20   HIGHEST WIND DIRECTION    SW (220)
  HIGHEST GUST SPEED    26   HIGHEST GUST DIRECTION    SW (220)
  AVERAGE WIND SPEED     9.6


SKY COVER
  AVERAGE SKY COVER 0.4


WEATHER CONDITIONS
 THE FOLLOWING WEATHER WAS RECORDED TODAY.
  NO SIGNIFICANT WEATHER WAS OBSERVED.


RELATIVE HUMIDITY (PERCENT)
 HIGHEST    76           300 AM
 LOWEST     32           200 PM
 AVERAGE    54

..........................................................


THE WATERTOWN NY CLIMATE NORMALS FOR TOMORROW
                         NORMAL    RECORD    YEAR
 MAXIMUM TEMPERATURE (F)   68        86      1955
 MINIMUM TEMPERATURE (F)   45        30      1990


SUNRISE AND SUNSET
MAY 21 2015...........SUNRISE   532 AM EDT   SUNSET   830 PM EDT
MAY 22 2015...........SUNRISE   531 AM EDT   SUNSET   831 PM EDT


-  INDICATES NEGATIVE NUMBERS.
R  INDICATES RECORD WAS SET OR TIED.
MM INDICATES DATA IS MISSING.
T  INDICATES TRACE AMOUNT.




$$
