000
CDUS41 KBUF 072029
CLIART


CLIMATE REPORT
NATIONAL WEATHER SERVICE BUFFALO NY
429 PM EDT FRI APR 7 2017


...................................

...THE WATERTOWN NY CLIMATE SUMMARY FOR APRIL 7 2017...
VALID TODAY AS OF 0400 PM LOCAL TIME.

CLIMATE NORMAL PERIOD 1981 TO 2010
CLIMATE RECORD PERIOD 1949 TO 2017


WEATHER ITEM   OBSERVED TIME   RECORD YEAR NORMAL DEPARTURE LAST
                VALUE   (LST)  VALUE       VALUE  FROM      YEAR
                                                  NORMAL
..................................................................
TEMPERATURE (F)
 TODAY
  MAXIMUM         39   1237 AM  72    1980  51    -12       52
  MINIMUM         34    557 AM   9    2003  30      4       36
  AVERAGE         37                        40     -3       44

PRECIPITATION (IN)
  TODAY            0.11          0.94 1962   0.10   0.01     0.07
  MONTH TO DATE    2.59                      0.65   1.94     0.42
  SINCE MAR 1      4.94                      2.95   1.99     3.07
  SINCE JAN 1      8.57                      7.83   0.74     8.88

DEGREE DAYS
 HEATING
  TODAY           28                        25      3       21
  MONTH TO DATE  166                       183    -17      218
  SINCE MAR 1   1340                      1249     91     1129
  SINCE JUL 1   5951                      6690   -739     5777

 COOLING
  TODAY            0                         0      0        0
  MONTH TO DATE    0                         0      0        0
  SINCE MAR 1      0                         0      0        0
  SINCE JAN 1      0                         0      0        0
..................................................................


WIND (MPH)
  HIGHEST WIND SPEED    24   HIGHEST WIND DIRECTION    NW (320)
  HIGHEST GUST SPEED    32   HIGHEST GUST DIRECTION     N (350)
  AVERAGE WIND SPEED    10.3


SKY COVER
  AVERAGE SKY COVER 1.0


WEATHER CONDITIONS
 THE FOLLOWING WEATHER WAS RECORDED TODAY.
  LIGHT RAIN
  LIGHT SNOW
  FOG


RELATIVE HUMIDITY (PERCENT)
 HIGHEST   100          1200 AM
 LOWEST     85           100 PM
 AVERAGE    93

..........................................................


THE WATERTOWN NY CLIMATE NORMALS FOR TOMORROW
                         NORMAL    RECORD    YEAR
 MAXIMUM TEMPERATURE (F)   51        73      1981
 MINIMUM TEMPERATURE (F)   31        11      1972


SUNRISE AND SUNSET
APRIL  7 2017.........SUNRISE   634 AM EDT   SUNSET   739 PM EDT
APRIL  8 2017.........SUNRISE   633 AM EDT   SUNSET   740 PM EDT


-  INDICATES NEGATIVE NUMBERS.
R  INDICATES RECORD WAS SET OR TIED.
MM INDICATES DATA IS MISSING.
T  INDICATES TRACE AMOUNT.




$$
