000
CDUS41 KBUF 191008
CLIART


CLIMATE REPORT
NATIONAL WEATHER SERVICE BUFFALO NY
607 AM EDT TUE JUL 19 2016


...................................

...THE WATERTOWN NY CLIMATE SUMMARY FOR JULY 18 2016...

CLIMATE NORMAL PERIOD 1981 TO 2010
CLIMATE RECORD PERIOD 1949 TO 2016


WEATHER ITEM   OBSERVED TIME   RECORD YEAR NORMAL DEPARTURE LAST
                VALUE   (LST)  VALUE       VALUE  FROM      YEAR
                                                  NORMAL
..................................................................
TEMPERATURE (F)
 YESTERDAY
  MAXIMUM         86   1142 AM  97    1953  80      6       80
  MINIMUM         67   1159 PM  45    1973  59      8       69
  AVERAGE         77                        69      8       75

PRECIPITATION (IN)
  YESTERDAY        0.00          0.90 1965   0.08  -0.08     0.01
  MONTH TO DATE    0.32                      1.48  -1.16     1.13
  SINCE JUN 1      3.92                      4.33  -0.41     6.84
  SINCE JAN 1     14.92                     17.48  -2.56    14.24

DEGREE DAYS
 HEATING
  YESTERDAY        0                         1     -1        0
  MONTH TO DATE    4                        19    -15       38
  SINCE JUN 1    102                       126    -24      154
  SINCE JUL 1      4                        19    -15       38

 COOLING
  YESTERDAY       12                         5      7       10
  MONTH TO DATE  113                        79     34       45
  SINCE JUN 1    160                       141     19       76
  SINCE JAN 1    190                       152     38      122
..................................................................


WIND (MPH)
  HIGHEST WIND SPEED    26   HIGHEST WIND DIRECTION    SW (240)
  HIGHEST GUST SPEED    39   HIGHEST GUST DIRECTION    SW (220)
  AVERAGE WIND SPEED    14.5


SKY COVER
  AVERAGE SKY COVER 0.3


WEATHER CONDITIONS
 THE FOLLOWING WEATHER WAS RECORDED YESTERDAY.
  NO SIGNIFICANT WEATHER WAS OBSERVED.


RELATIVE HUMIDITY (PERCENT)
 HIGHEST    69          1000 AM
 LOWEST     40           600 PM
 AVERAGE    55

..........................................................


THE WATERTOWN NY CLIMATE NORMALS FOR TODAY
                         NORMAL    RECORD    YEAR
 MAXIMUM TEMPERATURE (F)   80        92      1964
 MINIMUM TEMPERATURE (F)   59        45      1997


SUNRISE AND SUNSET
JULY 19 2016..........SUNRISE   539 AM EDT   SUNSET   841 PM EDT
JULY 20 2016..........SUNRISE   540 AM EDT   SUNSET   840 PM EDT


-  INDICATES NEGATIVE NUMBERS.
R  INDICATES RECORD WAS SET OR TIED.
MM INDICATES DATA IS MISSING.
T  INDICATES TRACE AMOUNT.




$$
