000
CDUS41 KBUF 090705
CLIART


CLIMATE REPORT
NATIONAL WEATHER SERVICE BUFFALO NY
305 AM EDT FRI JUN 9 2017


...................................

...THE WATERTOWN NY CLIMATE SUMMARY FOR JUNE 8 2017...

CLIMATE NORMAL PERIOD 1981 TO 2010
CLIMATE RECORD PERIOD 1949 TO 2017


WEATHER ITEM   OBSERVED TIME   RECORD YEAR NORMAL DEPARTURE LAST
                VALUE   (LST)  VALUE       VALUE  FROM      YEAR
                                                  NORMAL
..................................................................
TEMPERATURE (F)
 YESTERDAY
  MAXIMUM         74    507 PM  90    2007  72      2       59
  MINIMUM         48    415 AM  33    1988  51     -3       51
  AVERAGE         61                        62     -1       55

PRECIPITATION (IN)
  YESTERDAY        0.00          0.78 1979   0.10  -0.10     0.21
  MONTH TO DATE    1.30                      0.82   0.48     2.09
  SINCE JUN 1      1.30                      0.82   0.48     2.09
  SINCE JAN 1     16.97                     13.97   3.00    13.09

DEGREE DAYS
 HEATING
  YESTERDAY        4                         5     -1       10
  MONTH TO DATE   73                        45     28       17
  SINCE JUN 1     73                        45     28       17
  SINCE JUL 1   6722                      7521   -799     6657

 COOLING
  YESTERDAY        0                         1     -1        0
  MONTH TO DATE    0                         8     -8        7
  SINCE JUN 1      0                         8     -8        7
  SINCE JAN 1     19                        19      0       37
..................................................................


WIND (MPH)
  HIGHEST WIND SPEED    12   HIGHEST WIND DIRECTION     W (270)
  HIGHEST GUST SPEED    13   HIGHEST GUST DIRECTION     W (270)
  AVERAGE WIND SPEED     4.7


SKY COVER
  AVERAGE SKY COVER 0.1


WEATHER CONDITIONS
 THE FOLLOWING WEATHER WAS RECORDED YESTERDAY.
  NO SIGNIFICANT WEATHER WAS OBSERVED.


RELATIVE HUMIDITY (PERCENT)
 HIGHEST    93           900 PM
 LOWEST     41           400 PM
 AVERAGE    67

..........................................................


THE WATERTOWN NY CLIMATE NORMALS FOR TODAY
                         NORMAL    RECORD    YEAR
 MAXIMUM TEMPERATURE (F)   73        90      2005
 MINIMUM TEMPERATURE (F)   51        33      1988


SUNRISE AND SUNSET
JUNE  9 2017..........SUNRISE   521 AM EDT   SUNSET   846 PM EDT
JUNE 10 2017..........SUNRISE   521 AM EDT   SUNSET   846 PM EDT


-  INDICATES NEGATIVE NUMBERS.
R  INDICATES RECORD WAS SET OR TIED.
MM INDICATES DATA IS MISSING.
T  INDICATES TRACE AMOUNT.




$$
