000
CDUS41 KBUF 031012
CLIART


CLIMATE REPORT
NATIONAL WEATHER SERVICE BUFFALO NY
611 AM EDT FRI JUL 3 2015


...................................

...THE WATERTOWN NY CLIMATE SUMMARY FOR JULY 2 2015...

CLIMATE NORMAL PERIOD 1981 TO 2010
CLIMATE RECORD PERIOD 1949 TO 2015


WEATHER ITEM   OBSERVED TIME   RECORD YEAR NORMAL DEPARTURE LAST
                VALUE   (LST)  VALUE       VALUE  FROM      YEAR
                                                  NORMAL
..................................................................
TEMPERATURE (F)
 YESTERDAY
  MAXIMUM         68    419 PM  92    1966  78    -10       83
  MINIMUM         49   1159 PM  33    1962  57     -8       71
  AVERAGE         59                        68     -9       77

PRECIPITATION (IN)
  YESTERDAY        0.00          0.65 2009   0.08  -0.08     0.30
  MONTH TO DATE    0.41                      0.16   0.25     0.33
  SINCE JUN 1      6.12                      3.01   3.11     3.24
  SINCE JAN 1     13.52                     16.16  -2.64    21.84

DEGREE DAYS
 HEATING
  YESTERDAY        6                         1      5        0
  MONTH TO DATE    9                         3      6        0
  SINCE JUN 1    125                       110     15       62
  SINCE JUL 1      9                         3      6        0

 COOLING
  YESTERDAY        0                         4     -4       12
  MONTH TO DATE    0                         8     -8       29
  SINCE JUN 1     31                        70    -39      141
  SINCE JAN 1     77                        81     -4      164
..................................................................


WIND (MPH)
  HIGHEST WIND SPEED    15   HIGHEST WIND DIRECTION     W (270)
  HIGHEST GUST SPEED    21   HIGHEST GUST DIRECTION     W (260)
  AVERAGE WIND SPEED     5.6


SKY COVER
  AVERAGE SKY COVER 0.2


WEATHER CONDITIONS
 THE FOLLOWING WEATHER WAS RECORDED YESTERDAY.
  FOG


RELATIVE HUMIDITY (PERCENT)
 HIGHEST   100           500 AM
 LOWEST     49           400 PM
 AVERAGE    75

..........................................................


THE WATERTOWN NY CLIMATE NORMALS FOR TODAY
                         NORMAL    RECORD    YEAR
 MAXIMUM TEMPERATURE (F)   78        91      1966
 MINIMUM TEMPERATURE (F)   57        38      1962


SUNRISE AND SUNSET
JULY  3 2015..........SUNRISE   526 AM EDT   SUNSET   850 PM EDT
JULY  4 2015..........SUNRISE   527 AM EDT   SUNSET   850 PM EDT


-  INDICATES NEGATIVE NUMBERS.
R  INDICATES RECORD WAS SET OR TIED.
MM INDICATES DATA IS MISSING.
T  INDICATES TRACE AMOUNT.

$$
