000
CDUS41 KBUF 310705
CLIART


CLIMATE REPORT
NATIONAL WEATHER SERVICE BUFFALO NY
305 AM EDT MON AUG 31 2015


...................................

...THE WATERTOWN NY CLIMATE SUMMARY FOR AUGUST 30 2015...

CLIMATE NORMAL PERIOD 1981 TO 2010
CLIMATE RECORD PERIOD 1949 TO 2015


WEATHER ITEM   OBSERVED TIME   RECORD YEAR NORMAL DEPARTURE LAST
                VALUE   (LST)  VALUE       VALUE  FROM      YEAR
                                                  NORMAL
..................................................................
TEMPERATURE (F)
 YESTERDAY
  MAXIMUM         78    222 PM  92    1953  76      2       83
  MINIMUM         56    557 AM  38    1999  54      2       61
  AVERAGE         67                        65      2       72

PRECIPITATION (IN)
  YESTERDAY        0.00          2.24 2004   0.10  -0.10     0.10
  MONTH TO DATE    2.65                      3.05  -0.40     5.20
  SINCE JUN 1      9.95                      8.55   1.40    13.14
  SINCE JAN 1     17.35                     21.70  -4.35    31.74

DEGREE DAYS
 HEATING
  YESTERDAY        0                         3     -3        0
  MONTH TO DATE   17                        42    -25       31
  SINCE JUN 1    171                       175     -4      112
  SINCE JUL 1     55                        68    -13       50

 COOLING
  YESTERDAY        2                         2      0        7
  MONTH TO DATE  100                       109     -9       93
  SINCE JUN 1    254                       310    -56      328
  SINCE JAN 1    300                       321    -21      351
..................................................................


WIND (MPH)
  HIGHEST WIND SPEED    10   HIGHEST WIND DIRECTION     W (260)
  HIGHEST GUST SPEED    13   HIGHEST GUST DIRECTION     W (260)
  AVERAGE WIND SPEED     3.2


SKY COVER
  AVERAGE SKY COVER 0.5


WEATHER CONDITIONS
 THE FOLLOWING WEATHER WAS RECORDED YESTERDAY.
  FOG
  HAZE


RELATIVE HUMIDITY (PERCENT)
 HIGHEST   100           600 AM
 LOWEST     48           200 PM
 AVERAGE    74

..........................................................


THE WATERTOWN NY CLIMATE NORMALS FOR TODAY
                         NORMAL    RECORD    YEAR
 MAXIMUM TEMPERATURE (F)   76        91      1993
 MINIMUM TEMPERATURE (F)   53        34      1976


SUNRISE AND SUNSET
AUGUST 31 2015........SUNRISE   626 AM EDT   SUNSET   742 PM EDT
SEPTEMBER  1 2015.....SUNRISE   627 AM EDT   SUNSET   740 PM EDT


-  INDICATES NEGATIVE NUMBERS.
R  INDICATES RECORD WAS SET OR TIED.
MM INDICATES DATA IS MISSING.
T  INDICATES TRACE AMOUNT.




$$
