000
CDUS41 KBUF 202124
CLIART


CLIMATE REPORT
NATIONAL WEATHER SERVICE BUFFALO NY
424 PM EST MON NOV 20 2017


...................................

...THE WATERTOWN NY CLIMATE SUMMARY FOR NOVEMBER 20 2017...
VALID TODAY AS OF 0400 PM LOCAL TIME.

CLIMATE NORMAL PERIOD 1981 TO 2010
CLIMATE RECORD PERIOD 1949 TO 2017


WEATHER ITEM   OBSERVED TIME   RECORD YEAR NORMAL DEPARTURE LAST
                VALUE   (LST)  VALUE       VALUE  FROM      YEAR
                                                  NORMAL
..................................................................
TEMPERATURE (F)
 TODAY
  MAXIMUM         38    113 PM  69    1953  45     -7       39
  MINIMUM         23    832 AM   7    1959  28     -5       27
  AVERAGE         31                        37     -6       33

PRECIPITATION (IN)
  TODAY            T             1.22 1989   0.14  -0.14     0.36
  MONTH TO DATE    2.69                      2.51   0.18     1.11
  SINCE SEP 1     15.74                      9.88   5.86     9.01
  SINCE JAN 1     46.47                     31.68  14.79    28.04

DEGREE DAYS
 HEATING
  TODAY           34                        28      6       32
  MONTH TO DATE  545                       497     48      426
  SINCE SEP 1   1009                      1221   -212     1035
  SINCE JUL 1   1079                      1293   -214     1046

 COOLING
  TODAY            0                         0      0        0
  MONTH TO DATE    0                         0      0        0
  SINCE SEP 1     59                        38     21       52
  SINCE JAN 1    389                       362     27      566
..................................................................


WIND (MPH)
  HIGHEST WIND SPEED    28   HIGHEST WIND DIRECTION     W (270)
  HIGHEST GUST SPEED    36   HIGHEST GUST DIRECTION     W (260)
  AVERAGE WIND SPEED     9.9


SKY COVER
  AVERAGE SKY COVER 0.9


WEATHER CONDITIONS
 THE FOLLOWING WEATHER WAS RECORDED TODAY.
  LIGHT SNOW
  FOG


RELATIVE HUMIDITY (PERCENT)
 HIGHEST    92          1000 AM
 LOWEST     64          1200 PM
 AVERAGE    78

..........................................................


THE WATERTOWN NY CLIMATE NORMALS FOR TOMORROW
                         NORMAL    RECORD    YEAR
 MAXIMUM TEMPERATURE (F)   45        62      1953
 MINIMUM TEMPERATURE (F)   28         6      1969


SUNRISE AND SUNSET
NOVEMBER 20 2017......SUNRISE   706 AM EST   SUNSET   433 PM EST
NOVEMBER 21 2017......SUNRISE   707 AM EST   SUNSET   433 PM EST


-  INDICATES NEGATIVE NUMBERS.
R  INDICATES RECORD WAS SET OR TIED.
MM INDICATES DATA IS MISSING.
T  INDICATES TRACE AMOUNT.




$$
