188
CDUS41 KBUF 241009
CLIART


CLIMATE REPORT
NATIONAL WEATHER SERVICE BUFFALO NY
608 AM EDT MON APR 24 2017


...................................

...THE WATERTOWN NY CLIMATE SUMMARY FOR APRIL 23 2017...

CLIMATE NORMAL PERIOD 1981 TO 2010
CLIMATE RECORD PERIOD 1949 TO 2017


WEATHER ITEM   OBSERVED TIME   RECORD YEAR NORMAL DEPARTURE LAST
                VALUE   (LST)  VALUE       VALUE  FROM      YEAR
                                                  NORMAL
..................................................................
TEMPERATURE (F)
 YESTERDAY
  MAXIMUM         59    259 PM  84    2001  58      1       55
  MINIMUM         26    516 AM  24    2010  36    -10       27
                                      1989
  AVERAGE         43                        47     -4       41

PRECIPITATION (IN)
  YESTERDAY        0.00          0.74 1996   0.09  -0.09     0.00
  MONTH TO DATE    3.51                      2.22   1.29     0.85
  SINCE MAR 1      5.86                      4.52   1.34     3.50
  SINCE JAN 1      9.49                      9.40   0.09     9.31

DEGREE DAYS
 HEATING
  YESTERDAY       22                        18      4       24
  MONTH TO DATE  437                       519    -82      588
  SINCE MAR 1   1611                      1585     26     1499
  SINCE JUL 1   6222                      7026   -804     6147

 COOLING
  YESTERDAY        0                         0      0        0
  MONTH TO DATE    4                         0      4        0
  SINCE MAR 1      4                         0      4        0
  SINCE JAN 1      4                         0      4        0
..................................................................


WIND (MPH)
  HIGHEST WIND SPEED    16   HIGHEST WIND DIRECTION     N (360)
  HIGHEST GUST SPEED    20   HIGHEST GUST DIRECTION    SW (220)
  AVERAGE WIND SPEED     6.5


SKY COVER
  AVERAGE SKY COVER 0.0


WEATHER CONDITIONS
 THE FOLLOWING WEATHER WAS RECORDED YESTERDAY.
  NO SIGNIFICANT WEATHER WAS OBSERVED.


RELATIVE HUMIDITY (PERCENT)
 HIGHEST   100           100 AM
 LOWEST     43           400 PM
 AVERAGE    72

..........................................................


THE WATERTOWN NY CLIMATE NORMALS FOR TODAY
                         NORMAL    RECORD    YEAR
 MAXIMUM TEMPERATURE (F)   59        78      1958
 MINIMUM TEMPERATURE (F)   36        18      1972


SUNRISE AND SUNSET
APRIL 24 2017.........SUNRISE   606 AM EDT   SUNSET   759 PM EDT
APRIL 25 2017.........SUNRISE   604 AM EDT   SUNSET   800 PM EDT


-  INDICATES NEGATIVE NUMBERS.
R  INDICATES RECORD WAS SET OR TIED.
MM INDICATES DATA IS MISSING.
T  INDICATES TRACE AMOUNT.




$$
