000
CDUS41 KBUF 251019
CLIART


CLIMATE REPORT
NATIONAL WEATHER SERVICE BUFFALO NY
618 AM EDT THU AUG 25 2016


...................................

...THE WATERTOWN NY CLIMATE SUMMARY FOR AUGUST 24 2016...

CLIMATE NORMAL PERIOD 1981 TO 2010
CLIMATE RECORD PERIOD 1949 TO 2016


WEATHER ITEM   OBSERVED TIME   RECORD YEAR NORMAL DEPARTURE LAST
                VALUE   (LST)  VALUE       VALUE  FROM      YEAR
                                                  NORMAL
..................................................................
TEMPERATURE (F)
 YESTERDAY
  MAXIMUM         84    507 PM  85    2012  77      7       76
                                      2007
  MINIMUM         62    455 AM  39    2003  55      7       57
  AVERAGE         73                        66      7       67

PRECIPITATION (IN)
  YESTERDAY        0.00          1.39 1998   0.10  -0.10     0.01
  MONTH TO DATE    2.83                      2.45   0.38     2.63
  SINCE JUN 1      6.83                      7.95  -1.12     9.93
  SINCE JAN 1     17.83                     21.10  -3.27    17.33

DEGREE DAYS
 HEATING
  YESTERDAY        0                         2     -2        0
  MONTH TO DATE    6                        29    -23        7
  SINCE JUN 1    109                       162    -53      161
  SINCE JUL 1     11                        55    -44       45

 COOLING
  YESTERDAY        8                         3      5        2
  MONTH TO DATE  195                        93    102       98
  SINCE JUN 1    444                       294    150      252
  SINCE JAN 1    474                       305    169      298
..................................................................


WIND (MPH)
  HIGHEST WIND SPEED    16   HIGHEST WIND DIRECTION     W (270)
  HIGHEST GUST SPEED    23   HIGHEST GUST DIRECTION    SW (220)
  AVERAGE WIND SPEED     6.9


SKY COVER
  AVERAGE SKY COVER 0.0


WEATHER CONDITIONS
 THE FOLLOWING WEATHER WAS RECORDED YESTERDAY.
  NO SIGNIFICANT WEATHER WAS OBSERVED.


RELATIVE HUMIDITY (PERCENT)
 HIGHEST    78           400 AM
 LOWEST     43          1200 PM
 AVERAGE    61

..........................................................


THE WATERTOWN NY CLIMATE NORMALS FOR TODAY
                         NORMAL    RECORD    YEAR
 MAXIMUM TEMPERATURE (F)   77        90      1975
 MINIMUM TEMPERATURE (F)   55        36      1989


SUNRISE AND SUNSET
AUGUST 25 2016........SUNRISE   620 AM EDT   SUNSET   751 PM EDT
AUGUST 26 2016........SUNRISE   621 AM EDT   SUNSET   750 PM EDT


-  INDICATES NEGATIVE NUMBERS.
R  INDICATES RECORD WAS SET OR TIED.
MM INDICATES DATA IS MISSING.
T  INDICATES TRACE AMOUNT.

$$
