000
CDUS41 KBUF 192058
CLIART


CLIMATE REPORT
NATIONAL WEATHER SERVICE BUFFALO NY
456 PM EDT TUE AUG 19 2014


...................................

...THE WATERTOWN NY CLIMATE SUMMARY FOR AUGUST 19 2014...
VALID TODAY AS OF 0400 PM LOCAL TIME.

CLIMATE NORMAL PERIOD 1981 TO 2010
CLIMATE RECORD PERIOD 1949 TO 2014


WEATHER ITEM   OBSERVED TIME   RECORD YEAR NORMAL DEPARTURE LAST
                VALUE   (LST)  VALUE       VALUE  FROM      YEAR
                                                  NORMAL
..................................................................
TEMPERATURE (F)
 TODAY
  MAXIMUM         79    259 PM  96    1955  78      1       80
  MINIMUM         44    532 AM  37    1998  56    -12       55
  AVERAGE         62                        67     -5       68

PRECIPITATION (IN)
  TODAY            0.00          0.92 1978   0.10  -0.10     0.00
  MONTH TO DATE    2.23                      1.95   0.28     1.70
  SINCE JUN 1     10.17                      7.45   2.72    10.79
  SINCE JAN 1     28.77                     20.60   8.17    21.41

DEGREE DAYS
 HEATING
  TODAY            3                         1      2        0
  MONTH TO DATE   21                        19      2       22
  SINCE JUN 1    102                       152    -50      136
  SINCE JUL 1     40                        45     -5       33

 COOLING
  TODAY            0                         3     -3        3
  MONTH TO DATE   48                        78    -30       42
  SINCE JUN 1    283                       279      4      340
  SINCE JAN 1    306                       290     16      372
..................................................................


WIND (MPH)
  HIGHEST WIND SPEED     9   HIGHEST WIND DIRECTION     N (20)
  HIGHEST GUST SPEED    15   HIGHEST GUST DIRECTION     E (70)
  AVERAGE WIND SPEED     3.5


SKY COVER
  AVERAGE SKY COVER 0.0


WEATHER CONDITIONS
 THE FOLLOWING WEATHER WAS RECORDED TODAY.
  NO SIGNIFICANT WEATHER WAS OBSERVED.


RELATIVE HUMIDITY (PERCENT)
 HIGHEST    89           500 AM
 LOWEST     40           200 PM
 AVERAGE    65

..........................................................


THE WATERTOWN NY CLIMATE NORMALS FOR TOMORROW
                         NORMAL    RECORD    YEAR
 MAXIMUM TEMPERATURE (F)   78        88      2009
                                             1955
 MINIMUM TEMPERATURE (F)   56        39      2000


SUNRISE AND SUNSET
AUGUST 19 2014........SUNRISE   613 AM EDT   SUNSET   802 PM EDT
AUGUST 20 2014........SUNRISE   614 AM EDT   SUNSET   800 PM EDT


-  INDICATES NEGATIVE NUMBERS.
R  INDICATES RECORD WAS SET OR TIED.
MM INDICATES DATA IS MISSING.
T  INDICATES TRACE AMOUNT.




$$
