753
CDUS41 KBUF 292026
CLIART


CLIMATE REPORT
NATIONAL WEATHER SERVICE BUFFALO NY
425 PM EDT FRI JUL 29 2016


...................................

...THE WATERTOWN NY CLIMATE SUMMARY FOR JULY 29 2016...
VALID TODAY AS OF 0400 PM LOCAL TIME.

CLIMATE NORMAL PERIOD 1981 TO 2010
CLIMATE RECORD PERIOD 1949 TO 2016


WEATHER ITEM   OBSERVED TIME   RECORD YEAR NORMAL DEPARTURE LAST
                VALUE   (LST)  VALUE       VALUE  FROM      YEAR
                                                  NORMAL
..................................................................
TEMPERATURE (F)
 TODAY
  MAXIMUM         87    119 PM  91    1955  79      8       87
  MINIMUM         65    603 AM  42    1989  59      6       60
  AVERAGE         76                        69      7       74

PRECIPITATION (IN)
  TODAY            0.00          0.90 1957   0.09  -0.09     0.00
  MONTH TO DATE    0.40                      2.46  -2.06     1.39
  SINCE JUN 1      4.00                      5.31  -1.31     7.10
  SINCE JAN 1     15.00                     18.46  -3.46    14.50

DEGREE DAYS
 HEATING
  TODAY            0                         1     -1        0
  MONTH TO DATE    5                        30    -25       38
  SINCE JUN 1    103                       137    -34      154
  SINCE JUL 1      5                        30    -25       38

 COOLING
  TODAY           11                         5      6        9
  MONTH TO DATE  191                       134     57      104
  SINCE JUN 1    238                       196     42      135
  SINCE JAN 1    268                       207     61      181
..................................................................


WIND (MPH)
  HIGHEST WIND SPEED    17   HIGHEST WIND DIRECTION     N (350)
  HIGHEST GUST SPEED    23   HIGHEST GUST DIRECTION     N (360)
  AVERAGE WIND SPEED     8.2


SKY COVER
  AVERAGE SKY COVER 0.2


WEATHER CONDITIONS
 THE FOLLOWING WEATHER WAS RECORDED TODAY.
  FOG


RELATIVE HUMIDITY (PERCENT)
 HIGHEST    93           200 AM
 LOWEST     30           200 PM
 AVERAGE    62

..........................................................


THE WATERTOWN NY CLIMATE NORMALS FOR TOMORROW
                         NORMAL    RECORD    YEAR
 MAXIMUM TEMPERATURE (F)   79        91      1955
 MINIMUM TEMPERATURE (F)   58        41      1968


SUNRISE AND SUNSET
JULY 29 2016..........SUNRISE   550 AM EDT   SUNSET   831 PM EDT
JULY 30 2016..........SUNRISE   551 AM EDT   SUNSET   830 PM EDT


-  INDICATES NEGATIVE NUMBERS.
R  INDICATES RECORD WAS SET OR TIED.
MM INDICATES DATA IS MISSING.
T  INDICATES TRACE AMOUNT.

$$
