000
CDUS41 KBUF 222149
CLIART


CLIMATE REPORT
NATIONAL WEATHER SERVICE BUFFALO NY
444 PM EST MON JAN 22 2018


...................................

...THE WATERTOWN NY CLIMATE SUMMARY FOR JANUARY 22 2018...
VALID TODAY AS OF 0400 PM LOCAL TIME.

CLIMATE NORMAL PERIOD 1981 TO 2010
CLIMATE RECORD PERIOD 1949 TO 2018


WEATHER ITEM   OBSERVED TIME   RECORD YEAR NORMAL DEPARTURE LAST
                VALUE   (LST)  VALUE       VALUE  FROM      YEAR
                                                  NORMAL
..................................................................
TEMPERATURE (F)
 TODAY
  MAXIMUM         35    526 AM  55    1959  29      6       42
  MINIMUM         29    359 PM -37    2014   9     20       34
  AVERAGE         32                        19     13       38

PRECIPITATION (IN)
  TODAY            0.08          0.87 1957   0.09  -0.01     0.00
  MONTH TO DATE    1.77                      1.95  -0.18     1.27
  SINCE DEC 1      3.56                      5.10  -1.54     3.46
  SINCE JAN 1      1.77                      1.95  -0.18     1.27

DEGREE DAYS
 HEATING
  TODAY           33                        46    -13       27
  MONTH TO DATE  812                       997   -185      837
  SINCE DEC 1   2223                      2194     29     1954
  SINCE JUL 1   3582                      3793   -211     3296

 COOLING
  TODAY            0                         0      0        0
  MONTH TO DATE    0                         0      0        0
  SINCE DEC 1      0                         0      0        0
  SINCE JAN 1      0                         0      0        0
..................................................................


WIND (MPH)
  HIGHEST WIND SPEED    21   HIGHEST WIND DIRECTION    NE (60)
  HIGHEST GUST SPEED    25   HIGHEST GUST DIRECTION    NE (50)
  AVERAGE WIND SPEED    11.0


SKY COVER
  AVERAGE SKY COVER 1.0


WEATHER CONDITIONS
 THE FOLLOWING WEATHER WAS RECORDED TODAY.
  FREEZING RAIN
  LT FREEZING RAIN
  FOG


RELATIVE HUMIDITY (PERCENT)
 HIGHEST   100           400 PM
 LOWEST     78          1000 AM
 AVERAGE    89

..........................................................


THE WATERTOWN NY CLIMATE NORMALS FOR TOMORROW
                         NORMAL    RECORD    YEAR
 MAXIMUM TEMPERATURE (F)   29        57      1999
 MINIMUM TEMPERATURE (F)    8       -31      1976


SUNRISE AND SUNSET
JANUARY 22 2018.......SUNRISE   731 AM EST   SUNSET   501 PM EST
JANUARY 23 2018.......SUNRISE   730 AM EST   SUNSET   502 PM EST


-  INDICATES NEGATIVE NUMBERS.
R  INDICATES RECORD WAS SET OR TIED.
MM INDICATES DATA IS MISSING.
T  INDICATES TRACE AMOUNT.




$$
