000
CDUS41 KBUF 081016
CLIART


CLIMATE REPORT
NATIONAL WEATHER SERVICE BUFFALO NY
615 AM EDT TUE JUL 8 2014


...................................

...THE WATERTOWN NY CLIMATE SUMMARY FOR JULY 7 2014...

CLIMATE NORMAL PERIOD 1981 TO 2010
CLIMATE RECORD PERIOD 1949 TO 2014


WEATHER ITEM   OBSERVED TIME   RECORD YEAR NORMAL DEPARTURE LAST
                VALUE   (LST)  VALUE       VALUE  FROM      YEAR
                                                  NORMAL
..................................................................
TEMPERATURE (F)
 YESTERDAY
  MAXIMUM         78    616 PM  99    2008  79     -1       81
  MINIMUM         65    721 AM  41    1990  58      7       67
  AVERAGE         72                        68      4       74

PRECIPITATION (IN)
  YESTERDAY        0.54R         0.54 2014   0.08   0.46     0.03
  MONTH TO DATE    1.03                      0.58   0.45     1.11
  SINCE JUN 1      3.94                      3.43   0.51     7.15
  SINCE JAN 1     22.54                     16.58   5.96    17.77

DEGREE DAYS
 HEATING
  YESTERDAY        0                         1     -1        0
  MONTH TO DATE    3                         8     -5        0
  SINCE JUN 1     65                       115    -50      103
  SINCE JUL 1      3                         8     -5        0

 COOLING
  YESTERDAY        7                         4      3        9
  MONTH TO DATE   50                        28     22       59
  SINCE JUN 1    162                        90     72      133
  SINCE JAN 1    185                       101     84      165
..................................................................


WIND (MPH)
  HIGHEST WIND SPEED    20   HIGHEST WIND DIRECTION    SW (220)
  HIGHEST GUST SPEED    27   HIGHEST GUST DIRECTION    SW (230)
  AVERAGE WIND SPEED    10.7


SKY COVER
  AVERAGE SKY COVER 0.8


WEATHER CONDITIONS
 THE FOLLOWING WEATHER WAS RECORDED YESTERDAY.
  THUNDERSTORM
  HEAVY RAIN
  RAIN
  LIGHT RAIN
  HAZE


RELATIVE HUMIDITY (PERCENT)
 HIGHEST    81           800 AM
 LOWEST     53           100 AM
 AVERAGE    67

..........................................................


THE WATERTOWN NY CLIMATE NORMALS FOR TODAY
                         NORMAL    RECORD    YEAR
 MAXIMUM TEMPERATURE (F)   79        93      1955
 MINIMUM TEMPERATURE (F)   58        38      1969


SUNRISE AND SUNSET
JULY  8 2014..........SUNRISE   530 AM EDT   SUNSET   848 PM EDT
JULY  9 2014..........SUNRISE   530 AM EDT   SUNSET   848 PM EDT


-  INDICATES NEGATIVE NUMBERS.
R  INDICATES RECORD WAS SET OR TIED.
MM INDICATES DATA IS MISSING.
T  INDICATES TRACE AMOUNT.




$$
