000
CDUS41 KBUF 040705
CLIART


CLIMATE REPORT
NATIONAL WEATHER SERVICE BUFFALO NY
305 AM EDT FRI SEP 4 2015


...................................

...THE WATERTOWN NY CLIMATE SUMMARY FOR SEPTEMBER 3 2015...

CLIMATE NORMAL PERIOD 1981 TO 2010
CLIMATE RECORD PERIOD 1949 TO 2015


WEATHER ITEM   OBSERVED TIME   RECORD YEAR NORMAL DEPARTURE LAST
                VALUE   (LST)  VALUE       VALUE  FROM      YEAR
                                                  NORMAL
..................................................................
TEMPERATURE (F)
 YESTERDAY
  MAXIMUM         85   1227 PM  93    1953  75     10       76
  MINIMUM         63   1157 PM  31    1976  53     10       63
  AVERAGE         74                        64     10       70

PRECIPITATION (IN)
  YESTERDAY        0.00          0.89 1992   0.11  -0.11     0.00
  MONTH TO DATE    0.00                      0.32  -0.32     0.18
  SINCE SEP 1      0.00                      0.32  -0.32     0.18
  SINCE JAN 1     17.35                     22.12  -4.77    32.44

DEGREE DAYS
 HEATING
  YESTERDAY        0                         3     -3        0
  MONTH TO DATE    0                         9     -9        0
  SINCE SEP 1      0                         9     -9        0
  SINCE JUL 1     55                        81    -26       50

 COOLING
  YESTERDAY        9                         2      7        5
  MONTH TO DATE   16                         6     10       26
  SINCE SEP 1     16                         6     10       26
  SINCE JAN 1    322                       330     -8      386
..................................................................


WIND (MPH)
  HIGHEST WIND SPEED    16   HIGHEST WIND DIRECTION    NE (40)
  HIGHEST GUST SPEED    20   HIGHEST GUST DIRECTION    NE (30)
  AVERAGE WIND SPEED     3.5


SKY COVER
  AVERAGE SKY COVER 0.3


WEATHER CONDITIONS
 THE FOLLOWING WEATHER WAS RECORDED YESTERDAY.
  FOG
  FOG W/VISIBILITY <= 1/4 MILE
  HAZE


RELATIVE HUMIDITY (PERCENT)
 HIGHEST   100           400 AM
 LOWEST     55           400 PM
 AVERAGE    78

..........................................................


THE WATERTOWN NY CLIMATE NORMALS FOR TODAY
                         NORMAL    RECORD    YEAR
 MAXIMUM TEMPERATURE (F)   75        96      1953
 MINIMUM TEMPERATURE (F)   52        31      1997


SUNRISE AND SUNSET
SEPTEMBER  4 2015.....SUNRISE   630 AM EDT   SUNSET   735 PM EDT
SEPTEMBER  5 2015.....SUNRISE   632 AM EDT   SUNSET   733 PM EDT


-  INDICATES NEGATIVE NUMBERS.
R  INDICATES RECORD WAS SET OR TIED.
MM INDICATES DATA IS MISSING.
T  INDICATES TRACE AMOUNT.




$$
