000
CDUS41 KBUF 080705
CLIART


CLIMATE REPORT
NATIONAL WEATHER SERVICE BUFFALO NY
205 AM EST MON FEB 8 2016


...................................

...THE WATERTOWN NY CLIMATE SUMMARY FOR FEBRUARY 7 2016...

CLIMATE NORMAL PERIOD 1981 TO 2010
CLIMATE RECORD PERIOD 1949 TO 2016


WEATHER ITEM   OBSERVED TIME   RECORD YEAR NORMAL DEPARTURE LAST
                VALUE   (LST)  VALUE       VALUE  FROM      YEAR
                                                  NORMAL
..................................................................
TEMPERATURE (F)
 YESTERDAY
  MAXIMUM         40    434 PM  50    1965  30     10       27
  MINIMUM         27   1159 PM -28    1993   9     18       12
  AVERAGE         34                        20     14       20

PRECIPITATION (IN)
  YESTERDAY        0.00          0.65 1951   0.08  -0.08     0.20
  MONTH TO DATE    0.60                      0.55   0.05     0.73
  SINCE DEC 1      4.56                      6.36  -1.80     4.32
  SINCE JAN 1      2.12                      3.21  -1.09     2.60

DEGREE DAYS
 HEATING
  YESTERDAY       31                        46    -15       45
  MONTH TO DATE  209                       322   -113      399
  SINCE DEC 1   2276                      2934   -658     2923
  SINCE JUL 1   3643                      4533   -890     4276

 COOLING
  YESTERDAY        0                         0      0        0
  MONTH TO DATE    0                         0      0        0
  SINCE DEC 1      0                         0      0        0
  SINCE JAN 1      0                         0      0        0
..................................................................


WIND (MPH)
  HIGHEST WIND SPEED    14   HIGHEST WIND DIRECTION    SW (230)
  HIGHEST GUST SPEED    19   HIGHEST GUST DIRECTION     W (250)
  AVERAGE WIND SPEED     6.7


SKY COVER
  AVERAGE SKY COVER 0.6


WEATHER CONDITIONS
 THE FOLLOWING WEATHER WAS RECORDED YESTERDAY.
  FOG
  HAZE


RELATIVE HUMIDITY (PERCENT)
 HIGHEST    85          1000 PM
 LOWEST     50           400 PM
 AVERAGE    68

..........................................................


THE WATERTOWN NY CLIMATE NORMALS FOR TODAY
                         NORMAL    RECORD    YEAR
 MAXIMUM TEMPERATURE (F)   30        48      1990
 MINIMUM TEMPERATURE (F)    9       -22      1967


SUNRISE AND SUNSET
FEBRUARY  8 2016......SUNRISE   714 AM EST   SUNSET   524 PM EST
FEBRUARY  9 2016......SUNRISE   712 AM EST   SUNSET   525 PM EST


-  INDICATES NEGATIVE NUMBERS.
R  INDICATES RECORD WAS SET OR TIED.
MM INDICATES DATA IS MISSING.
T  INDICATES TRACE AMOUNT.




$$
