000
CDUS41 KBUF 281015
CLIART


CLIMATE REPORT
NATIONAL WEATHER SERVICE BUFFALO NY
611 AM EDT THU MAY 28 2015


...................................

...THE WATERTOWN NY CLIMATE SUMMARY FOR MAY 27 2015...

CLIMATE NORMAL PERIOD 1981 TO 2010
CLIMATE RECORD PERIOD 1949 TO 2015


WEATHER ITEM   OBSERVED TIME   RECORD YEAR NORMAL DEPARTURE LAST
                VALUE   (LST)  VALUE       VALUE  FROM      YEAR
                                                  NORMAL
..................................................................
TEMPERATURE (F)
 YESTERDAY
  MAXIMUM         80   1204 PM  87    1960  69     11       77
  MINIMUM         63   1159 PM  32    1969  47     16       56
  AVERAGE         72                        58     14       67

PRECIPITATION (IN)
  YESTERDAY        0.01          1.09 2009   0.11  -0.10     0.09
  MONTH TO DATE    0.98                      2.66  -1.68     3.42
  SINCE MAR 1      3.50                      7.86  -4.36    11.46
  SINCE JAN 1      6.59                     12.74  -6.15    18.56

DEGREE DAYS
 HEATING
  YESTERDAY        0                         8     -8        0
  MONTH TO DATE  198                       305   -107      236
  SINCE MAR 1   2006                      2007     -1     2160
  SINCE JUL 1   7526                      7448     78     7831

 COOLING
  YESTERDAY        7                         1      6        2
  MONTH TO DATE   38                         4     34       23
  SINCE MAR 1     38                         5     33       23
  SINCE JAN 1     38                         5     33       23
..................................................................


WIND (MPH)
  HIGHEST WIND SPEED    20   HIGHEST WIND DIRECTION    SW (230)
  HIGHEST GUST SPEED    29   HIGHEST GUST DIRECTION    SW (230)
  AVERAGE WIND SPEED     9.5


SKY COVER
  AVERAGE SKY COVER 0.4


WEATHER CONDITIONS
 THE FOLLOWING WEATHER WAS RECORDED YESTERDAY.
  LIGHT RAIN


RELATIVE HUMIDITY (PERCENT)
 HIGHEST    79          1200 AM
 LOWEST     57           900 PM
 AVERAGE    68

..........................................................


THE WATERTOWN NY CLIMATE NORMALS FOR TODAY
                         NORMAL    RECORD    YEAR
 MAXIMUM TEMPERATURE (F)   69        85      2012
                                             1955
 MINIMUM TEMPERATURE (F)   47        30      2008
                                             1970


SUNRISE AND SUNSET
MAY 28 2015...........SUNRISE   527 AM EDT   SUNSET   836 PM EDT
MAY 29 2015...........SUNRISE   526 AM EDT   SUNSET   837 PM EDT


-  INDICATES NEGATIVE NUMBERS.
R  INDICATES RECORD WAS SET OR TIED.
MM INDICATES DATA IS MISSING.
T  INDICATES TRACE AMOUNT.




$$
