000
CDUS41 KBUF 200705
CLIART


CLIMATE REPORT
NATIONAL WEATHER SERVICE BUFFALO NY
305 AM EDT WED SEP 20 2017


...................................

...THE WATERTOWN NY CLIMATE SUMMARY FOR SEPTEMBER 19 2017...

CLIMATE NORMAL PERIOD 1981 TO 2010
CLIMATE RECORD PERIOD 1949 TO 2017


WEATHER ITEM   OBSERVED TIME   RECORD YEAR NORMAL DEPARTURE LAST
                VALUE   (LST)  VALUE       VALUE  FROM      YEAR
                                                  NORMAL
..................................................................
TEMPERATURE (F)
 YESTERDAY
  MAXIMUM         82   1258 PM  84    2003  69     13       77
  MINIMUM         60   1140 PM  29    2009  47     13       56
  AVERAGE         71                        58     13       67

PRECIPITATION (IN)
  YESTERDAY        0.00          0.85 1971   0.13  -0.13     0.00
  MONTH TO DATE    1.13                      2.20  -1.07     2.24
  SINCE SEP 1      1.13                      2.20  -1.07     2.24
  SINCE JAN 1     31.86                     24.00   7.86    21.27

DEGREE DAYS
 HEATING
  YESTERDAY        0                         8     -8        0
  MONTH TO DATE  102                        95      7       58
  SINCE SEP 1    102                        95      7       58
  SINCE JUL 1    172                       167      5       69

 COOLING
  YESTERDAY        6                         1      5        2
  MONTH TO DATE   16                        29    -13       47
  SINCE SEP 1     16                        29    -13       47
  SINCE JAN 1    346                       353     -7      561
..................................................................


WIND (MPH)
  HIGHEST WIND SPEED    12   HIGHEST WIND DIRECTION     W (280)
  HIGHEST GUST SPEED    15   HIGHEST GUST DIRECTION     W (270)
  AVERAGE WIND SPEED     2.6


SKY COVER
  AVERAGE SKY COVER 0.0


WEATHER CONDITIONS
 THE FOLLOWING WEATHER WAS RECORDED YESTERDAY.
  FOG


RELATIVE HUMIDITY (PERCENT)
 HIGHEST   100          1200 AM
 LOWEST     58           100 PM
 AVERAGE    79

..........................................................


THE WATERTOWN NY CLIMATE NORMALS FOR TODAY
                         NORMAL    RECORD    YEAR
 MAXIMUM TEMPERATURE (F)   69        88      1983
 MINIMUM TEMPERATURE (F)   47        27      1993


SUNRISE AND SUNSET
SEPTEMBER 20 2017.....SUNRISE   649 AM EDT   SUNSET   705 PM EDT
SEPTEMBER 21 2017.....SUNRISE   650 AM EDT   SUNSET   703 PM EDT


-  INDICATES NEGATIVE NUMBERS.
R  INDICATES RECORD WAS SET OR TIED.
MM INDICATES DATA IS MISSING.
T  INDICATES TRACE AMOUNT.




$$
