000
CDUS41 KBUF 241019
CLIART


CLIMATE REPORT
NATIONAL WEATHER SERVICE BUFFALO NY
619 AM EDT THU JUL 24 2014


...................................

...THE WATERTOWN NY CLIMATE SUMMARY FOR JULY 23 2014...

CLIMATE NORMAL PERIOD 1981 TO 2010
CLIMATE RECORD PERIOD 1949 TO 2014


WEATHER ITEM   OBSERVED TIME   RECORD YEAR NORMAL DEPARTURE LAST
                VALUE   (LST)  VALUE       VALUE  FROM      YEAR
                                                  NORMAL
..................................................................
TEMPERATURE (F)
 YESTERDAY
  MAXIMUM         80    230 PM  93    1964  80      0       82
  MINIMUM         62   1159 PM  39    1981  59      3       66
  AVERAGE         71                        69      2       74

PRECIPITATION (IN)
  YESTERDAY        0.19          0.73 1962   0.09   0.10      T
  MONTH TO DATE    3.68                      1.92   1.76     1.72
  SINCE JUN 1      6.59                      4.77   1.82     7.76
  SINCE JAN 1     25.19                     17.92   7.27    18.38

DEGREE DAYS
 HEATING
  YESTERDAY        0                         1     -1        0
  MONTH TO DATE   13                        24    -11        0
  SINCE JUN 1     75                       131    -56      103
  SINCE JUL 1     13                        24    -11        0

 COOLING
  YESTERDAY        6                         5      1        9
  MONTH TO DATE  111                       104      7      215
  SINCE JUN 1    223                       166     57      289
  SINCE JAN 1    246                       177     69      321
..................................................................


WIND (MPH)
  HIGHEST WIND SPEED    17   HIGHEST WIND DIRECTION    SW (230)
  HIGHEST GUST SPEED    26   HIGHEST GUST DIRECTION    SW (220)
  AVERAGE WIND SPEED     9.2


SKY COVER
  AVERAGE SKY COVER 0.7


WEATHER CONDITIONS
 THE FOLLOWING WEATHER WAS RECORDED YESTERDAY.
  THUNDERSTORM
  RAIN
  LIGHT RAIN
  FOG
  HAZE


RELATIVE HUMIDITY (PERCENT)
 HIGHEST    79          1100 AM
 LOWEST     60           400 PM
 AVERAGE    70

..........................................................


THE WATERTOWN NY CLIMATE NORMALS FOR TODAY
                         NORMAL    RECORD    YEAR
 MAXIMUM TEMPERATURE (F)   80        90      1973
 MINIMUM TEMPERATURE (F)   59        43      2004


SUNRISE AND SUNSET
JULY 24 2014..........SUNRISE   544 AM EDT   SUNSET   837 PM EDT
JULY 25 2014..........SUNRISE   545 AM EDT   SUNSET   836 PM EDT


-  INDICATES NEGATIVE NUMBERS.
R  INDICATES RECORD WAS SET OR TIED.
MM INDICATES DATA IS MISSING.
T  INDICATES TRACE AMOUNT.




$$
