000
CXUS55 KGJT 011122
CF6ASE
PRELIMINARY LOCAL CLIMATOLOGICAL DATA (WS FORM: F-6)
STATION: ASPEN CO
MONTH: JANUARY
YEAR: 2023
LATITUDE: 39 13 N
LONGITUDE: 106 52 W
TEMPERATURE IN F: :PCPN: SNOW: WIND :SUNSHINE: SKY :PK WND
================================================================================
1 2 3 4 5 6A 6B 7 8 9 10 11 12 13 14 15 16 17 18
12Z AVG MX 2MIN
DY MAX MIN AVG DEP HDD CDD WTR SNW DPTH SPD SPD DIR MIN PSBL S-S WX SPD DR
================================================================================
1 41 33 37 17 28 0 0.01 M M 8.6 21 170 M M 8 1 35 150
2 35 15 25 4 40 0 T M M 4.8 15 170 M M 6 1 19 180
3 25 15 20 -1 45 0 0.04 M M 3.5 14 10 M M 10 18 20 10
4 24 3 14 -7 51 0 T M M 6.5 14 10 M M 7 18 21 10
5 33 1 17 -4 48 0 0.00 M M 4.5 12 220 M M 2 14 190
6 33 18 26 5 39 0 0.07 M M 2.7 10 330 M M 10 18 15 20
7 34 8 21 0 44 0 0.08 M M 3.7 10 210 M M 5 18 13 200
8 41 6 24 3 41 0 0.00 M M 4.6 12 190 M M 4 14 200
9 39 14 27 6 38 0 0.00 M M 4.8 13 150 M M 8 19 130
10 41 28 35 14 30 0 T M M 4.9 18 170 M M 10 1 24 140
11 33 20 27 6 38 0 0.04 M M 5.4 21 170 M M 10 18 34 350
12 34 5 20 -1 45 0 0.00 M M 5.0 12 200 M M 0 17 230
13 37 9 23 2 42 0 0.00 M M 4.4 9 180 M M 0 12 200
14 46 14 30 8 35 0 0.00 M M 4.9 20 180 M M 5 25 180
15 37 21 29 7 36 0 T M M 3.1 15 340 M M 9 1 21 360
16 33 16 25 3 40 0 0.07 M M 2.7 9 340 M M 8 18 13 340
17 32 18 25 3 40 0 0.09 M M 4.6 12 20 M M 9 18 15 20
18 23 8 16 -6 49 0 0.04 M M 5.6 14 10 M M 10 1 20 20
19 26 -1 13 -9 52 0 0.00 M M 5.7 12 230 M M 1 8 14 230
20 27 8 18 -4 47 0 0.01 M M 4.3 10 20 M M 8 1 16 230
21 22 4 13 -9 52 0 0.02 M M 3.0 10 330 M M 9 1 14 280
22 28 -2 13 -9 52 0 0.00 M M 4.8 12 210 M M 2 14 290
23 35 2 19 -3 46 0 0.00 M M 5.3 18 160 M M 2 24 170
24 24 4 14 -8 51 0 T M M 4.0 12 310 M M 8 18 19 300
25 21 2 12 -10 53 0 T M M 4.3 15 340 M M 9 89 25 310
26 23 -3 10 -12 55 0 T M M 3.7 13 330 M M 7 18 30
27 22 12 17 -5 48 0 0.04 M M 3.5 12 20 M M 10 18 14 20
28 26 8 17 -6 48 0 0.09 M M 2.8 9 210 M M 9 128 12 30
29 33 7 20 -3 45 0 0.00 M M 4.7 13 240 M M 9 18 20 190
30 32 14 23 0 42 0 0.11 M M 3.5 14 350 M M 9 18 23 350
31 19 -9 5 -18 60 0 0.02 M M 4.9 12 10 M M 3 18 17 340
================================================================================
SM 959 298 1380 0 0.73 M 138.8 M 207
================================================================================
AV 30.9 9.6 4.5 FASTST M M 7 MAX(MPH)
MISC ----> # 21 170 35 150
================================================================================
NOTES:
# LAST OF SEVERAL OCCURRENCES
COLUMN 17 PEAK WIND IN M.P.H.
PRELIMINARY LOCAL CLIMATOLOGICAL DATA (WS FORM: F-6) , PAGE 2
STATION: ASPEN CO
MONTH: JANUARY
YEAR: 2023
LATITUDE: 39 13 N
LONGITUDE: 106 52 W
[TEMPERATURE DATA] [PRECIPITATION DATA] SYMBOLS USED IN COLUMN 16
AVERAGE MONTHLY: 20.3 TOTAL FOR MONTH: 0.73 1 = FOG OR MIST
DPTR FM NORMAL: -1.4 DPTR FM NORMAL: -0.32 2 = FOG REDUCING VISIBILITY
HIGHEST: 46 ON 14 GRTST 24HR 0.15 ON 6-7 TO 1/4 MILE OR LESS
LOWEST: -9 ON 31 3 = THUNDER
SNOW, ICE PELLETS, HAIL 4 = ICE PELLETS
TOTAL MONTH: M 5 = HAIL
GRTST 24HR M ON M 6 = FREEZING RAIN OR DRIZZLE
GRTST DEPTH: M ON M 7 = DUSTSTORM OR SANDSTORM:
VSBY 1/2 MILE OR LESS
8 = SMOKE OR HAZE
[NO. OF DAYS WITH] [WEATHER - DAYS WITH] 9 = BLOWING SNOW
X = TORNADO
MAX 32 OR BELOW: 15 0.01 INCH OR MORE: 14
MAX 90 OR ABOVE: 0 0.10 INCH OR MORE: 1
MIN 32 OR BELOW: 30 0.50 INCH OR MORE: 0
MIN 0 OR BELOW: 4 1.00 INCH OR MORE: 0
[HDD (BASE 65) ]
TOTAL THIS MO. 1380 CLEAR (SCALE 0-3) 7
DPTR FM NORMAL 36 PTCLDY (SCALE 4-7) 9
TOTAL FM JUL 1 4808 CLOUDY (SCALE 8-10) 15
DPTR FM NORMAL 107
[CDD (BASE 65) ]
TOTAL THIS MO. 0
DPTR FM NORMAL 0 [PRESSURE DATA]
TOTAL FM JAN 1 0 HIGHEST SLP 30.68 ON 12
DPTR FM NORMAL 0 LOWEST SLP 29.34 ON 15
[REMARKS]
#FINAL-01-23#