000
CXUS55 KGJT 020826
CLMASE
CLIMATE REPORT
NATIONAL WEATHER SERVICE GRAND JUNCTION CO
126 AM MST SAT MAR 02 2024
...................................
...THE ASPEN CO CLIMATE SUMMARY FOR THE MONTH OF FEBRUARY 2024...
CLIMATE NORMAL PERIOD 1991 TO 2020
CLIMATE RECORD PERIOD 9999 TO 9999
WEATHER OBSERVED NORMAL DEPART LAST YEAR`S
VALUE DATE(S) VALUE FROM VALUE DATE(S)
NORMAL
................................................................
TEMPERATURE (F)
HIGHEST 48 02/06 MM MM 47 02/05
02/25
LOWEST -7 02/28 MM MM -12 02/16
AVG. MAXIMUM 39.1 38.0 1.1 33.7
AVG. MINIMUM 14.4 12.4 2.0 6.3
MEAN 26.7 25.2 1.5 20.0
DAYS MAX >= 90 0 0.0 0.0 0
DAYS MAX <= 32 7 9.6 -2.6 12
DAYS MIN <= 32 29 27.9 1.1 28
DAYS MIN <= 0 1 3.9 -2.9 8
PRECIPITATION (INCHES)
TOTALS 0.89 0.90 -0.01 0.64
DAILY AVG. 0.03 0.03 0.00 0.02
DAYS >= .01 13 10.9 2.1 10
DAYS >= .10 3 3.1 -0.1 3
DAYS >= .50 0 0.1 -0.1 0
DAYS >= 1.00 0 0.0 0.0 0
GREATEST
24 HR. TOTAL 0.24 02/02 TO 02/03 0.18
SNOWFALL (INCHES)
TOTALS MM MM MM MM
SINCE 7/1 MM MM MM MM
SNOWDEPTH AVG. MM MM
DAYS >= 1.0 MM MM MM MM
GREATEST
SNOW DEPTH MM MM MM
24 HR TOTAL MM MM
DEGREE DAYS
HEATING TOTAL 1102 1114 -12 1251
SINCE 7/1 5583 5892 -309 6059
COOLING TOTAL 0 0 0 0
SINCE 1/1 0 0 0 0
................................................................
WIND (MPH)
AVERAGE WIND SPEED 5.6
HIGHEST WIND SPEED/DIRECTION 29/150 DATE 02/06
HIGHEST GUST SPEED/DIRECTION 43/210 DATE 02/26
SKY COVER
POSSIBLE SUNSHINE (PERCENT) MM
AVERAGE SKY COVER 0.50
NUMBER OF DAYS FAIR 9
NUMBER OF DAYS PC 11
NUMBER OF DAYS CLOUDY 9
AVERAGE RH (PERCENT) 64
WEATHER CONDITIONS. NUMBER OF DAYS WITH
THUNDERSTORM 0 MIXED PRECIP 0
HEAVY RAIN 0 RAIN 0
LIGHT RAIN 2 FREEZING RAIN 0
LT FREEZING RAIN 0 HAIL 0
HEAVY SNOW 1 SNOW 5
LIGHT SNOW 16 SLEET 0
FOG 14 FOG W/VIS <= 1/4 MILE 1
HAZE 10
- INDICATES NEGATIVE NUMBERS.
R INDICATES RECORD WAS SET OR TIED.
MM INDICATES DATA IS MISSING.
T INDICATES TRACE AMOUNT.
$$