000
CXUS52 KFFC 011010
CF6ATL
PRELIMINARY LOCAL CLIMATOLOGICAL DATA (WS FORM: F-6)
STATION: ATLANTA
MONTH: AUGUST
YEAR: 2022
LATITUDE: 33 39 N
LONGITUDE: 84 26 W
TEMPERATURE IN F: :PCPN: SNOW: WIND :SUNSHINE: SKY :PK WND
================================================================================
1 2 3 4 5 6A 6B 7 8 9 10 11 12 13 14 15 16 17 18
12Z AVG MX 2MIN
DY MAX MIN AVG DEP HDD CDD WTR SNW DPTH SPD SPD DIR MIN PSBL S-S WX SPD DR
================================================================================
1 85 73 79 -2 0 14 T 0.0 M 6.6 15 290 M M 7 21 290
2 92 73 83 2 0 18 0.00 0.0 M 8.1 17 240 M M 7 27 250
3 90 74 82 1 0 17 0.01 0.0 M 5.1 20 100 M M 8 3 27 120
4 91 70 81 0 0 16 0.56 0.0 M 5.9 26 160 M M 6 3 38 150
5 91 73 82 1 0 17 0.19 0.0 M 5.6 22 210 M M 6 3 29 200
6 91 72 82 1 0 17 1.20 0.0 M 6.9 23 40 M M 6 13 29 90
7 90 71 81 0 0 16 0.00 0.0 M 3.8 15 210 M M 7 3 23 220
8 91 72 82 1 0 17 T 0.0 M 4.9 16 80 M M 7 3 21 10
9 90 72 81 0 0 16 1.19 0.0 M 5.8 25 190 M M 7 3 38 170
10 85 71 78 -3 0 13 0.86 0.0 M 5.7 32 210 M M 8 138 44 210
11 87 71 79 -2 0 14 0.46 0.0 M 5.1 17 190 M M 7 13 23 200
12 89 72 81 0 0 16 0.01 0.0 M 7.7 16 320 M M 6 23 360
13 84 71 78 -3 0 13 0.00 0.0 M 8.1 17 90 M M 5 22 80
14 89 70 80 0 0 15 0.00 0.0 M 5.4 12 210 M M 4 17 240
15 91 73 82 2 0 17 0.13 0.0 M 7.7 29 270 M M 7 13 43 280
16 88 71 80 0 0 15 0.00 0.0 M 7.8 15 340 M M 6 1 22 320
17 82 67 75 -5 0 10 0.73 0.0 M 7.2 21 40 M M 9 1 26 40
18 81 68 75 -5 0 10 T 0.0 0 5.8 13 80 M M 8 18 50
19 78 72 75 -5 0 10 0.21 0.0 M 6.3 10 90 M M 9 1 15 100
20 86 71 79 -1 0 14 0.04 0.0 M 3.6 20 200 M M 8 138 29 200
21 86 70 78 -2 0 13 0.01 0.0 0 6.9 13 260 M M 8 1 19 260
22 83 73 78 -2 0 13 T 0.0 M 6.9 15 320 M M 9 13 19 330
23 87 72 80 0 0 15 0.00 0.0 0 6.4 13 280 M M 9 1 15 210
24 84 72 78 -2 0 13 0.19 0.0 M 4.6 16 180 M M 10 13 24 160
25 83 70 77 -2 0 12 0.59 0.0 M 3.4 10 220 M M 8 1 14 230
26 88 72 80 1 0 15 0.13 0.0 M 4.2 10 320 M M 7 1 14 280
27 90 73 82 3 0 17 T 0.0 M 4.0 12 30 M M 6 3 19 40
28 89 73 81 2 0 16 0.00 0.0 0 5.6 14 130 M M 4 18 120
29 90 73 82 3 0 17 0.00 0.0 M 6.1 13 80 M M 3 17 90
30 91 72 82 3 0 17 0.28 0.0 0 5.1 32 330 M M 7 138 42 330
31 89 72 81 3 0 16 0.00 0.0 M 7.9 14 290 M M 4 1 18 290
================================================================================
SM 2711 2219 0 459 6.79 0.0 184.2 M 213
================================================================================
AV 87.5 71.6 5.9 FASTST M M 7 MAX(MPH)
MISC ----> # 32 210 44 210
================================================================================
NOTES:
# LAST OF SEVERAL OCCURRENCES
COLUMN 17 PEAK WIND IN M.P.H.
PRELIMINARY LOCAL CLIMATOLOGICAL DATA (WS FORM: F-6) , PAGE 2
STATION: ATLANTA
MONTH: AUGUST
YEAR: 2022
LATITUDE: 33 39 N
LONGITUDE: 84 26 W
[TEMPERATURE DATA] [PRECIPITATION DATA] SYMBOLS USED IN COLUMN 16
AVERAGE MONTHLY: 79.5 TOTAL FOR MONTH: 6.79 1 = FOG OR MIST
DPTR FM NORMAL: -0.7 DPTR FM NORMAL: 2.49 2 = FOG REDUCING VISIBILITY
HIGHEST: 92 ON 2 GRTST 24HR 1.28 ON 9-10 TO 1/4 MILE OR LESS
LOWEST: 67 ON 17 3 = THUNDER
SNOW, ICE PELLETS, HAIL 4 = ICE PELLETS
TOTAL MONTH: 0.0 INCH 5 = HAIL
GRTST 24HR 0.0 6 = FREEZING RAIN OR DRIZZLE
GRTST DEPTH: 0 7 = DUSTSTORM OR SANDSTORM:
VSBY 1/2 MILE OR LESS
8 = SMOKE OR HAZE
[NO. OF DAYS WITH] [WEATHER - DAYS WITH] 9 = BLOWING SNOW
X = TORNADO
MAX 32 OR BELOW: 0 0.01 INCH OR MORE: 17
MAX 90 OR ABOVE: 12 0.10 INCH OR MORE: 13
MIN 32 OR BELOW: 0 0.50 INCH OR MORE: 6
MIN 0 OR BELOW: 0 1.00 INCH OR MORE: 2
[HDD (BASE 65) ]
TOTAL THIS MO. 0 CLEAR (SCALE 0-3) 1
DPTR FM NORMAL 0 PTCLDY (SCALE 4-7) 22
TOTAL FM JUL 1 0 CLOUDY (SCALE 8-10) 8
DPTR FM NORMAL 0
[CDD (BASE 65) ]
TOTAL THIS MO. 459
DPTR FM NORMAL -11 [PRESSURE DATA]
TOTAL FM JAN 1 1844 HIGHEST SLP 30.29 ON 6
DPTR FM NORMAL 196 LOWEST SLP 29.82 ON 15
[REMARKS]
#FINAL-08-22#