000
CXUS52 KFFC 011010
CF6ATL
PRELIMINARY LOCAL CLIMATOLOGICAL DATA (WS FORM: F-6)
STATION: ATLANTA
MONTH: MARCH
YEAR: 2022
LATITUDE: 33 39 N
LONGITUDE: 84 26 W
TEMPERATURE IN F: :PCPN: SNOW: WIND :SUNSHINE: SKY :PK WND
================================================================================
1 2 3 4 5 6A 6B 7 8 9 10 11 12 13 14 15 16 17 18
12Z AVG MX 2MIN
DY MAX MIN AVG DEP HDD CDD WTR SNW DPTH SPD SPD DIR MIN PSBL S-S WX SPD DR
================================================================================
1 69 42 56 4 9 0 0.00 0.0 0 5.7 16 310 M M 2 20 300
2 78 47 63 11 2 0 0.00 0.0 0 7.6 15 330 M M 0 23 320
3 80 51 66 14 0 1 0.00 0.0 0 7.2 15 300 M M 1 20 320
4 77 53 65 12 0 0 0.00 0.0 M 8.5 18 80 M M 2 8 24 90
5 78 51 65 12 0 0 0.00 0.0 0 8.5 18 180 M M 5 1 31 180
6 80 58 69 16 0 4 0.00 0.0 M 8.1 17 180 M M 5 24 170
7 75 55 65 12 0 0 0.15 0.0 0 8.9 28 320 M M 6 1 37 310
8 55 46 51 -3 14 0 1.16 0.0 0 7.2 16 90 M M 9 138 20 90
9 57 49 53 -1 12 0 0.45 0.0 0 8.1 17 310 M M 10 13 23 310
10 68 46 57 3 8 0 0.00 0.0 M 7.2 16 80 M M 6 1 24 70
11 59 48 54 0 11 0 T 0.0 0 8.1 15 80 M M 10 128 20 70
12 54 28 41 -14 24 0 1.07 M M 20.3 38 320 M M 6 13 56 300
13 55 25 40 -15 25 0 0.00 0.0 M 5.2 16 320 M M 0 22 330
14 66 37 52 -3 13 0 0.00 0.0 M 4.4 15 180 M M 3 21 140
15 68 48 58 3 7 0 0.32 0.0 0 9.0 17 100 M M 8 1 26 90
16 65 53 59 3 6 0 0.97 0.0 M 10.8 22 250 M M 9 13 29 260
17 74 49 62 6 3 0 0.00 0.0 M 4.5 10 250 M M 5 12 15 220
18 60 53 57 1 8 0 0.77 0.0 M 7.3 38 270 M M 8 13 54 270
19 67 48 58 2 7 0 T M M 11.9 22 330 M M 5 1 31 320
20 69 41 55 -2 10 0 0.00 0.0 0 10.6 23 330 M M 1 30 340
21 73 44 59 2 6 0 0.00 0.0 0 6.4 15 100 M M 4 20 110
22 76 51 64 7 1 0 T 0.0 M 11.7 22 150 M M 7 34 150
23 77 58 68 11 0 3 0.52 0.0 M 13.8 25 180 M M 8 1 36 180
24 68 46 57 -1 8 0 0.00 0.0 M 9.1 23 270 M M 4 32 260
25 63 47 55 -3 10 0 0.00 0.0 M 11.5 26 290 M M 5 39 280
26 65 46 56 -2 9 0 0.00 0.0 0 16.1 32 300 M M 0 44 290
27 65 43 54 -4 11 0 0.00 0.0 M 12.7 23 280 M M 2 33 280
28 67 42 55 -3 10 0 0.00 0.0 0 9.1 17 300 M M 4 27 340
29 75 51 63 4 2 0 0.00 0.0 M 6.9 13 80 M M 7 24 130
30 83 55 69 10 0 4 0.00 0.0 M 13.8 30 180 M M 8 8 46 160
31 73 53 63 4 2 0 0.65 0.0 0 13.2 25 180 M M 6 1 42 180
================================================================================
SM 2139 1464 218 12 6.06 0.0 293.4 M 156
================================================================================
AV 69.0 47.2 9.5 FASTST M M 5 MAX(MPH)
MISC ----> # 38 320 56 300
================================================================================
NOTES:
# LAST OF SEVERAL OCCURRENCES
COLUMN 17 PEAK WIND IN M.P.H.
PRELIMINARY LOCAL CLIMATOLOGICAL DATA (WS FORM: F-6) , PAGE 2
STATION: ATLANTA
MONTH: MARCH
YEAR: 2022
LATITUDE: 33 39 N
LONGITUDE: 84 26 W
[TEMPERATURE DATA] [PRECIPITATION DATA] SYMBOLS USED IN COLUMN 16
AVERAGE MONTHLY: 58.1 TOTAL FOR MONTH: 6.06 1 = FOG OR MIST
DPTR FM NORMAL: 2.5 DPTR FM NORMAL: 1.38 2 = FOG REDUCING VISIBILITY
HIGHEST: 83 ON 30 GRTST 24HR 1.61 ON 8- 9 TO 1/4 MILE OR LESS
LOWEST: 25 ON 13 3 = THUNDER
SNOW, ICE PELLETS, HAIL 4 = ICE PELLETS
TOTAL MONTH: 0.0 INCH 5 = HAIL
GRTST 24HR 0.0 6 = FREEZING RAIN OR DRIZZLE
GRTST DEPTH: 0 7 = DUSTSTORM OR SANDSTORM:
VSBY 1/2 MILE OR LESS
8 = SMOKE OR HAZE
[NO. OF DAYS WITH] [WEATHER - DAYS WITH] 9 = BLOWING SNOW
X = TORNADO
MAX 32 OR BELOW: 0 0.01 INCH OR MORE: 9
MAX 90 OR ABOVE: 0 0.10 INCH OR MORE: 9
MIN 32 OR BELOW: 2 0.50 INCH OR MORE: 6
MIN 0 OR BELOW: 0 1.00 INCH OR MORE: 2
[HDD (BASE 65) ]
TOTAL THIS MO. 218 CLEAR (SCALE 0-3) 9
DPTR FM NORMAL -90 PTCLDY (SCALE 4-7) 17
TOTAL FM JUL 1 1936 CLOUDY (SCALE 8-10) 5
DPTR FM NORMAL -452
[CDD (BASE 65) ]
TOTAL THIS MO. 12
DPTR FM NORMAL -5 [PRESSURE DATA]
TOTAL FM JAN 1 29 HIGHEST SLP 30.48 ON 13
DPTR FM NORMAL 9 LOWEST SLP 29.56 ON 12
[REMARKS]
#FINAL-03-22#