000
CXUS52 KFFC 022222
CLMATL
CLIMATE REPORT
NATIONAL WEATHER SERVICE PEACHTREE CITY GA
522 PM EST SAT DEC 02 2023
...................................
...THE ATLANTA CLIMATE SUMMARY FOR THE MONTH OF NOVEMBER 2023...
CLIMATE NORMAL PERIOD: 1991 TO 2020
CLIMATE RECORD PERIOD: 1878 TO 2023
WEATHER OBSERVED NORMAL DEPART LAST YEAR`S
VALUE DATE(S) VALUE FROM VALUE DATE(S)
NORMAL
................................................................
TEMPERATURE (F)
RECORD
HIGH 84 11/03/2016
11/02/1961
01/16/2445718
LOW 3 11/25/1950
HIGHEST 81 11/07 83 -2 83 11/06
11/07
LOWEST 28 11/29 17 11 30 11/18
AVG. MAXIMUM 65.2 64.1 1.1 65.5
AVG. MINIMUM 46.9 44.2 2.7 47.8
MEAN 56.0 54.2 1.8 56.6
DAYS MAX >= 90 0 0.0 0.0 0
DAYS MAX <= 32 0 0.0 0.0 0
DAYS MIN <= 32 1 2.9 -1.9 2
DAYS MIN <= 0 0 0.0 0.0 0
PRECIPITATION (INCHES)
RECORD
MAXIMUM 15.72 1948
MINIMUM 0.18 1890
TOTALS 2.01 3.98 -1.97 4.23
DAILY AVG. 0.07 0.13 -0.06 0.14
DAYS >= .01 4 7.9 -3.9 8
DAYS >= .10 2 5.8 -3.8 8
DAYS >= .50 2 2.6 -0.6 4
DAYS >= 1.00 1 1.2 -0.2 1
GREATEST
24 HR. TOTAL 1.23 11/21 TO 11/21 1.85 11/29 TO 11/30
SNOWFALL (INCHES)
RECORDS
TOTAL T 2020
24 HR TOTAL T 11/29/2011 TO 11/29/2011
11/21/2005 TO 11/21/2005
TOTALS 0.0 0.0 0.0 0.0
SINCE 7/1 0.0 0.0 0.0 MM
SNOWDEPTH AVG. MM 0
DAYS >= TRACE 0 0.0 0.0 0
DAYS >= 1.0 0 0.0 0.0 0
GREATEST
24 HR TOTAL MM MM
DEGREE DAYS
HEATING TOTAL 271 336 -65 284
SINCE 7/1 339 440 -101 MM
COOLING TOTAL 8 10 -2 40
SINCE 1/1 2221 2048 173 MM
................................................................
WIND (MPH)
AVERAGE WIND SPEED 8.1
HIGHEST WIND SPEED/DIRECTION 29/130 DATE 11/21
HIGHEST GUST SPEED/DIRECTION 44/130 DATE 11/21
SKY COVER
POSSIBLE SUNSHINE (PERCENT) MM
AVERAGE SKY COVER 0.53
NUMBER OF DAYS FAIR 11
NUMBER OF DAYS PC 7
NUMBER OF DAYS CLOUDY 12
AVERAGE RH (PERCENT) 61
WEATHER CONDITIONS. NUMBER OF DAYS WITH
THUNDERSTORM 1 MIXED PRECIP 1
HEAVY RAIN 1 RAIN 7
LIGHT RAIN 8 FREEZING RAIN 0
LT FREEZING RAIN 0 HAIL 0
HEAVY SNOW 0 SNOW 0
LIGHT SNOW 0 SLEET 0
FOG 7 FOG W/VIS <= 1/4 MILE 1
HAZE 2
- INDICATES NEGATIVE NUMBERS.
R INDICATES RECORD WAS SET OR TIED.
MM INDICATES DATA IS MISSING.
T INDICATES TRACE AMOUNT.
$$