000
CXUS54 KEWX 051854
CF6ATT
PRELIMINARY LOCAL CLIMATOLOGICAL DATA (WS FORM: F-6)
STATION: AUSTIN CAMP MABRY
MONTH: JUNE
YEAR: 2022
LATITUDE: 30 17 N
LONGITUDE: 97 42 W
TEMPERATURE IN F: :PCPN: SNOW: WIND :SUNSHINE: SKY :PK WND
================================================================================
1 2 3 4 5 6A 6B 7 8 9 10 11 12 13 14 15 16 17 18
12Z AVG MX 2MIN
DY MAX MIN AVG DEP HDD CDD WTR SNW DPTH SPD SPD DIR MIN PSBL S-S WX SPD DR
================================================================================
1 97 77 87 6 0 22 T 0.0 0 6.0 18 110 M M 5 31 100
2 92 73 83 2 0 18 0.00 0.0 0 3.2 14 30 M M 4 27 20
3 93 72 83 2 0 18 T 0.0 0 3.6 12 350 M M 2 24 300
4 93 68 81 -1 0 16 0.60 0.0 0 3.5 10 20 M M 2 13 22 30
5 99 71 85 3 0 20 0.00 0.0 0 6.7 16 150 M M 0 28 120
6 103 76 90 8 0 25 0.00 0.0 0 9.3 17 150 M M 3 32 220
7 103 77 90 8 0 25 0.00 0.0 0 8.5 16 150 M M 4 29 170
8 101 76 89 7 0 24 0.00 0.0 0 5.1 12 100 M M 3 28 150
9 101 76 89 7 0 24 0.00 0.0 0 3.1 12 150 M M 2 22 180
10 103 77 90 7 0 25 0.00 0.0 0 3.8 12 150 M M 1 24 170
11 104 77 91 8 0 26 0.00 0.0 0 5.2 10 160 M M 0 22 170
12 105 77 91 8 0 26 0.00 0.0 0 6.5 15 140 M M 1 29 130
13 102 77 90 7 0 25 0.00 0.0 0 8.5 16 150 M M 3 31 170
14 101 78 90 7 0 25 0.00 0.0 0 8.4 18 150 M M 3 34 130
15 98 79 89 6 0 24 0.00 0.0 0 7.2 15 150 M M 4 28 150
16 103 76 90 7 0 25 0.00 0.0 0 5.4 13 120 M M 2 22 170
17 100 75 88 5 0 23 0.00 0.0 0 3.6 13 140 M M 1 22 180
18 100 75 88 4 0 23 0.00 0.0 0 5.6 14 130 M M 0 20 150
19 102 75 89 5 0 24 0.00 0.0 0 3.8 13 120 M M 0 23 150
20 103 74 89 5 0 24 0.00 0.0 0 4.6 12 110 M M 0 21 160
21 101 78 90 6 0 25 0.00 0.0 0 5.3 16 130 M M 2 31 100
22 101 76 89 5 0 24 0.00 0.0 0 3.4 10 140 M M 1 18 160
23 104 77 91 7 0 26 0.00 0.0 0 2.9 10 130 M M 0 20 170
24 103 76 90 6 0 25 0.00 0.0 0 4.7 13 140 M M 0 27 190
25 103 75 89 5 0 24 0.00 0.0 0 5.4 13 150 M M 0 26 160
26 103 74 89 5 0 24 0.00 0.0 0 3.0 9 190 M M 0 17 200
27 102 70 86 2 0 21 1.68 0.0 0 4.9 25 360 M M 3 123 44 20
28 94 72 83 -1 0 18 0.00 0.0 0 2.8 13 20 M M 3 26 30
29 99 69 84 0 0 19 0.00 0.0 0 2.2 8 140 M M 0 17 110
30 99 76 88 4 0 23 0.00 0.0 0 3.9 13 120 M M 1 22 120
================================================================================
SM 3012 2249 0 691 2.28 0.0 150.1 M 50
================================================================================
AV100.4 75.0 5.0 FASTST M M 2 MAX(MPH)
MISC ----> 25 360 44 20
================================================================================
NOTES:
# LAST OF SEVERAL OCCURRENCES
COLUMN 17 PEAK WIND IN M.P.H.
PRELIMINARY LOCAL CLIMATOLOGICAL DATA (WS FORM: F-6) , PAGE 2
STATION: AUSTIN CAMP MABRY
MONTH: JUNE
YEAR: 2022
LATITUDE: 30 17 N
LONGITUDE: 97 42 W
[TEMPERATURE DATA] [PRECIPITATION DATA] SYMBOLS USED IN COLUMN 16
AVERAGE MONTHLY: 87.7 TOTAL FOR MONTH: 2.28 1 = FOG OR MIST
DPTR FM NORMAL: 4.7 DPTR FM NORMAL: -1.40 2 = FOG REDUCING VISIBILITY
HIGHEST: 105 ON 12 GRTST 24HR 1.68 ON 27-27 TO 1/4 MILE OR LESS
LOWEST: 68 ON 4 3 = THUNDER
SNOW, ICE PELLETS, HAIL 4 = ICE PELLETS
TOTAL MONTH: 0.0 INCH 5 = HAIL
GRTST 24HR 0.0 6 = FREEZING RAIN OR DRIZZLE
GRTST DEPTH: 0 7 = DUSTSTORM OR SANDSTORM:
VSBY 1/2 MILE OR LESS
8 = SMOKE OR HAZE
[NO. OF DAYS WITH] [WEATHER - DAYS WITH] 9 = BLOWING SNOW
X = TORNADO
MAX 32 OR BELOW: 0 0.01 INCH OR MORE: 2
MAX 90 OR ABOVE: 30 0.10 INCH OR MORE: 2
MIN 32 OR BELOW: 0 0.50 INCH OR MORE: 2
MIN 0 OR BELOW: 0 1.00 INCH OR MORE: 1
[HDD (BASE 65) ]
TOTAL THIS MO. 0 CLEAR (SCALE 0-3) 25
DPTR FM NORMAL 0 PTCLDY (SCALE 4-7) 5
TOTAL FM JUL 1 1284 CLOUDY (SCALE 8-10) 0
DPTR FM NORMAL -159
[CDD (BASE 65) ]
TOTAL THIS MO. 691
DPTR FM NORMAL 150 [PRESSURE DATA]
TOTAL FM JAN 1 1593 HIGHEST SLP 30.14 ON 28
DPTR FM NORMAL 403 LOWEST SLP 29.59 ON 6
[REMARKS]
#FINAL-06-22#