000
CXUS53 KGID 020241
CF6AUH
PRELIMINARY LOCAL CLIMATOLOGICAL DATA (WS FORM: F-6)
STATION: AURORA NE
MONTH: FEBRUARY
YEAR: 2024
LATITUDE: 40 54 N
LONGITUDE: 97 59 W
TEMPERATURE IN F: :PCPN: SNOW: WIND :SUNSHINE: SKY :PK WND
================================================================================
1 2 3 4 5 6A 6B 7 8 9 10 11 12 13 14 15 16 17 18
12Z AVG MX 2MIN
DY MAX MIN AVG DEP HDD CDD WTR SNW DPTH SPD SPD DIR MIN PSBL S-S WX SPD DR
================================================================================
1 54 32 43 M 22 0 0.00 M M 5.2 10 40 M M 2 1 M M
2 53 34 44 M 21 0 0.00 M M 9.2 13 100 M M 4 1 22 100
3 42 38 40 M 25 0 0.43 M M 14.9 20 100 M M 10 12 27 90
4 40 32 36 M 29 0 0.22 M M 11.3 16 40 M M 10 12 20 50
5 42 29 36 M 29 0 0.00 M M 5.7 9 210 M M 6 12 M M
6 52 30 41 M 24 0 0.00 M M 10.8 16 160 M M 1 1 23 200
7 53 40 47 M 18 0 T M M 19.1 24 170 M M 4 33 180
8 49 33 41 M 24 0 T M M 13.4 23 190 M M 4 31 190
9 45 27 36 M 29 0 0.00 M M 8.4 15 350 M M 0 17 350
10 32 28 30 M 35 0 0.00 M M 8.2 14 20 M M 10 18 360
11 42 26 34 M 31 0 0.00 M M 5.2 13 320 M M 5 17 320
12 54 23 39 M 26 0 0.00 M M 6.0 9 310 M M 1 M M
13 54 28 41 M 24 0 0.00 M M 4.8 13 60 M M 2 M M
14 58 28 43 M 22 0 0.00 M M 12.6 28 350 M M 3 38 260
15 37 24 31 M 34 0 0.00 M M 9.7 25 360 M M 6 30 360
16 28 8 18 M 47 0 M M M 15.2 21 350 M M 7 25 40
17 39 8 24 M 41 0 0.00 M M 12.5 17 290 M M 0 23 290
18 52 17 35 M 30 0 0.00 M M 7.5 15 260 M M 0 M M
19 57 26 42 M 23 0 0.00 M M 8.1 16 320 M M 0 23 300
20 70 25 48 M 17 0 0.00 M M 11.3 23 230 M M 1 30 230
21 67 28 48 M 17 0 0.00 M M 6.3 12 50 M M 0 16 110
22 61 30 46 M 19 0 0.00 M M 12.0 24 350 M M 3 29 350
23 60 29 45 M 20 0 0.00 M M 14.9 33 330 M M 0 40 320
24 64 21 43 M 22 0 0.00 M M 11.0 31 270 M M 0 40 270
25 65 31 48 M 17 0 0.00 M M 10.0 23 310 M M 0 28 310
26 78 32 55 M 10 0 0.00 M M 13.8 31 270 M M 0 41 270
27 46 11 29 M 36 0 M M M 23.4 36 360 M M 5 47 360
28 40 2 21 M 44 0 0.00 M M 11.2 21 340 M M 0 27 340
29 61 29 45 M 20 0 0.00 M M 20.1 30 210 M M 0 39 200
================================================================================
SM 1495 749 756 0 M M 321.8 M 84
================================================================================
AV 51.6 25.8 11.1 FASTST M M 3 MAX(MPH)
MISC ----> 36 360 M M
================================================================================
NOTES:
# LAST OF SEVERAL OCCURRENCES
COLUMN 17 PEAK WIND IN M.P.H.
PRELIMINARY LOCAL CLIMATOLOGICAL DATA (WS FORM: F-6) , PAGE 2
STATION: AURORA NE
MONTH: FEBRUARY
YEAR: 2024
LATITUDE: 40 54 N
LONGITUDE: 97 59 W
[TEMPERATURE DATA] [PRECIPITATION DATA] SYMBOLS USED IN COLUMN 16
AVERAGE MONTHLY: 38.7 TOTAL FOR MONTH: M 1 = FOG OR MIST
DPTR FM NORMAL: M DPTR FM NORMAL: M 2 = FOG REDUCING VISIBILITY
HIGHEST: 78 ON 26 GRTST 24HR M ON M TO 1/4 MILE OR LESS
LOWEST: 2 ON 28 3 = THUNDER
SNOW, ICE PELLETS, HAIL 4 = ICE PELLETS
TOTAL MONTH: M 5 = HAIL
GRTST 24HR M ON M 6 = FREEZING RAIN OR DRIZZLE
GRTST DEPTH: M ON M 7 = DUSTSTORM OR SANDSTORM:
VSBY 1/2 MILE OR LESS
8 = SMOKE OR HAZE
[NO. OF DAYS WITH] [WEATHER - DAYS WITH] 9 = BLOWING SNOW
X = TORNADO
MAX 32 OR BELOW: 2 0.01 INCH OR MORE: M
MAX 90 OR ABOVE: 0 0.10 INCH OR MORE: M
MIN 32 OR BELOW: 25 0.50 INCH OR MORE: M
MIN 0 OR BELOW: 0 1.00 INCH OR MORE: M
[HDD (BASE 65) ]
TOTAL THIS MO. 756 CLEAR (SCALE 0-3) 18
DPTR FM NORMAL M PTCLDY (SCALE 4-7) 8
TOTAL FM JUL 1 4286 CLOUDY (SCALE 8-10) 3
DPTR FM NORMAL M
[CDD (BASE 65) ]
TOTAL THIS MO. 0
DPTR FM NORMAL M [PRESSURE DATA]
TOTAL FM JAN 1 0 HIGHEST SLP M ON M
DPTR FM NORMAL M LOWEST SLP M ON M
[REMARKS]
#FINAL-02-24#