000
CXUS54 KBMX 011110
CF6AUO
PRELIMINARY LOCAL CLIMATOLOGICAL DATA (WS FORM: F-6)
STATION: AUBURN AWOS
MONTH: AUGUST
YEAR: 2019
LATITUDE: 32 34 N
LONGITUDE: 85 30 W
TEMPERATURE IN F: :PCPN: SNOW: WIND :SUNSHINE: SKY :PK WND
================================================================================
1 2 3 4 5 6A 6B 7 8 9 10 11 12 13 14 15 16 17 18
12Z AVG MX 2MIN
DY MAX MIN AVG DEP HDD CDD WTR SNW DPTH SPD SPD DIR MIN PSBL S-S WX SPD DR
================================================================================
1 92 70 81 M 0 16 0.04 0.0 0 4.2 9 180 M M 1 3 M M
2 87 70 79 M 0 14 0.03 0.0 0 3.9 7 20 M M 4 M M
3 83 71 77 M 0 12 1.09 0.0 0 3.1 9 320 M M 3 13 M M
4 86 70 78 M 0 13 0.54 0.0 0 4.4 7 330 M M 4 13 M M
5 89 70 80 M 0 15 0.00 0.0 0 4.6 10 170 M M 2 18 M M
6 91 72 82 M 0 17 0.01 0.0 0 4.0 8 320 M M 4 1 M M
7 93 74 84 M 0 19 0.00 0.0 0 5.8 15 200 M M 2 M M
8 92 73 83 M 0 18 0.22 0.0 M 3.9 9 340 M M 1 3 M M
9 93 73 83 M 0 18 0.00 0.0 0 5.5 10 330 M M 1 16 330
10 91 75 83 M 0 18 0.00 0.0 0 6.3 16 320 M M 1 3 21 260
11 93 74 84 M 0 19 0.06 0.0 0 2.8 9 20 M M 4 13 M M
12 96 76 86 M 0 21 0.04 0.0 0 2.6 7 130 M M 1 3 M M
13 93 76 85 M 0 20 0.00 0.0 0 3.6 8 200 M M 1 3 M M
14 96 74 85 M 0 20 0.07 0.0 0 5.4 10 150 M M 2 8 M M
15 96 75 86 M 0 21 0.00 0.0 0 5.3 9 350 M M 1 M M
16 96 69 83 M 0 18 0.00 0.0 0 5.5 8 290 M M 0 M M
17 97 69 83 M 0 18 0.00 0.0 0 3.8 10 180 M M 0 M M
18 94 71 83 M 0 18 0.00 0.0 0 5.6 9 160 M M 3 1 M M
19 91 73 82 M 0 17 0.08 0.0 0 4.1 16 200 M M 2 12 20 200
20 92 70 81 M 0 16 0.00 0.0 0 2.9 21 140 M M 2 28 140
21 92 71 82 M 0 17 M 0.0 0 4.8 9 190 M M 2 12 M M
22 92 78 85 M 0 20 0.04 0.0 0 5.4 13 170 M M 1 3 M M
23 92 74 83 M 0 18 0.02 M 0 4.5 17 200 M M 3 3 M M
24 90 72 81 M 0 16 T 0.0 0 3.9 7 190 M M 1 3 M M
25 79 70 75 M 0 10 0.03 0.0 0 8.1 12 90 M M 10 1 16 120
26 78 70 74 M 0 9 0.43 0.0 0 7.4 10 110 M M 10 1 16 110
27 85 70 78 M 0 13 0.12 0.0 0 6.4 9 220 M M 8 13 M M
28 89 69 79 M 0 14 0.00 0.0 0 6.1 14 330 M M 2 17 330
29 M M M M M M 0.00 0.0 0 7.5 12 340 M M 0 M M
30 M M M M M M 0.00 0.0 0 6.6 12 20 M M 0 16 40
31 M M M M M M 0.29 M 0 7.2 13 50 M M 6 M M
================================================================================
SM 2538 2019 0 465 3.11 0.0 155.2 M 82
================================================================================
AV 90.6 72.1 5.0 FASTST M M 3 MAX(MPH)
MISC ----> # 21 140 # 28 140
================================================================================
NOTES:
# LAST OF SEVERAL OCCURRENCES
COLUMN 17 PEAK WIND IN M.P.H.
PRELIMINARY LOCAL CLIMATOLOGICAL DATA (WS FORM: F-6) , PAGE 2
STATION: AUBURN AWOS
MONTH: AUGUST
YEAR: 2019
LATITUDE: 32 34 N
LONGITUDE: 85 30 W
[TEMPERATURE DATA] [PRECIPITATION DATA] SYMBOLS USED IN COLUMN 16
AVERAGE MONTHLY: 81.4 TOTAL FOR MONTH: 3.11 1 = FOG OR MIST
DPTR FM NORMAL: M DPTR FM NORMAL: M 2 = FOG REDUCING VISIBILITY
HIGHEST: 97 ON 17 GRTST 24HR 1.09 ON 3- 3 TO 1/4 MILE OR LESS
LOWEST: 69 ON 28,17 3 = THUNDER
SNOW, ICE PELLETS, HAIL 4 = ICE PELLETS
TOTAL MONTH: 0.0 INCH 5 = HAIL
GRTST 24HR 0.0 6 = FREEZING RAIN OR DRIZZLE
GRTST DEPTH: 0 7 = DUSTSTORM OR SANDSTORM:
VSBY 1/2 MILE OR LESS
8 = SMOKE OR HAZE
[NO. OF DAYS WITH] [WEATHER - DAYS WITH] 9 = BLOWING SNOW
X = TORNADO
MAX 32 OR BELOW: 0 0.01 INCH OR MORE: 16
MAX 90 OR ABOVE: 20 0.10 INCH OR MORE: 6
MIN 32 OR BELOW: 0 0.50 INCH OR MORE: 2
MIN 0 OR BELOW: 0 1.00 INCH OR MORE: 1
[HDD (BASE 65) ]
TOTAL THIS MO. 0 CLEAR (SCALE 0-3) 22
DPTR FM NORMAL M PTCLDY (SCALE 4-7) 7
TOTAL FM JUL 1 0 CLOUDY (SCALE 8-10) 2
DPTR FM NORMAL M
[CDD (BASE 65) ]
TOTAL THIS MO. 465
DPTR FM NORMAL M [PRESSURE DATA]
TOTAL FM JAN 1 1778 HIGHEST SLP M ON M
DPTR FM NORMAL M LOWEST SLP M ON M
[REMARKS]
#FINAL-08-19#