000
CXUS53 KGRB 021327
CLSAUW
CLIMATE REPORT
NATIONAL WEATHER SERVICE GREEN BAY
827 AM CDT THU JUN 02 2022
...................................
...THE WAUSAU WI CLIMATE SUMMARY FOR THE SEASON, FROM
3/1/2022 TO 5/31/2022...
CLIMATE NORMAL PERIOD: 1991 TO 2020
CLIMATE RECORD PERIOD: 1896 TO 2022
WEATHER OBSERVED NORMAL DEPART LAST YEAR`S
VALUE DATE(S) VALUE FROM VALUE DATE(S)
NORMAL
................................................................
TEMPERATURE (F)
RECORD
HIGH 104 05/31/1934
LOW -33 03/01/1962
HIGHEST 93 05/12 84 9 85 05/01
LOWEST -3 03/12 -2 -1 10 03/02
AVG. MAXIMUM 52.7 53.4 -0.7 58.3
AVG. MINIMUM 34.9 32.5 2.4 37.1
MEAN 43.8 43.0 0.8 47.7
DAYS MAX >= 90 2 0.2 1.8 0
DAYS MAX <= 32 7 8.2 -1.2 1
DAYS MIN <= 32 43 42.8 0.2 39
DAYS MIN <= 0 1 2.0 -1.0 0
PRECIPITATION (INCHES)
RECORD
MAXIMUM 17.21 1942
MINIMUM 2.60 1931
TOTALS 10.47 8.74 1.73 7.98
DAILY AVG. 0.11 0.10 0.01 0.09
DAYS >= .01 39 34.8 4.2 36
DAYS >= .10 24 20.1 3.9 20
DAYS >= .50 6 5.8 0.2 6
DAYS >= 1.00 1 1.3 -0.3 0
SNOWFALL (INCHES)
RECORDS
TOTAL 46.7 2018
24 HR TOTAL MM
TOTALS 14.9 15.0 -0.1 2.7
SINCE 7/1 65.7 64.3 1.4 33.0
DAYS >= TRACE 23 10.1 12.9 9
DAYS >= 1.0 4 4.8 -0.8 0
GREATEST
SNOW DEPTH 11R 03/14 8 03/01
03/02
24 HR TOTAL MM
DEGREE DAYS
HEATING TOTAL 2003 2046 -43 1617
SINCE 7/1 7547 8098 -551 7634
COOLING TOTAL 77 22 55 43
SINCE 1/1 77 22 55 43
FREEZE DATES
RECORD
EARLIEST 08/30/1915
LATEST 06/12/1903
EARLIEST 10/22
LATEST 05/12
................................................................
WIND (MPH)
AVERAGE WIND SPEED 9.1
RESULTANT WIND SPEED/DIRECTION 1/230
HIGHEST WIND SPEED/DIRECTION 33/280 DATE 05/14
HIGHEST GUST SPEED/DIRECTION 50/300 DATE 05/19
SKY COVER
POSSIBLE SUNSHINE (PERCENT) MM
AVERAGE SKY COVER 0.53
NUMBER OF DAYS FAIR 32
NUMBER OF DAYS PC 30
NUMBER OF DAYS CLOUDY 30
AVERAGE RH (PERCENT) 60
WEATHER CONDITIONS. NUMBER OF DAYS WITH
THUNDERSTORM 13 MIXED PRECIP 0
HEAVY RAIN 7 RAIN 20
LIGHT RAIN 40 FREEZING RAIN 3
LT FREEZING RAIN 3 HAIL 0
HEAVY SNOW 2 SNOW 6
LIGHT SNOW 25 SLEET 0
FOG 32 FOG W/VIS <= 1/4 MILE 4
HAZE 42
- INDICATES NEGATIVE NUMBERS.
R INDICATES RECORD WAS SET OR TIED.
MM INDICATES DATA IS MISSING.
T INDICATES TRACE AMOUNT.
$$