000
CXUS51 KBGM 010908 CCA
CF6AVP
PRELIMINARY LOCAL CLIMATOLOGICAL DATA (WS FORM: F-6)
STATION: AVOCA PA
MONTH: JUNE
YEAR: 2021
LATITUDE: 41 19 N
LONGITUDE: 75 44 W
TEMPERATURE IN F: :PCPN: SNOW: WIND :SUNSHINE: SKY :PK WND
================================================================================
1 2 3 4 5 6A 6B 7 8 9 10 11 12 13 14 15 16 17 18
12Z AVG MX 2MIN
DY MAX MIN AVG DEP HDD CDD WTR SNW DPTH SPD SPD DIR MIN PSBL S-S WX SPD DR
================================================================================
1 76 48 62 -3 3 0 0.00 0.0 M 3.8 13 220 M M 0 18 240
2 72 55 64 -1 1 0 0.05 0.0 M 2.3 10 260 M M 2 1 15 260
3 74 60 67 1 0 2 0.01 0.0 M 4.7 12 220 M M 9 17 160
4 76 61 69 3 0 4 0.16 0.0 M 2.9 9 350 M M 4 13 12 350
5 90 57 74 8 0 9 0.00 0.0 M 7.1 17 240 M M 1 1 24 220
6 90 62 76 10 0 11 0.00 0.0 M 5.9 20 240 M M 1 25 220
7 90 66 78 11 0 13 0.18 0.0 M 3.3 16 160 M M 3 38 27 200
8 83 69 76 9 0 11 0.73 0.0 M 2.0 18 320 M M 5 13 22 320
9 88 68 78 11 0 13 0.00 0.0 M 4.3 10 120 M M 7 123 15 120
10 86 66 76 8 0 11 0.00 0.0 M 4.5 9 120 M M 1 16 170
11 68 59 64 -4 1 0 0.05 0.0 M 2.9 8 190 M M 9 12 150
12 76 59 68 0 0 3 0.00 0.0 M 2.3 6 100 M M 8 9 120
13 78 63 71 3 0 6 0.00 0.0 M 3.5 10 240 M M 7 16 170
14 83 62 73 4 0 8 0.08 0.0 M 5.5 30 320 M M 5 13 44 330
15 72 58 65 -4 0 0 T 0.0 M 6.7 18 340 M M 8 1 26 340
16 73 51 62 -7 3 0 0.00 0.0 M 7.2 17 330 M M 1 23 300
17 75 45 60 -10 5 0 0.00 0.0 M 5.6 14 280 M M 0 20 340
18 84 50 67 -3 0 2 T 0.0 M 7.4 18 240 M M 2 24 270
19 88 61 75 5 0 10 0.28 0.0 M 6.0 16 270 M M 6 13 24 250
20 86 60 73 3 0 8 0.00 0.0 M 5.0 15 240 M M 5 1 20 240
21 89 69 79 8 0 14 0.25 0.0 M 5.4 21 280 M M 3 13 29 290
22 72 50 61 -10 4 0 0.35 0.0 M 5.8 16 340 M M 7 1 22 330
23 74 44 59 -12 6 0 0.00 0.0 M 4.5 14 340 M M 1 20 300
24 77 51 64 -7 1 0 0.00 0.0 M 5.6 12 210 M M 0 22 220
25 79 53 66 -6 0 1 0.00 0.0 M 4.6 13 180 M M 0 24 180
26 87 67 77 5 0 12 0.00 0.0 M 6.8 14 210 M M 4 22 210
27 90 70 80 8 0 15 0.00 0.0 M 6.9 16 240 M M 3 23 260
28 95 73 84 12 0 19 0.00 0.0 M 6.5 17 270 M M 0 20 280
29 97 73 85 13 0 20 0.03 0.0 M 5.7 18 360 M M 2 13 27 350
30 93 68 81 9 0 16 0.83 0.0 M 6.0 16 330 M M 3 138 22 240
================================================================================
SM 2461 1798 24 208 3.00 0.0 150.7 M 107
================================================================================
AV 82.0 59.9 5.0 FASTST M M 4 MAX(MPH)
MISC ----> 30 320 44 330
================================================================================
NOTES:
# LAST OF SEVERAL OCCURRENCES
COLUMN 17 PEAK WIND IN M.P.H.
PRELIMINARY LOCAL CLIMATOLOGICAL DATA (WS FORM: F-6) , PAGE 2
STATION: AVOCA PA
MONTH: JUNE
YEAR: 2021
LATITUDE: 41 19 N
LONGITUDE: 75 44 W
[TEMPERATURE DATA] [PRECIPITATION DATA] SYMBOLS USED IN COLUMN 16
AVERAGE MONTHLY: 71.0 TOTAL FOR MONTH: 3.00 1 = FOG OR MIST
DPTR FM NORMAL: 2.0 DPTR FM NORMAL: -0.80 2 = FOG REDUCING VISIBILITY
HIGHEST: 97 ON 29 GRTST 24HR 0.86 ON 29-30 TO 1/4 MILE OR LESS
LOWEST: 44 ON 23 3 = THUNDER
SNOW, ICE PELLETS, HAIL 4 = ICE PELLETS
TOTAL MONTH: 0.0 INCH 5 = HAIL
GRTST 24HR 0.0 6 = FREEZING RAIN OR DRIZZLE
GRTST DEPTH: 0 7 = DUSTSTORM OR SANDSTORM:
VSBY 1/2 MILE OR LESS
8 = SMOKE OR HAZE
[NO. OF DAYS WITH] [WEATHER - DAYS WITH] 9 = BLOWING SNOW
X = TORNADO
MAX 32 OR BELOW: 0 0.01 INCH OR MORE: 12
MAX 90 OR ABOVE: 7 0.10 INCH OR MORE: 7
MIN 32 OR BELOW: 0 0.50 INCH OR MORE: 2
MIN 0 OR BELOW: 0 1.00 INCH OR MORE: 0
[HDD (BASE 65) ]
TOTAL THIS MO. 24 CLEAR (SCALE 0-3) 15
DPTR FM NORMAL -9 PTCLDY (SCALE 4-7) 12
TOTAL FM JUL 1 5283 CLOUDY (SCALE 8-10) 3
DPTR FM NORMAL -457
[CDD (BASE 65) ]
TOTAL THIS MO. 208
DPTR FM NORMAL 55 [PRESSURE DATA]
TOTAL FM JAN 1 275 HIGHEST SLP 30.36 ON 24
DPTR FM NORMAL 64 LOWEST SLP 29.53 ON 21
[REMARKS]
#FINAL-06-21#
8TH WARMEST JUNE (RECORD 73.0 IN 1943)
CORRECTED SNOW DEPTH ON DAY 25