000
CXUS54 KEWX 011010
CF6BAZ
PRELIMINARY LOCAL CLIMATOLOGICAL DATA (WS FORM: F-6)
STATION: NEW BRAUNFELS
MONTH: JULY
YEAR: 2023
LATITUDE: 29 43 N
LONGITUDE: 98 3 W
TEMPERATURE IN F: :PCPN: SNOW: WIND :SUNSHINE: SKY :PK WND
================================================================================
1 2 3 4 5 6A 6B 7 8 9 10 11 12 13 14 15 16 17 18
12Z AVG MX 2MIN
DY MAX MIN AVG DEP HDD CDD WTR SNW DPTH SPD SPD DIR MIN PSBL S-S WX SPD DR
================================================================================
1 102 76 89 5 0 24 T M M 9.2 21 350 M M 5 31 180
2 98 77 88 4 0 23 T M M 6.1 15 160 M M 1 20 190
3 97 76 87 3 0 22 T M M 8.4 21 150 M M 1 29 150
4 98 76 87 3 0 22 T M M 8.6 20 160 M M 1 25 150
5 97 79 88 4 0 23 T M M 10.9 20 140 M M 4 26 150
6 91 75 83 -1 0 18 T M M 10.9 28 150 M M 6 38 140
7 92 75 84 0 0 19 T M M 9.0 21 170 M M 8 26 170
8 101 75 88 4 0 23 0.00 M M 8.5 21 170 M M 4 26 170
9 103 77 90 6 0 25 0.00 M M 10.0 21 180 M M 3 27 160
10 104 76 90 6 0 25 0.00 M M 10.3 21 160 M M 2 29 160
11 105 78 92 8 0 27 0.00 0.0 M 10.5 23 150 M M 2 29 150
12 106 81 94 10 0 29 0.00 0.0 0 13.5 16 170 M M 4 M M
13 107 79 93 9 0 28 0.00 M M 13.3 23 160 M M 2 30 170
14 105 78 92 8 0 27 0.00 M M 12.5 23 150 M M 2 33 200
15 106 78 92 8 0 27 0.00 M M 10.2 18 160 M M 3 8 26 180
16 106 77 92 8 0 27 0.00 M M 8.5 17 160 M M 1 8 23 160
17 105 72 89 5 0 24 0.00 M M 9.7 20 160 M M 0 24 160
18 105 77 91 6 0 26 0.00 M M 10.3 22 160 M M 2 31 170
19 105 77 91 6 0 26 0.00 M M 10.0 22 160 M M 2 29 170
20 104 78 91 6 0 26 0.00 M M 10.9 22 170 M M 2 29 170
21 103 76 90 5 0 25 0.00 M M 7.7 14 140 M M 1 19 130
22 104 76 90 5 0 25 0.00 M M 6.3 14 110 M M 0 21 150
23 102 77 90 5 0 25 T M M 4.1 30 40 M M 2 3 41 50
24 103 73 88 3 0 23 0.00 M M 6.2 21 160 M M 1 25 150
25 102 74 88 3 0 23 0.00 M M 8.7 20 160 M M 1 26 160
26 103 78 91 6 0 26 0.00 M M 9.7 21 160 M M 3 8 28 140
27 101 76 89 4 0 24 0.00 M M 9.2 20 160 M M 2 8 28 160
28 101 74 88 3 0 23 0.00 M M 7.2 20 160 M M 1 8 27 170
29 101 72 87 2 0 22 0.00 M M 6.5 21 170 M M 0 26 170
30 103 75 89 3 0 24 0.00 M M 6.3 16 180 M M 0 21 170
31 104 77 91 5 0 26 0.00 M M 7.9 17 120 M M 0 25 130
================================================================================
SM 3164 2365 0 757 T 0.0 281.1 M 66
================================================================================
AV102.1 76.3 9.1 FASTST M M 2 MAX(MPH)
MISC ----> 30 40 41 50
================================================================================
NOTES:
# LAST OF SEVERAL OCCURRENCES
COLUMN 17 PEAK WIND IN M.P.H.
PRELIMINARY LOCAL CLIMATOLOGICAL DATA (WS FORM: F-6) , PAGE 2
STATION: NEW BRAUNFELS
MONTH: JULY
YEAR: 2023
LATITUDE: 29 43 N
LONGITUDE: 98 3 W
[TEMPERATURE DATA] [PRECIPITATION DATA] SYMBOLS USED IN COLUMN 16
AVERAGE MONTHLY: 89.2 TOTAL FOR MONTH: T 1 = FOG OR MIST
DPTR FM NORMAL: 4.7 DPTR FM NORMAL: -2.21 2 = FOG REDUCING VISIBILITY
HIGHEST: 107 ON 13 GRTST 24HR T ON 1- 1 TO 1/4 MILE OR LESS
LOWEST: 72 ON 29,17 3 = THUNDER
SNOW, ICE PELLETS, HAIL 4 = ICE PELLETS
TOTAL MONTH: 0.0 INCH 5 = HAIL
GRTST 24HR 0.0 6 = FREEZING RAIN OR DRIZZLE
GRTST DEPTH: 0 7 = DUSTSTORM OR SANDSTORM:
VSBY 1/2 MILE OR LESS
8 = SMOKE OR HAZE
[NO. OF DAYS WITH] [WEATHER - DAYS WITH] 9 = BLOWING SNOW
X = TORNADO
MAX 32 OR BELOW: 0 0.01 INCH OR MORE: 0
MAX 90 OR ABOVE: 31 0.10 INCH OR MORE: 0
MIN 32 OR BELOW: 0 0.50 INCH OR MORE: 0
MIN 0 OR BELOW: 0 1.00 INCH OR MORE: 0
[HDD (BASE 65) ]
TOTAL THIS MO. 0 CLEAR (SCALE 0-3) 25
DPTR FM NORMAL 0 PTCLDY (SCALE 4-7) 6
TOTAL FM JUL 1 0 CLOUDY (SCALE 8-10) 0
DPTR FM NORMAL 0
[CDD (BASE 65) ]
TOTAL THIS MO. 757
DPTR FM NORMAL 153 [PRESSURE DATA]
TOTAL FM JAN 1 2088 HIGHEST SLP 30.12 ON 25
DPTR FM NORMAL 315 LOWEST SLP 29.75 ON 13
[REMARKS]
#FINAL-07-23#