000
CXUS54 KEWX 011010
CF6BAZ
PRELIMINARY LOCAL CLIMATOLOGICAL DATA (WS FORM: F-6)
STATION: NEW BRAUNFELS
MONTH: MARCH
YEAR: 2023
LATITUDE: 29 43 N
LONGITUDE: 98 3 W
TEMPERATURE IN F: :PCPN: SNOW: WIND :SUNSHINE: SKY :PK WND
================================================================================
1 2 3 4 5 6A 6B 7 8 9 10 11 12 13 14 15 16 17 18
12Z AVG MX 2MIN
DY MAX MIN AVG DEP HDD CDD WTR SNW DPTH SPD SPD DIR MIN PSBL S-S WX SPD DR
================================================================================
1 88 70 79 20 0 14 0.00 M M 9.0 18 150 M M 7 18 24 190
2 84 56 70 11 0 5 0.31 M M 14.8 43 300 M M 8 138 58 300
3 77 53 65 6 0 0 0.02 M M 13.2 33 290 M M 0 3 48 300
4 81 43 62 2 3 0 0.00 M M 6.6 16 180 M M 0 22 180
5 81 50 66 6 0 1 0.00 M M 7.3 17 140 M M 3 128 25 170
6 83 57 70 10 0 5 T M M 5.1 15 170 M M 7 18 21 170
7 81 62 72 12 0 7 T M M 6.2 15 150 M M 8 128 19 150
8 87 64 76 15 0 11 0.00 M M 8.6 20 150 M M 6 18 24 140
9 87 67 77 16 0 12 0.00 M M 10.7 21 170 M M 6 18 27 180
10 78 60 69 8 0 4 0.00 M M 8.5 17 20 M M 5 24 40
11 92 60 76 15 0 11 0.00 M M 11.1 22 190 M M 4 18 31 190
12 82 59 71 9 0 6 0.00 M M 12.6 23 360 M M 1 12 30 40
13 71 53 62 0 3 0 0.00 M M 11.9 24 50 M M 2 32 50
14 71 48 60 -2 5 0 0.00 M M 9.8 17 70 M M 4 23 50
15 76 49 63 1 2 0 0.00 M M 11.4 24 160 M M 9 8 32 160
16 84 59 72 9 0 7 0.07 M M 13.2 37 10 M M 7 1 47 20
17 60 43 52 -11 13 0 0.82 M M 16.4 30 10 M M 7 13 42 360
18 53 44 49 -14 16 0 0.08 M M 8.7 22 60 M M 9 39 30
19 60 43 52 -12 13 0 0.00 M M 6.3 12 190 M M 4 16 210
20 57 40 49 -15 16 0 0.01 M M 8.8 17 160 M M 9 1 24 140
21 71 53 62 -2 3 0 0.23 M M 9.9 20 170 M M 10 12 27 170
22 82 69 76 12 0 11 T M M 14.2 22 180 M M 10 1 27 180
23 83 70 77 12 0 12 0.00 0.0 0 15.8 28 170 M M 9 36 180
24 89 55 72 7 0 7 0.09 0.0 0 11.1 22 260 M M 4 1 32 260
25 83 52 68 3 0 3 0.00 M M 8.3 21 320 M M 1 28 360
26 82 50 66 1 0 1 0.00 M M 4.9 12 180 M M 3 18 21 170
27 140 63 102 36 0 37 M M M 11.0 15 60 M M 8 1 22 30
28 73 54 64 -2 1 0 0.06 0.0 0 17.4 33 30 M M 3 48 20
29 69 51 60 -6 5 0 0.00 M M 7.7 15 50 M M 9 19 50
30 78 62 70 4 0 5 0.07 M M 11.7 22 180 M M 10 128 27 180
31 87 67 77 10 0 12 0.00 M M 10.0 23 200 M M 4 18 32 220
================================================================================
SM 2470 1726 80 171 1.76 0.0 322.2 M 177
================================================================================
AV 79.7 55.7 10.4 FASTST M M 6 MAX(MPH)
MISC ----> 43 300 58 300
================================================================================
NOTES:
# LAST OF SEVERAL OCCURRENCES
COLUMN 17 PEAK WIND IN M.P.H.
PRELIMINARY LOCAL CLIMATOLOGICAL DATA (WS FORM: F-6) , PAGE 2
STATION: NEW BRAUNFELS
MONTH: MARCH
YEAR: 2023
LATITUDE: 29 43 N
LONGITUDE: 98 3 W
[TEMPERATURE DATA] [PRECIPITATION DATA] SYMBOLS USED IN COLUMN 16
AVERAGE MONTHLY: 67.7 TOTAL FOR MONTH: 1.76 1 = FOG OR MIST
DPTR FM NORMAL: 4.9 DPTR FM NORMAL: -0.73 2 = FOG REDUCING VISIBILITY
HIGHEST: 140 ON 27 GRTST 24HR 0.89 ON 16-17 TO 1/4 MILE OR LESS
LOWEST: 40 ON 20 3 = THUNDER
SNOW, ICE PELLETS, HAIL 4 = ICE PELLETS
TOTAL MONTH: 0.0 INCH 5 = HAIL
GRTST 24HR 0.0 6 = FREEZING RAIN OR DRIZZLE
GRTST DEPTH: 0 7 = DUSTSTORM OR SANDSTORM:
VSBY 1/2 MILE OR LESS
8 = SMOKE OR HAZE
[NO. OF DAYS WITH] [WEATHER - DAYS WITH] 9 = BLOWING SNOW
X = TORNADO
MAX 32 OR BELOW: 0 0.01 INCH OR MORE: 10
MAX 90 OR ABOVE: 2 0.10 INCH OR MORE: 3
MIN 32 OR BELOW: 0 0.50 INCH OR MORE: 1
MIN 0 OR BELOW: 0 1.00 INCH OR MORE: 0
[HDD (BASE 65) ]
TOTAL THIS MO. 80 CLEAR (SCALE 0-3) 6
DPTR FM NORMAL -64 PTCLDY (SCALE 4-7) 16
TOTAL FM JUL 1 1171 CLOUDY (SCALE 8-10) 9
DPTR FM NORMAL -237
[CDD (BASE 65) ]
TOTAL THIS MO. 171
DPTR FM NORMAL 97 [PRESSURE DATA]
TOTAL FM JAN 1 231 HIGHEST SLP 30.55 ON 19
DPTR FM NORMAL 122 LOWEST SLP 29.28 ON 2
[REMARKS]
#FINAL-03-23#