000
CXUS54 KEWX 011110
CF6BAZ
PRELIMINARY LOCAL CLIMATOLOGICAL DATA (WS FORM: F-6)
STATION: NEW BRAUNFELS
MONTH: JANUARY
YEAR: 2024
LATITUDE: 29 43 N
LONGITUDE: 98 3 W
TEMPERATURE IN F: :PCPN: SNOW: WIND :SUNSHINE: SKY :PK WND
================================================================================
1 2 3 4 5 6A 6B 7 8 9 10 11 12 13 14 15 16 17 18
12Z AVG MX 2MIN
DY MAX MIN AVG DEP HDD CDD WTR SNW DPTH SPD SPD DIR MIN PSBL S-S WX SPD DR
================================================================================
1 60 44 52 0 13 0 0.00 0.0 0 11.5 24 10 M M 5 12 30 360
2 52 46 49 -3 16 0 M 0.0 0 9.9 18 10 M M 10 138 27 280
3 54 44 49 -3 16 0 M 0.0 0 8.1 17 350 M M 9 20 350
4 59 44 52 0 13 0 0.05 M M 7.1 16 120 M M 10 1 23 110
5 68 46 57 5 8 0 0.01 M M 7.9 21 300 M M 4 27 290
6 69 35 52 0 13 0 0.00 M M 6.3 18 260 M M 0 24 240
7 67 36 52 0 13 0 T M M 9.4 23 140 M M 3 30 150
8 76 55 66 14 0 1 0.62 M M 15.6 35 320 M M 7 1 53 300
9 59 34 47 -5 18 0 0.00 M M 15.7 36 320 M M 0 54 310
10 69 31 50 -2 15 0 0.00 M M 8.1 26 220 M M 0 34 200
11 76 39 58 6 7 0 0.00 M M 8.5 22 190 M M 4 12 27 200
12 67 34 51 -1 14 0 T M M 15.0 39 320 M M 2 1 55 310
13 66 29 48 -4 17 0 0.00 M M 6.9 20 220 M M 0 8 25 210
14 49 22 36 -16 29 0 0.00 M M 16.8 24 20 M M 9 1 30 30
15 29 20 25 -27 40 0 T M M 16.7 25 10 M M 9 1 34 10
16 37 19 28 -24 37 0 0.00 M M 12.3 25 10 M M 0 36 360
17 48 15 32 -20 33 0 0.00 M M 6.2 17 190 M M 2 21 200
18 74 32 53 1 12 0 0.00 M M 9.2 20 230 M M 1 25 240
19 52 34 43 -9 22 0 0.00 M M 17.1 30 10 M M 0 41 10
20 41 26 34 -18 31 0 M M M 10.4 18 50 M M 5 23 60
21 41 38 40 -12 25 0 0.07 M M 9.0 15 60 M M 10 18 20 60
22 63 39 51 -2 14 0 1.98 M M 6.6 16 40 M M 9 123 21 30
23 69 56 63 10 2 0 0.32 M M 4.1 15 360 M M 10 123 20 50
24 59 57 58 5 7 0 1.72 M M 8.3 18 320 M M 10 13 22 320
25 64 45 55 2 10 0 0.02 M M 5.6 22 110 M M 3 12 25 110
26 59 51 55 2 10 0 M M M 7.0 9 40 M M 10 12 M M
27 66 46 56 3 9 0 0.00 M M 10.9 28 340 M M 2 35 350
28 70 41 56 3 9 0 M M M 6.3 12 10 M M 0 M M
29 71 39 55 2 10 0 0.00 M M 6.4 14 200 M M 0 19 210
30 72 43 58 4 7 0 0.00 M M 5.3 12 270 M M 0 15 270
31 72 42 57 3 8 0 M M M 4.8 8 140 M M 0 M M
================================================================================
SM 1878 1182 478 1 4.79 0.0 293.0 M 134
================================================================================
AV 60.6 38.1 9.5 FASTST M M 4 MAX(MPH)
MISC ----> 39 320 55 310
================================================================================
NOTES:
# LAST OF SEVERAL OCCURRENCES
COLUMN 17 PEAK WIND IN M.P.H.
PRELIMINARY LOCAL CLIMATOLOGICAL DATA (WS FORM: F-6) , PAGE 2
STATION: NEW BRAUNFELS
MONTH: JANUARY
YEAR: 2024
LATITUDE: 29 43 N
LONGITUDE: 98 3 W
[TEMPERATURE DATA] [PRECIPITATION DATA] SYMBOLS USED IN COLUMN 16
AVERAGE MONTHLY: 49.4 TOTAL FOR MONTH: 4.79 1 = FOG OR MIST
DPTR FM NORMAL: -2.8 DPTR FM NORMAL: 2.65 2 = FOG REDUCING VISIBILITY
HIGHEST: 76 ON 11, 8 GRTST 24HR 3.84 ON 21-22 TO 1/4 MILE OR LESS
LOWEST: 15 ON 17 3 = THUNDER
SNOW, ICE PELLETS, HAIL 4 = ICE PELLETS
TOTAL MONTH: 0.0 INCH 5 = HAIL
GRTST 24HR 0.0 6 = FREEZING RAIN OR DRIZZLE
GRTST DEPTH: 0 7 = DUSTSTORM OR SANDSTORM:
VSBY 1/2 MILE OR LESS
8 = SMOKE OR HAZE
[NO. OF DAYS WITH] [WEATHER - DAYS WITH] 9 = BLOWING SNOW
X = TORNADO
MAX 32 OR BELOW: 1 0.01 INCH OR MORE: 8
MAX 90 OR ABOVE: 0 0.10 INCH OR MORE: 4
MIN 32 OR BELOW: 8 0.50 INCH OR MORE: 3
MIN 0 OR BELOW: 0 1.00 INCH OR MORE: 2
[HDD (BASE 65) ]
TOTAL THIS MO. 478 CLEAR (SCALE 0-3) 15
DPTR FM NORMAL 73 PTCLDY (SCALE 4-7) 6
TOTAL FM JUL 1 910 CLOUDY (SCALE 8-10) 10
DPTR FM NORMAL -82
[CDD (BASE 65) ]
TOTAL THIS MO. 1
DPTR FM NORMAL -9 [PRESSURE DATA]
TOTAL FM JAN 1 1 HIGHEST SLP M ON M
DPTR FM NORMAL -9 LOWEST SLP 29.47 ON 11
[REMARKS]
#FINAL-01-24#