000
CXUS54 KEWX 011010
CF6BAZ
PRELIMINARY LOCAL CLIMATOLOGICAL DATA (WS FORM: F-6)
STATION: NEW BRAUNFELS
MONTH: AUGUST
YEAR: 2021
LATITUDE: 29 43 N
LONGITUDE: 98 3 W
TEMPERATURE IN F: :PCPN: SNOW: WIND :SUNSHINE: SKY :PK WND
================================================================================
1 2 3 4 5 6A 6B 7 8 9 10 11 12 13 14 15 16 17 18
12Z AVG MX 2MIN
DY MAX MIN AVG DEP HDD CDD WTR SNW DPTH SPD SPD DIR MIN PSBL S-S WX SPD DR
================================================================================
1 97 74 86 0 0 21 T M M 5.4 15 360 M M 1 13 20 150
2 92 71 82 -4 0 17 2.18 M M 6.3 18 340 M M 5 13 27 330
3 93 74 84 -2 0 19 0.00 M M 5.8 14 20 M M 5 18 30
4 92 74 83 -3 0 18 0.00 M M 6.2 13 70 M M 1 18 20 60
5 85 76 81 -5 0 16 0.22 0.0 0 5.2 13 70 M M 5 13 18 60
6 93 75 84 -2 0 19 0.00 0.0 0 6.7 22 170 M M 3 1 27 170
7 93 74 84 -2 0 19 0.00 M M 9.5 18 180 M M 3 1 25 190
8 94 78 86 0 0 21 0.00 M M 14.4 23 170 M M 5 31 180
9 95 77 86 0 0 21 0.00 M M 12.5 23 160 M M 5 30 180
10 95 76 86 0 0 21 0.00 M M 11.1 22 150 M M 3 28 150
11 95 74 85 -1 0 20 T M M 8.5 23 150 M M 3 1 29 150
12 95 75 85 -1 0 20 0.00 M M 7.4 23 150 M M 3 1 27 150
13 95 72 84 -2 0 19 0.00 M M 4.9 21 160 M M 2 1 28 160
14 96 72 84 -2 0 19 0.00 M M 3.2 10 110 M M 2 1 14 110
15 94 72 83 -3 0 18 T M M 3.7 25 50 M M 2 13 35 50
16 93 70 82 -4 0 17 0.00 M M 5.0 13 140 M M 2 1 17 120
17 95 72 84 -1 0 19 0.00 M M 6.6 17 150 M M 2 1 23 160
18 97 78 88 3 0 23 0.02 M M 10.4 23 130 M M 5 1 27 130
19 96 78 87 2 0 22 0.00 M M 12.0 21 180 M M 4 28 190
20 96 75 86 1 0 21 0.00 M M 9.8 21 150 M M 4 1 32 130
21 97 74 86 1 0 21 0.00 M M 8.3 21 150 M M 4 1 27 140
22 96 72 84 -1 0 19 0.00 M M 6.0 14 160 M M 4 1 20 190
23 97 70 84 -1 0 19 0.00 M M 6.5 15 140 M M 3 1 21 170
24 96 71 84 -1 0 19 0.00 M M 4.7 15 180 M M 2 1 26 150
25 96 72 84 0 0 19 0.00 M M 3.8 14 140 M M 2 1 17 140
26 98 73 86 2 0 21 0.00 M M 4.3 22 70 M M 2 30 80
27 91 73 82 -2 0 17 0.38 M M 4.3 20 100 M M 3 138 25 90
28 92 74 83 -1 0 18 0.81 M M 4.4 20 140 M M 4 138 43 130
29 95 73 84 0 0 19 T M M 4.2 12 70 M M 4 1 19 40
30 91 74 83 -1 0 18 0.27 M M 3.0 20 10 M M 2 13 25 40
31 98 72 85 2 0 20 0.00 M M 4.6 14 140 M M 0 17 140
================================================================================
SM 2928 2285 0 600 3.88 0.0 208.7 M 95
================================================================================
AV 94.5 73.7 6.7 FASTST M M 3 MAX(MPH)
MISC ----> 25 50 43 130
================================================================================
NOTES:
# LAST OF SEVERAL OCCURRENCES
COLUMN 17 PEAK WIND IN M.P.H.
PRELIMINARY LOCAL CLIMATOLOGICAL DATA (WS FORM: F-6) , PAGE 2
STATION: NEW BRAUNFELS
MONTH: AUGUST
YEAR: 2021
LATITUDE: 29 43 N
LONGITUDE: 98 3 W
[TEMPERATURE DATA] [PRECIPITATION DATA] SYMBOLS USED IN COLUMN 16
AVERAGE MONTHLY: 84.1 TOTAL FOR MONTH: 3.88 1 = FOG OR MIST
DPTR FM NORMAL: -1.0 DPTR FM NORMAL: 1.87 2 = FOG REDUCING VISIBILITY
HIGHEST: 98 ON 31,26 GRTST 24HR 2.18 ON 2- 2 TO 1/4 MILE OR LESS
LOWEST: 70 ON 23,16 3 = THUNDER
SNOW, ICE PELLETS, HAIL 4 = ICE PELLETS
TOTAL MONTH: 0.0 INCH 5 = HAIL
GRTST 24HR 0.0 6 = FREEZING RAIN OR DRIZZLE
GRTST DEPTH: 0 7 = DUSTSTORM OR SANDSTORM:
VSBY 1/2 MILE OR LESS
8 = SMOKE OR HAZE
[NO. OF DAYS WITH] [WEATHER - DAYS WITH] 9 = BLOWING SNOW
X = TORNADO
MAX 32 OR BELOW: 0 0.01 INCH OR MORE: 6
MAX 90 OR ABOVE: 30 0.10 INCH OR MORE: 5
MIN 32 OR BELOW: 0 0.50 INCH OR MORE: 2
MIN 0 OR BELOW: 0 1.00 INCH OR MORE: 1
[HDD (BASE 65) ]
TOTAL THIS MO. 0 CLEAR (SCALE 0-3) 14
DPTR FM NORMAL 0 PTCLDY (SCALE 4-7) 17
TOTAL FM JUL 1 0 CLOUDY (SCALE 8-10) 0
DPTR FM NORMAL 0
[CDD (BASE 65) ]
TOTAL THIS MO. 600
DPTR FM NORMAL -23 [PRESSURE DATA]
TOTAL FM JAN 1 2309 HIGHEST SLP 30.12 ON 14
DPTR FM NORMAL -87 LOWEST SLP 29.67 ON 31
[REMARKS]
#FINAL-08-21#