519
CXUS54 KEWX 011010
CF6BAZ
PRELIMINARY LOCAL CLIMATOLOGICAL DATA (WS FORM: F-6)
STATION: NEW BRAUNFELS
MONTH: SEPTEMBER
YEAR: 2020
LATITUDE: 29 43 N
LONGITUDE: 98 3 W
TEMPERATURE IN F: :PCPN: SNOW: WIND :SUNSHINE: SKY :PK WND
================================================================================
1 2 3 4 5 6A 6B 7 8 9 10 11 12 13 14 15 16 17 18
12Z AVG MX 2MIN
DY MAX MIN AVG DEP HDD CDD WTR SNW DPTH SPD SPD DIR MIN PSBL S-S WX SPD DR
================================================================================
1 103 84 94 11 0 29 0.00 M M 15.3 25 160 M M 8 8 33 160
2 90 81 86 4 0 21 0.03 M M 9.5 22 190 M M 6 3 29 180
3 99 76 88 6 0 23 0.04 M M 8.9 23 30 M M 5 13 40 200
4 82 74 78 -4 0 13 2.26 M M 6.5 17 70 M M 6 138 24 80
5 95 75 85 3 0 20 T M M 8.1 21 110 M M 3 26 90
6 95 74 85 3 0 20 0.00 M M 5.0 12 200 M M 0 15 50
7 96 73 85 4 0 20 0.00 M M 7.1 17 170 M M 0 23 170
8 91 76 84 3 0 19 0.18 M M 9.1 30 150 M M 4 41 150
9 87 63 75 -6 0 10 1.68 M M 10.8 22 130 M M 8 138 28 330
10 71 60 66 -15 0 1 0.07 M M 12.9 20 10 M M 9 24 10
11 88 65 77 -3 0 12 0.00 M M 9.2 15 70 M M 6 20 10
12 94 70 82 2 0 17 0.00 M M 4.6 12 30 M M 1 15 40
13 96 74 85 5 0 20 0.00 M M 9.9 21 50 M M 1 27 60
14 94 76 85 5 0 20 0.00 M M 13.1 22 30 M M 2 29 60
15 94 74 84 5 0 19 0.00 M M 8.6 16 30 M M 1 22 30
16 95 76 86 7 0 21 0.00 M M 6.6 13 10 M M 3 16 20
17 90 73 82 3 0 17 0.40 M M 9.1 24 10 M M 3 3 33 10
18 89 72 81 3 0 16 0.00 M M 12.4 22 30 M M 1 30 30
19 87 68 78 0 0 13 0.00 M M 11.2 20 30 M M 1 8 27 30
20 87 63 75 -3 0 10 0.08 M M 12.9 21 70 M M 3 1 30 40
21 74 70 72 -6 0 7 0.38 M M 15.5 24 30 M M 10 18 33 20
22 81 71 76 -1 0 11 0.02 M M 15.9 21 10 M M 10 1 29 10
23 81 67 74 -3 0 9 0.00 M M 10.9 21 350 M M 8 28 360
24 85 62 74 -3 0 9 0.00 M M 5.5 13 30 M M 5 17 10
25 89 60 75 -1 0 10 0.00 M M 3.8 10 180 M M 2 14 210
26 92 65 79 3 0 14 T M M 7.5 20 210 M M 4 12 26 210
27 94 76 85 9 0 20 0.00 M M 12.8 17 180 M M 5 30 170
28 82 62 72 -4 0 7 0.01 M M 15.8 31 20 M M 8 43 30
29 85 53 69 -6 0 4 0.00 M M 5.2 16 30 M M 0 22 360
30 88 50 69 -6 0 4 0.00 M M 6.0 14 220 M M 0 19 200
================================================================================
SM 2674 2083 0 436 5.15 M 289.7 M 123
================================================================================
AV 89.1 69.4 9.7 FASTST M M 4 MAX(MPH)
MISC ----> # 31 20 # 43 30
================================================================================
NOTES:
# LAST OF SEVERAL OCCURRENCES
COLUMN 17 PEAK WIND IN M.P.H.
PRELIMINARY LOCAL CLIMATOLOGICAL DATA (WS FORM: F-6) , PAGE 2
STATION: NEW BRAUNFELS
MONTH: SEPTEMBER
YEAR: 2020
LATITUDE: 29 43 N
LONGITUDE: 98 3 W
[TEMPERATURE DATA] [PRECIPITATION DATA] SYMBOLS USED IN COLUMN 16
AVERAGE MONTHLY: 79.3 TOTAL FOR MONTH: 5.15 1 = FOG OR MIST
DPTR FM NORMAL: 0.2 DPTR FM NORMAL: 2.06 2 = FOG REDUCING VISIBILITY
HIGHEST: 103 ON 1 GRTST 24HR 2.26 ON 4- 4 TO 1/4 MILE OR LESS
LOWEST: 50 ON 30 3 = THUNDER
SNOW, ICE PELLETS, HAIL 4 = ICE PELLETS
TOTAL MONTH: M 5 = HAIL
GRTST 24HR M ON M 6 = FREEZING RAIN OR DRIZZLE
GRTST DEPTH: M ON M 7 = DUSTSTORM OR SANDSTORM:
VSBY 1/2 MILE OR LESS
8 = SMOKE OR HAZE
[NO. OF DAYS WITH] [WEATHER - DAYS WITH] 9 = BLOWING SNOW
X = TORNADO
MAX 32 OR BELOW: 0 0.01 INCH OR MORE: 11
MAX 90 OR ABOVE: 15 0.10 INCH OR MORE: 5
MIN 32 OR BELOW: 0 0.50 INCH OR MORE: 2
MIN 0 OR BELOW: 0 1.00 INCH OR MORE: 2
[HDD (BASE 65) ]
TOTAL THIS MO. 0 CLEAR (SCALE 0-3) 14
DPTR FM NORMAL -1 PTCLDY (SCALE 4-7) 12
TOTAL FM JUL 1 0 CLOUDY (SCALE 8-10) 4
DPTR FM NORMAL -1
[CDD (BASE 65) ]
TOTAL THIS MO. 436
DPTR FM NORMAL 14 [PRESSURE DATA]
TOTAL FM JAN 1 3325 HIGHEST SLP 30.23 ON 29
DPTR FM NORMAL 637 LOWEST SLP 29.65 ON 27
[REMARKS]
#FINAL-09-20#