000
CXUS53 KLBF 011410
CF6BBW
PRELIMINARY LOCAL CLIMATOLOGICAL DATA (WS FORM: F-6)
STATION: BROKEN BOW
MONTH: JUNE
YEAR: 2023
LATITUDE: 41 26 N
LONGITUDE: 99 39 W
TEMPERATURE IN F: :PCPN: SNOW: WIND :SUNSHINE: SKY :PK WND
================================================================================
1 2 3 4 5 6A 6B 7 8 9 10 11 12 13 14 15 16 17 18
12Z AVG MX 2MIN
DY MAX MIN AVG DEP HDD CDD WTR SNW DPTH SPD SPD DIR MIN PSBL S-S WX SPD DR
================================================================================
1 79 59 69 3 0 4 T M M 8.3 21 170 M M 2 13 28 160
2 75 60 68 2 0 3 T M M 10.5 23 150 M M 5 1 32 120
3 80 59 70 4 0 5 0.35 M M 7.7 33 180 M M 6 13 49 180
4 83 60 72 5 0 7 0.37 M M 5.2 32 90 M M 3 13 48 80
5 83 57 70 3 0 5 0.00 M M 3.4 14 260 M M 1 1 17 260
6 84 56 70 2 0 5 0.00 M M 2.8 12 160 M M 0 18 17 160
7 87 59 73 5 0 8 0.00 M M 2.7 9 150 M M 0 13 140
8 90 60 75 7 0 10 0.02 M M 3.4 23 60 M M 1 3 28 50
9 89 64 77 8 0 12 0.15 M M 7.7 29 330 M M 5 138 37 330
10 81 62 72 3 0 7 0.60 M M 7.6 32 340 M M 5 138 41 320
11 72 52 62 -7 3 0 0.13 M M 10.7 18 350 M M 6 1 27 360
12 72 45 59 -11 6 0 0.00 M M 2.9 12 180 M M 0 16 180
13 77 47 62 -8 3 0 0.00 M M 2.5 9 130 M M 0 14 130
14 82 49 66 -4 0 1 0.00 M M 3.4 10 100 M M 0 18 190
15 86 53 70 0 0 5 0.00 M M 5.0 16 160 M M 1 24 200
16 80 58 69 -2 0 4 0.00 M M 12.2 22 350 M M 2 28 330
17 73 57 65 -6 0 0 0.25 M M 5.0 20 330 M M 5 1 26 330
18 86 52 69 -2 0 4 0.00 M M 5.0 17 200 M M 0 1 22 190
19 91 61 76 5 0 11 0.00 M M 11.7 26 160 M M 0 36 160
20 88 64 76 4 0 11 0.00 M M 12.0 23 140 M M 2 31 120
21 77 62 70 -2 0 5 0.06 M M 7.5 17 330 M M 3 13 23 330
22 80 60 70 -2 0 5 0.43 M M 4.5 25 270 M M 4 138 34 270
23 85 61 73 1 0 8 0.09 M M 7.8 20 140 M M 3 13 28 170
24 83 59 71 -2 0 6 0.32 M M 14.8 31 350 M M 2 13 48 290
25 81 56 69 -4 0 4 0.00 M M 13.0 31 330 M M 0 44 340
26 81 52 67 -6 0 2 0.00 M M 4.3 10 110 M M 1 15 360
27 84 61 73 0 0 8 0.04 M M 13.8 29 160 M M 3 3 42 140
28 88 63 76 3 0 11 0.00 M M 8.1 17 40 M M 0 13 25 20
29 86 64 75 1 0 10 0.20 M M 6.8 22 300 M M 2 3 30 320
30 82 64 73 -1 0 8 0.06 M M 6.2 24 340 M M 6 3 36 330
================================================================================
SM 2465 1736 12 169 3.07 M 216.5 M 68
================================================================================
AV 82.2 57.9 7.2 FASTST M M 2 MAX(MPH)
MISC ----> 33 180 49 180
================================================================================
NOTES:
# LAST OF SEVERAL OCCURRENCES
COLUMN 17 PEAK WIND IN M.P.H.
PRELIMINARY LOCAL CLIMATOLOGICAL DATA (WS FORM: F-6) , PAGE 2
STATION: BROKEN BOW
MONTH: JUNE
YEAR: 2023
LATITUDE: 41 26 N
LONGITUDE: 99 39 W
[TEMPERATURE DATA] [PRECIPITATION DATA] SYMBOLS USED IN COLUMN 16
AVERAGE MONTHLY: 70.0 TOTAL FOR MONTH: 3.07 1 = FOG OR MIST
DPTR FM NORMAL: -0.3 DPTR FM NORMAL: -0.45 2 = FOG REDUCING VISIBILITY
HIGHEST: 91 ON 19 GRTST 24HR 0.73 ON 10-11 TO 1/4 MILE OR LESS
LOWEST: 45 ON 12 3 = THUNDER
SNOW, ICE PELLETS, HAIL 4 = ICE PELLETS
TOTAL MONTH: M 5 = HAIL
GRTST 24HR M ON M 6 = FREEZING RAIN OR DRIZZLE
GRTST DEPTH: M ON M 7 = DUSTSTORM OR SANDSTORM:
VSBY 1/2 MILE OR LESS
8 = SMOKE OR HAZE
[NO. OF DAYS WITH] [WEATHER - DAYS WITH] 9 = BLOWING SNOW
X = TORNADO
MAX 32 OR BELOW: 0 0.01 INCH OR MORE: 14
MAX 90 OR ABOVE: 2 0.10 INCH OR MORE: 9
MIN 32 OR BELOW: 0 0.50 INCH OR MORE: 1
MIN 0 OR BELOW: 0 1.00 INCH OR MORE: 0
[HDD (BASE 65) ]
TOTAL THIS MO. 12 CLEAR (SCALE 0-3) 21
DPTR FM NORMAL -20 PTCLDY (SCALE 4-7) 9
TOTAL FM JUL 1 6607 CLOUDY (SCALE 8-10) 0
DPTR FM NORMAL 333
[CDD (BASE 65) ]
TOTAL THIS MO. 169
DPTR FM NORMAL -20 [PRESSURE DATA]
TOTAL FM JAN 1 220 HIGHEST SLP 30.11 ON 5
DPTR FM NORMAL -15 LOWEST SLP 29.62 ON 18
[REMARKS]
#FINAL-06-23#