000
CXUS55 KLBF 011410
CF6BBW
PRELIMINARY LOCAL CLIMATOLOGICAL DATA (WS FORM: F-6)
STATION: BROKEN BOW
MONTH: APRIL
YEAR: 2022
LATITUDE: 41 26 N
LONGITUDE: 99 39 W
TEMPERATURE IN F: :PCPN: SNOW: WIND :SUNSHINE: SKY :PK WND
================================================================================
1 2 3 4 5 6A 6B 7 8 9 10 11 12 13 14 15 16 17 18
12Z AVG MX 2MIN
DY MAX MIN AVG DEP HDD CDD WTR SNW DPTH SPD SPD DIR MIN PSBL S-S WX SPD DR
================================================================================
1 63 20 42 -3 23 0 0.00 M M 11.1 30 330 M M 2 40 340
2 64 30 47 2 18 0 0.00 M M 8.8 16 340 M M 2 22 300
3 63 33 48 2 17 0 0.00 M M 13.8 28 310 M M 0 37 310
4 67 16 42 -4 23 0 0.00 M M 15.3 33 180 M M 0 1 44 190
5 61 38 50 4 15 0 T M M 17.3 41 300 M M 4 58 300
6 49 34 42 -4 23 0 T M M 27.2 51 310 M M 7 1 67 300
7 48 35 42 -4 23 0 0.01 M M 32.0 53 320 M M 6 1 73 330
8 56 20 38 -9 27 0 0.00 M M 16.4 32 330 M M 0 49 330
9 77 19 48 1 17 0 0.00 M M 9.1 26 190 M M 0 35 170
10 62 38 50 3 15 0 0.00 M M 20.9 36 310 M M 2 49 310
11 65 25 45 -2 20 0 0.00 M M 13.1 26 160 M M 0 38 110
12 84 29 57 9 8 0 0.00 M M 25.3 46 310 M M 2 62 300
13 46 19 33 -15 32 0 0.00 M M 21.7 36 300 M M 1 51 310
14 53 21 37 -11 28 0 0.00 M M 16.2 30 270 M M 1 60 300
15 48 19 34 -14 31 0 0.00 M M 9.5 18 360 M M 0 29 30
16 50 22 36 -13 29 0 0.00 M M 10.2 16 130 M M 4 29 20
17 69 39 54 5 11 0 T M M 16.3 30 340 M M 6 39 360
18 57 27 42 -7 23 0 0.00 M M 10.7 22 350 M M 3 29 340
19 68 31 50 1 15 0 0.00 M M 23.2 40 170 M M 0 59 160
20 71 34 53 3 12 0 T M M 10.8 25 340 M M 3 34 330
21 76 33 55 5 10 0 T M M 15.4 32 130 M M 4 46 140
22 96 59 78 28 0 13 T M M 26.9 47 170 M M 7 3 68 190
23 74 42 58 8 7 0 T M M 30.8 46 170 M M 5 68 170
24 52 38 45 -6 20 0 T M M 25.3 43 300 M M 7 58 310
25 58 26 42 -9 23 0 0.00 M M 11.6 29 300 M M 0 37 300
26 76 23 50 -1 15 0 0.00 M M 12.7 32 200 M M 0 47 180
27 76 46 61 9 4 0 0.00 M M 7.7 18 60 M M 0 23 50
28 84 42 63 11 2 0 0.00 M M 8.3 24 30 M M 1 3 31 40
29 64 48 56 4 9 0 1.66 M M 15.6 43 290 M M 9 13 56 280
30 56 41 49 -4 16 0 0.77 M M 30.1 48 300 M M 8 64 300
================================================================================
SM 1933 947 516 13 2.44 M 513.3 M 84
================================================================================
AV 64.4 31.6 17.1 FASTST M M 3 MAX(MPH)
MISC ----> 53 320 73 330
================================================================================
NOTES:
# LAST OF SEVERAL OCCURRENCES
COLUMN 17 PEAK WIND IN M.P.H.
PRELIMINARY LOCAL CLIMATOLOGICAL DATA (WS FORM: F-6) , PAGE 2
STATION: BROKEN BOW
MONTH: APRIL
YEAR: 2022
LATITUDE: 41 26 N
LONGITUDE: 99 39 W
[TEMPERATURE DATA] [PRECIPITATION DATA] SYMBOLS USED IN COLUMN 16
AVERAGE MONTHLY: 48.0 TOTAL FOR MONTH: 2.44 1 = FOG OR MIST
DPTR FM NORMAL: -0.7 DPTR FM NORMAL: -0.26 2 = FOG REDUCING VISIBILITY
HIGHEST: 96 ON 22 GRTST 24HR 2.40 ON 29-30 TO 1/4 MILE OR LESS
LOWEST: 16 ON 4 3 = THUNDER
SNOW, ICE PELLETS, HAIL 4 = ICE PELLETS
TOTAL MONTH: M 5 = HAIL
GRTST 24HR M ON M 6 = FREEZING RAIN OR DRIZZLE
GRTST DEPTH: M ON M 7 = DUSTSTORM OR SANDSTORM:
VSBY 1/2 MILE OR LESS
8 = SMOKE OR HAZE
[NO. OF DAYS WITH] [WEATHER - DAYS WITH] 9 = BLOWING SNOW
X = TORNADO
MAX 32 OR BELOW: 0 0.01 INCH OR MORE: 3
MAX 90 OR ABOVE: 1 0.10 INCH OR MORE: 2
MIN 32 OR BELOW: 15 0.50 INCH OR MORE: 2
MIN 0 OR BELOW: 0 1.00 INCH OR MORE: 1
[HDD (BASE 65) ]
TOTAL THIS MO. 516 CLEAR (SCALE 0-3) 17
DPTR FM NORMAL 23 PTCLDY (SCALE 4-7) 12
TOTAL FM JUL 1 5621 CLOUDY (SCALE 8-10) 1
DPTR FM NORMAL -405
[CDD (BASE 65) ]
TOTAL THIS MO. 13
DPTR FM NORMAL 10 [PRESSURE DATA]
TOTAL FM JAN 1 13 HIGHEST SLP 30.45 ON 18
DPTR FM NORMAL 9 LOWEST SLP 29.09 ON 12
[REMARKS]
#FINAL-04-22#