000
CXUS51 KBOX 010810
CF6BDL
PRELIMINARY LOCAL CLIMATOLOGICAL DATA (WS FORM: F-6)
STATION: HARTFORD CT
MONTH: JUNE
YEAR: 2021
LATITUDE: 41 55 N
LONGITUDE: 72 41 W
TEMPERATURE IN F: :PCPN: SNOW: WIND :SUNSHINE: SKY :PK WND
================================================================================
1 2 3 4 5 6A 6B 7 8 9 10 11 12 13 14 15 16 17 18
12Z AVG MX 2MIN
DY MAX MIN AVG DEP HDD CDD WTR SNW DPTH SPD SPD DIR MIN PSBL S-S WX SPD DR
================================================================================
1 79 43 61 -3 4 0 0.00 0.0 0 5.5 15 230 M M 8 1 25 220
2 82 50 66 1 0 1 0.00 0.0 0 5.5 20 210 M M 8 25 220
3 70 57 64 -1 1 0 T 0.0 0 7.5 15 180 M M 10 1 18 180
4 80 63 72 7 0 7 0.01 0.0 0 8.0 14 220 M M 8 1 27 190
5 92 61 77 11 0 12 0.00 0.0 0 7.4 22 190 M M 5 12 27 210
6 94 63 79 13 0 14 0.00 0.0 0 7.3 18 230 M M 3 24 240
7 95 68 82 16 0 17 0.00 0.0 0 9.9 22 240 M M 3 27 240
8 92 71 82 15 0 17 0.59 0.0 0 4.3 23 20 M M 8 13 37 10
9 90 70 80 13 0 15 T 0.0 0 4.8 17 70 M M 8 13 25 60
10 82 58 70 3 0 5 0.00 0.0 0 8.3 17 180 M M 5 22 170
11 77 55 66 -2 0 1 T 0.0 0 6.6 15 150 M M 6 19 160
12 76 59 68 0 0 3 0.08 0.0 0 3.9 13 220 M M 7 1 15 100
13 83 57 70 2 0 5 0.00 0.0 0 8.4 16 180 M M 3 23 250
14 68 60 64 -4 1 0 1.05 0.0 0 7.3 16 160 M M 9 13 22 140
15 81 61 71 2 0 6 T 0.0 0 5.1 23 240 M M 7 3 27 260
16 76 57 67 -2 0 2 0.00 0.0 0 8.9 20 280 M M 2 25 280
17 77 47 62 -7 3 0 0.00 0.0 0 4.3 15 310 M M 2 19 310
18 85 49 67 -3 0 2 T 0.0 0 7.6 18 190 M M 5 24 200
19 88 68 78 8 0 13 T 0.0 0 9.0 15 180 M M 8 20 290
20 87 66 77 7 0 12 0.00 0.0 0 6.2 15 200 M M 6 20 170
21 85 70 78 7 0 13 0.01 0.0 0 10.9 21 170 M M 8 28 170
22 74 58 66 -5 0 1 0.16 0.0 0 7.6 17 290 M M 9 1 22 300
23 75 50 63 -8 2 0 0.00 0.0 0 5.6 12 340 M M 4 21 340
24 79 48 64 -7 1 0 0.00 0.0 0 6.9 16 150 M M 2 20 160
25 77 58 68 -4 0 3 T 0.0 0 6.0 14 170 M M 9 1 17 180
26 85 65 75 3 0 10 0.00 0.0 0 10.7 21 190 M M 9 27 180
27 90 71 81 9 0 16 0.00 0.0 0 11.5 18 180 M M 7 25 200
28 95 72 84 12 0 19 0.00 0.0 0 10.1 17 240 M M 6 22 200
29 99 74 87 14 0 22 0.33 0.0 0 6.9 25 290 M M 4 38 38 280
30 98 73 86 13 0 21 0.51 0.0 0 6.8 21 210 M M 5 13 28 230
================================================================================
SM 2511 1822 12 237 2.74 0.0 218.8 M 184
================================================================================
AV 83.7 60.7 7.3 FASTST M M 6 MAX(MPH)
MISC ----> 25 290 38 280
================================================================================
NOTES:
# LAST OF SEVERAL OCCURRENCES
COLUMN 17 PEAK WIND IN M.P.H.
PRELIMINARY LOCAL CLIMATOLOGICAL DATA (WS FORM: F-6) , PAGE 2
STATION: HARTFORD CT
MONTH: JUNE
YEAR: 2021
LATITUDE: 41 55 N
LONGITUDE: 72 41 W
[TEMPERATURE DATA] [PRECIPITATION DATA] SYMBOLS USED IN COLUMN 16
AVERAGE MONTHLY: 72.2 TOTAL FOR MONTH: 2.74 1 = FOG OR MIST
DPTR FM NORMAL: 3.3 DPTR FM NORMAL: -1.54 2 = FOG REDUCING VISIBILITY
HIGHEST: 99 ON 29 GRTST 24HR 1.05 ON 14-14 TO 1/4 MILE OR LESS
LOWEST: 43 ON 1 3 = THUNDER
SNOW, ICE PELLETS, HAIL 4 = ICE PELLETS
TOTAL MONTH: 0.0 INCH 5 = HAIL
GRTST 24HR 0.0 6 = FREEZING RAIN OR DRIZZLE
GRTST DEPTH: 0 7 = DUSTSTORM OR SANDSTORM:
VSBY 1/2 MILE OR LESS
8 = SMOKE OR HAZE
[NO. OF DAYS WITH] [WEATHER - DAYS WITH] 9 = BLOWING SNOW
X = TORNADO
MAX 32 OR BELOW: 0 0.01 INCH OR MORE: 8
MAX 90 OR ABOVE: 9 0.10 INCH OR MORE: 5
MIN 32 OR BELOW: 0 0.50 INCH OR MORE: 3
MIN 0 OR BELOW: 0 1.00 INCH OR MORE: 1
[HDD (BASE 65) ]
TOTAL THIS MO. 12 CLEAR (SCALE 0-3) 6
DPTR FM NORMAL -23 PTCLDY (SCALE 4-7) 17
TOTAL FM JUL 1 5429 CLOUDY (SCALE 8-10) 7
DPTR FM NORMAL -451
[CDD (BASE 65) ]
TOTAL THIS MO. 237
DPTR FM NORMAL 87 [PRESSURE DATA]
TOTAL FM JAN 1 274 HIGHEST SLP 30.42 ON 24
DPTR FM NORMAL 77 LOWEST SLP 29.58 ON 22
[REMARKS]
#FINAL-06-21#