121
CXUS51 KOKX 090551 RRA
CLABDR
NYCCLABDR 000
TTAA00 OKX 090409
CLIMATE REPORT...CORRECTED
NATIONAL WEATHER SERVICE NEW YORK, NY
1043 PM EST FRI JAN 08 2021
...................................
...THE BRIDGEPORT CT CLIMATE SUMMARY FOR THE YEAR OF 2020...
CLIMATE NORMAL PERIOD 1981 TO 2010
CLIMATE RECORD PERIOD 1948 TO 2021
WEATHER OBSERVED NORMAL DEPART LAST YEAR`S
VALUE DATE(S) VALUE FROM VALUE DATE(S)
NORMAL
................................................................
TEMPERATURE (F)
RECORD
HIGH 103 07/22/2011
07/22/1957
LOW -7 01/22/1984
HIGHEST 95 07/20 MM MM 99 07/21
LOWEST 11 02/15 MM MM 3 01/31
AVG. MAXIMUM 62.9 60.3 2.6 60.9
AVG. MINIMUM 47.7 44.7 3.0 45.7
MEAN 55.3 52.5 2.8 53.3
DAYS MAX >= 90 9 6.3 2.7 13
DAYS MAX <= 32 6 18.2 -12.2 13
DAYS MIN <= 32 64 92.1 -28.1 103
DAYS MIN <= 0 0 0.3 -0.3 0
PRECIPITATION (INCHES)
RECORD
MAXIMUM 73.93 1972
MINIMUM MM MM
TOTALS 42.84 42.74 0.10 51.11
DAILY AVG. 0.12 0.12 0.00 0.14
DAYS >= .01 132 121.7 10.3 139
DAYS >= .10 77 76.1 0.9 86
DAYS >= .50 25 28.1 -3.1 38
DAYS >= 1.00 9 9.8 -0.8 11
GREATEST
24 HR. TOTAL 3.99 07/03 TO 07/03 2.74
STORM TOTAL MM MM
(MM/DD(HH)) MM
SNOWFALL (INCHES)
RECORDS
TOTAL MM MM
24 HR TOTAL 18.5 02/08/2013
SNOW DEPTH 30 02/09/2013
TOTALS 14.6 27.6 -13.0 23.8
LIQUID EQUIV 1.50 2.70 -1.20 2.40
SINCE 7/1 10.0 5.8 4.2 MM
LIQUID 7/1 1.00 0.50 0.50 MM
SNOWDEPTH AVG. 0 0
DAYS >= TRACE 17 14.6 2.4 23
DAYS >= 1.0 3 8.0 -5.0 8
GREATEST
SNOW DEPTH 9 12/18 9 03/04
12/19
24 HR TOTAL 9.4 12/16 TO 12/17 6.0 03/04 TO 03/04
STORM TOTAL 9.4 12/16 TO 12/17 MM
(MM/DD(HH)) MM
DEGREE DAYS
HEATING TOTAL 4621 5392 -771 5161
SINCE 7/1 1597 1895 -298 MM
COOLING TOTAL 1175 825 350 1040
SINCE 1/1 1175 825 350 1040
................................................................
WIND (MPH)
AVERAGE WIND SPEED 8.8
RESULTANT WIND SPEED/DIRECTION 2/270
HIGHEST WIND SPEED/DIRECTION 46/220 DATE 11/15
HIGHEST GUST SPEED/DIRECTION 62/140 DATE 08/04
SKY COVER
POSSIBLE SUNSHINE (PERCENT) MM
AVERAGE SKY COVER 0.41
NUMBER OF DAYS FAIR 183
NUMBER OF DAYS PC 105
NUMBER OF DAYS CLOUDY 75
AVERAGE RH (PERCENT) 67
WEATHER CONDITIONS. NUMBER OF DAYS WITH
THUNDERSTORM 26 MIXED PRECIP 0
HEAVY RAIN 47 RAIN 70
LIGHT RAIN 148 FREEZING RAIN 0
LT FREEZING RAIN 0 HAIL 1
HEAVY SNOW 2 SNOW 3
LIGHT SNOW 14 SLEET 0
FOG 152 FOG W/VIS <= 1/4 MILE 23
HAZE 30
- INDICATES NEGATIVE NUMBERS.
R INDICATES RECORD WAS SET OR TIED.
MM INDICATES DATA IS MISSING.
T INDICATES TRACE AMOUNT.
$$