000
CXUS55 KCYS 161126
CF6BFF
PRELIMINARY LOCAL CLIMATOLOGICAL DATA (WS FORM: F-6)...CORRECTED
STATION: SCOTTSBLUFF NE AIRPORT
MONTH: AUGUST
YEAR: 2021
LATITUDE: 41 52 N
LONGITUDE: 103 36 W
TEMPERATURE IN F: :PCPN: SNOW: WIND :SUNSHINE: SKY :PK WND
================================================================================
1 2 3 4 5 6A 6B 7 8 9 10 11 12 13 14 15 16 17 18
12Z AVG MX 2MIN
DY MAX MIN AVG DEP HDD CDD WTR SNW DPTH SPD SPD DIR MIN PSBL S-S WX SPD DR
================================================================================
1 87 55 71 -5 0 6 0.00 0.0 0 5.1 12 100 M M 0 18 16 100
2 92 55 74 -2 0 9 0.00 0.0 0 6.0 12 80 M M 0 8 16 70
3 95 59 77 2 0 12 0.00 0.0 0 7.9 24 290 M M 1 8 34 290
4 91 64 78 3 0 13 0.09 0.0 0 7.1 17 330 M M 3 18 24 340
5 95 56 76 1 0 11 0.04 0.0 0 6.2 30 340 M M 1 138 41 350
6 92 56 74 -1 0 9 0.01 0.0 0 7.1 23 230 M M 0 38 30 230
7 86 59 73 -2 0 8 0.00 0.0 0 6.3 18 270 M M 0 8 26 290
8 98 52 75 0 0 10 0.00 0.0 0 5.2 12 310 M M 0 18 17 320
9 90 57 74 -1 0 9 0.00 0.0 0 7.8 18 110 M M 0 8 24 110
10 98 53 76 2 0 11 0.00 0.0 0 7.1 18 280 M M 0 25 270
11 93 53 73 -1 0 8 0.00 0.0 0 8.5 14 360 M M 0 8 17 350
12 88 59 74 0 0 9 0.00 0.0 0 8.4 20 50 M M 0 27 50
13 85 56 71 -3 0 6 0.00 0.0 0 9.6 20 130 M M 0 27 120
14 95 63 79 5 0 14 0.00 0.0 0 10.4 21 120 M M 0 30 110
15 93 62 78 4 0 13 0.00 0.0 0 4.9 12 280 M M 0 16 300
16 98 56 77 4 0 12 0.00 0.0 0 5.6 12 230 M M 0 8 20 200
17 M 61 M M M M 0.00 0.0 0 M M M M M M M M
18 99 M M M M M 0.00 0.0 0 9.9 21 130 M M 0 29 130
19 82 62 72 -1 0 7 0.01 0.0 0 9.2 24 300 M M 7 18 34 300
20 79 53 66 -6 0 1 0.14 0.0 0 13.1 30 270 M M 3 1 42 260
21 86 48 67 -5 0 2 0.00 0.0 0 11.4 24 150 M M 0 33 150
22 91 56 74 2 0 9 0.00 0.0 0 13.3 28 150 M M 1 8 46 160
23 98 49 74 2 0 9 T 0.0 0 5.9 25 280 M M 0 8 57 210
24 99 54 77 5 0 12 0.00 0.0 0 9.8 24 50 M M 0 34 50
25 85 60 73 2 0 8 0.00 0.0 0 10.0 20 120 M M 3 26 140
26 89 64 77 6 0 12 0.01 0.0 0 7.2 31 340 M M 1 13 41 340
27 93 52 73 2 0 8 0.01 0.0 0 7.9 18 150 M M 1 3 29 130
28 86 54 70 0 0 5 0.00 0.0 0 7.2 22 30 M M 2 32 10
29 85 51 68 -2 0 3 0.00 0.0 0 9.0 21 140 M M 3 31 150
30 92 57 75 5 0 10 0.00 0.0 0 5.7 13 320 M M 2 18 17 120
31 89 54 72 2 0 7 0.00 0.0 0 9.4 17 100 M M 1 18 23 100
================================================================================
SM 2729 1690 0 253 0.31 0.0 242.2 M 29
================================================================================
AV 91.0 56.3 8.1 FASTST M M 1 MAX(MPH)
MISC ----> 31 340 57 210
================================================================================
NOTES:
# LAST OF SEVERAL OCCURRENCES
COLUMN 17 PEAK WIND IN M.P.H.
PRELIMINARY LOCAL CLIMATOLOGICAL DATA (WS FORM: F-6) , PAGE 2
STATION: SCOTTSBLUFF NE AIRPORT
MONTH: AUGUST
YEAR: 2021
LATITUDE: 41 52 N
LONGITUDE: 103 36 W
[TEMPERATURE DATA] [PRECIPITATION DATA] SYMBOLS USED IN COLUMN 16
AVERAGE MONTHLY: 73.7 TOTAL FOR MONTH: 0.31 1 = FOG OR MIST
DPTR FM NORMAL: 0.7 DPTR FM NORMAL: -0.93 2 = FOG REDUCING VISIBILITY
HIGHEST: 99 ON 24,18 GRTST 24HR 0.15 ON 19-20 TO 1/4 MILE OR LESS
LOWEST: 48 ON 21 3 = THUNDER
SNOW, ICE PELLETS, HAIL 4 = ICE PELLETS
TOTAL MONTH: 0.0 INCH 5 = HAIL
GRTST 24HR 0.0 6 = FREEZING RAIN OR DRIZZLE
GRTST DEPTH: 0 7 = DUSTSTORM OR SANDSTORM:
VSBY 1/2 MILE OR LESS
8 = SMOKE OR HAZE
[NO. OF DAYS WITH] [WEATHER - DAYS WITH] 9 = BLOWING SNOW
X = TORNADO
MAX 32 OR BELOW: 0 0.01 INCH OR MORE: 7
MAX 90 OR ABOVE: 18 0.10 INCH OR MORE: 1
MIN 32 OR BELOW: 0 0.50 INCH OR MORE: 0
MIN 0 OR BELOW: 0 1.00 INCH OR MORE: 0
[HDD (BASE 65) ]
TOTAL THIS MO. 0 CLEAR (SCALE 0-3) 27
DPTR FM NORMAL -12 PTCLDY (SCALE 4-7) 3
TOTAL FM JUL 1 0 CLOUDY (SCALE 8-10) 1
DPTR FM NORMAL -13
[CDD (BASE 65) ]
TOTAL THIS MO. 253
DPTR FM NORMAL -9 [PRESSURE DATA]
TOTAL FM JAN 1 953 HIGHEST SLP 30.28 ON 1
DPTR FM NORMAL 183 LOWEST SLP 29.63 ON 31
[REMARKS]
AUGUST 17...MISSING TEMPERATURES AND WINDS.
AUGUST 18...MISSING MINIMUM TEMPERATURE.
#FINAL-08-21#