912
CXUS56 KHNX 021531
CF6BFL
PRELIMINARY LOCAL CLIMATOLOGICAL DATA (WS FORM: F-6)
STATION: BAKERSFIELD CA
MONTH: FEBRUARY
YEAR: 2021
LATITUDE: 35 25 N
LONGITUDE: 119 3 W
TEMPERATURE IN F: :PCPN: SNOW: WIND :SUNSHINE: SKY :PK WND
================================================================================
1 2 3 4 5 6A 6B 7 8 9 10 11 12 13 14 15 16 17 18
12Z AVG MX 2MIN
DY MAX MIN AVG DEP HDD CDD WTR SNW DPTH SPD SPD DIR MIN PSBL S-S WX SPD DR
================================================================================
1 75 51 63 13 2 0 0.00 0.0 0 5.4 13 10 M M 0 16 20
2 73 50 62 12 3 0 0.00 0.0 0 5.2 14 340 M M 1 17 310
3 57 43 50 0 15 0 0.00 0.0 0 5.4 16 310 M M 8 8 18 320
4 57 38 48 -2 17 0 0.00 0.0 0 2.1 9 270 M M 0 8 12 270
5 61 39 50 0 15 0 0.00 0.0 0 2.5 8 330 M M 0 8 10 300
6 64 39 52 1 13 0 0.00 0.0 0 2.9 8 280 M M 0 8 12 280
7 69 42 56 5 9 0 0.00 0.0 0 3.6 9 320 M M 0 8 12 310
8 71 41 56 5 9 0 0.00 0.0 0 2.5 7 120 M M 0 8 8 50
9 66 46 56 5 9 0 0.00 0.0 0 3.3 14 320 M M 0 8 17 330
10 68 45 57 5 8 0 0.00 0.0 0 4.8 10 330 M M 0 8 17 320
11 67 45 56 4 9 0 0.00 0.0 0 3.2 12 130 M M 1 8 13 130
12 60 47 54 2 11 0 0.08 0.0 0 6.1 23 330 M M 6 18 28 340
13 60 44 52 0 13 0 0.01 0.0 0 4.6 22 30 M M 6 28 30
14 61 40 51 -1 14 0 0.00 0.0 0 5.2 14 320 M M 1 18 310
15 65 47 56 3 9 0 0.00 0.0 0 3.2 14 320 M M 8 16 330
16 62 42 52 -1 13 0 0.00 0.0 0 7.8 17 330 M M 5 18 23 320
17 61 40 51 -2 14 0 0.00 0.0 0 4.5 14 320 M M 2 8 17 320
18 68 38 53 0 12 0 0.00 0.0 0 4.7 9 50 M M 0 12 360
19 69 40 55 1 10 0 0.00 0.0 0 3.1 12 310 M M 1 14 320
20 60 43 52 -2 13 0 0.00 0.0 0 9.1 24 320 M M 4 8 31 300
21 65 38 52 -2 13 0 0.00 0.0 0 4.9 12 330 M M 0 16 330
22 73 38 56 2 9 0 0.00 0.0 0 4.5 14 350 M M 0 19 350
23 73 44 59 5 6 0 0.00 0.0 0 5.4 15 290 M M 0 8 20 290
24 70 46 58 3 7 0 0.00 0.0 0 5.0 12 290 M M 0 8 14 290
25 66 42 54 -1 11 0 0.00 0.0 0 5.7 13 320 M M 0 16 330
26 69 39 54 -1 11 0 0.00 0.0 0 4.8 15 330 M M 0 18 330
27 64 38 51 -4 14 0 0.00 0.0 0 4.4 16 330 M M 0 8 20 300
28 72 40 56 1 9 0 0.00 0.0 0 11.6 24 140 M M 0 32 120
================================================================================
SM 1846 1185 298 0 0.09 0.0 135.5 M 43
================================================================================
AV 65.9 42.3 4.8 FASTST M M 2 MAX(MPH)
MISC ----> # 24 320 32 120
================================================================================
NOTES:
# LAST OF SEVERAL OCCURRENCES
COLUMN 17 PEAK WIND IN M.P.H.
PRELIMINARY LOCAL CLIMATOLOGICAL DATA (WS FORM: F-6) , PAGE 2
STATION: BAKERSFIELD CA
MONTH: FEBRUARY
YEAR: 2021
LATITUDE: 35 25 N
LONGITUDE: 119 3 W
[TEMPERATURE DATA] [PRECIPITATION DATA] SYMBOLS USED IN COLUMN 16
AVERAGE MONTHLY: 54.1 TOTAL FOR MONTH: 0.09 1 = FOG OR MIST
DPTR FM NORMAL: 1.5 DPTR FM NORMAL: -1.15 2 = FOG REDUCING VISIBILITY
HIGHEST: 75 ON 1 GRTST 24HR 0.08 ON 12-12 TO 1/4 MILE OR LESS
LOWEST: 38 ON 27,22 3 = THUNDER
SNOW, ICE PELLETS, HAIL 4 = ICE PELLETS
TOTAL MONTH: 0.0 INCH 5 = HAIL
GRTST 24HR 0.0 6 = FREEZING RAIN OR DRIZZLE
GRTST DEPTH: 0 7 = DUSTSTORM OR SANDSTORM:
VSBY 1/2 MILE OR LESS
8 = SMOKE OR HAZE
[NO. OF DAYS WITH] [WEATHER - DAYS WITH] 9 = BLOWING SNOW
X = TORNADO
MAX 32 OR BELOW: 0 0.01 INCH OR MORE: 2
MAX 90 OR ABOVE: 0 0.10 INCH OR MORE: 0
MIN 32 OR BELOW: 0 0.50 INCH OR MORE: 0
MIN 0 OR BELOW: 0 1.00 INCH OR MORE: 0
[HDD (BASE 65) ]
TOTAL THIS MO. 298 CLEAR (SCALE 0-3) 22
DPTR FM NORMAL -50 PTCLDY (SCALE 4-7) 4
TOTAL FM JUL 1 1469 CLOUDY (SCALE 8-10) 2
DPTR FM NORMAL -305
[CDD (BASE 65) ]
TOTAL THIS MO. 0
DPTR FM NORMAL 0 [PRESSURE DATA]
TOTAL FM JAN 1 0 HIGHEST SLP 30.46 ON 21
DPTR FM NORMAL 0 LOWEST SLP 29.87 ON 12
[REMARKS]
#FINAL-02-21#