000
CXUS56 KHNX 051440
CF6BFL
PRELIMINARY LOCAL CLIMATOLOGICAL DATA (WS FORM: F-6)
STATION: BAKERSFIELD CA
MONTH: SEPTEMBER
YEAR: 2023
LATITUDE: 35 25 N
LONGITUDE: 119 3 W
TEMPERATURE IN F: :PCPN: SNOW: WIND :SUNSHINE: SKY :PK WND
================================================================================
1 2 3 4 5 6A 6B 7 8 9 10 11 12 13 14 15 16 17 18
12Z AVG MX 2MIN
DY MAX MIN AVG DEP HDD CDD WTR SNW DPTH SPD SPD DIR MIN PSBL S-S WX SPD DR
================================================================================
1 95 69 82 0 0 17 0.00 0.0 0 7.4 16 350 M M 1 8 19 300
2 88 68 78 -3 0 13 0.00 0.0 0 8.5 21 320 M M 2 8 27 330
3 83 66 75 -6 0 10 0.00 0.0 0 8.3 20 310 M M 5 8 25 330
4 83 61 72 -9 0 7 0.00 0.0 0 4.7 14 310 M M 0 8 22 280
5 90 66 78 -3 0 13 0.00 0.0 0 4.5 13 280 M M 0 8 18 280
6 91 69 80 -1 0 15 0.00 0.0 0 5.6 13 310 M M 0 8 20 330
7 93 68 81 1 0 16 0.00 0.0 0 4.6 14 320 M M 0 8 19 320
8 98 68 83 3 0 18 T 0.0 0 5.4 14 310 M M 0 8 20 290
9 97 72 85 5 0 20 0.00 0.0 0 5.4 13 330 M M 0 8 17 280
10 93 76 85 5 0 20 T 0.0 0 4.3 13 300 M M 1 8 16 270
11 89 72 81 1 0 16 0.00 0.0 0 4.9 16 300 M M 0 8 20 300
12 94 68 81 2 0 16 0.00 0.0 0 4.8 14 310 M M 0 8 19 240
13 94 66 80 1 0 15 0.00 0.0 0 5.0 14 310 M M 0 8 20 300
14 95 70 83 4 0 18 0.00 0.0 0 4.3 14 300 M M 0 8 18 300
15 96 71 84 5 0 19 0.00 0.0 0 4.6 16 300 M M 0 8 22 280
16 93 69 81 3 0 16 0.00 0.0 0 5.4 15 300 M M 0 8 20 280
17 85 65 75 -3 0 10 0.00 0.0 0 6.6 12 340 M M 0 8 17 270
18 82 66 74 -4 0 9 0.00 0.0 0 6.8 14 300 M M 4 8 20 250
19 84 64 74 -4 0 9 0.00 0.0 0 4.9 12 290 M M 3 8 17 310
20 87 69 78 1 0 13 0.00 0.0 0 4.7 14 300 M M 3 8 18 310
21 80 61 71 -6 0 6 0.00 0.0 0 8.9 18 340 M M 0 8 24 330
22 84 59 72 -5 0 7 0.00 0.0 0 6.5 12 310 M M 0 8 19 290
23 85 65 75 -1 0 10 0.00 0.0 0 4.9 13 280 M M 0 8 16 290
24 89 60 75 -1 0 10 0.00 0.0 0 4.0 13 300 M M 0 8 15 310
25 85 57 71 -5 0 6 0.00 0.0 0 4.1 9 270 M M 0 8 14 290
26 82 60 71 -4 0 6 0.00 0.0 0 4.9 12 300 M M 0 8 17 280
27 83 62 73 -2 0 8 0.00 0.0 0 3.7 13 310 M M 0 8 19 310
28 83 62 73 -2 0 8 0.00 0.0 0 4.6 13 290 M M 0 8 16 320
29 86 62 74 0 0 9 0.00 0.0 0 4.9 13 320 M M 0 8 19 310
30 75 62 69 -5 0 4 T 0.0 0 7.7 16 290 M M 6 8 23 300
================================================================================
SM 2642 1973 0 364 T 0.0 164.9 M 25
================================================================================
AV 88.1 65.8 5.5 FASTST M M 1 MAX(MPH)
MISC ----> 21 320 27 330
================================================================================
NOTES:
# LAST OF SEVERAL OCCURRENCES
COLUMN 17 PEAK WIND IN M.P.H.
PRELIMINARY LOCAL CLIMATOLOGICAL DATA (WS FORM: F-6) , PAGE 2
STATION: BAKERSFIELD CA
MONTH: SEPTEMBER
YEAR: 2023
LATITUDE: 35 25 N
LONGITUDE: 119 3 W
[TEMPERATURE DATA] [PRECIPITATION DATA] SYMBOLS USED IN COLUMN 16
AVERAGE MONTHLY: 76.9 TOTAL FOR MONTH: T 1 = FOG OR MIST
DPTR FM NORMAL: -1.3 DPTR FM NORMAL: -0.05 2 = FOG REDUCING VISIBILITY
HIGHEST: 98 ON 8 GRTST 24HR T ON 8- 8 TO 1/4 MILE OR LESS
LOWEST: 57 ON 25 3 = THUNDER
SNOW, ICE PELLETS, HAIL 4 = ICE PELLETS
TOTAL MONTH: 0.0 INCH 5 = HAIL
GRTST 24HR 0.0 6 = FREEZING RAIN OR DRIZZLE
GRTST DEPTH: 0 7 = DUSTSTORM OR SANDSTORM:
VSBY 1/2 MILE OR LESS
8 = SMOKE OR HAZE
[NO. OF DAYS WITH] [WEATHER - DAYS WITH] 9 = BLOWING SNOW
X = TORNADO
MAX 32 OR BELOW: 0 0.01 INCH OR MORE: 0
MAX 90 OR ABOVE: 12 0.10 INCH OR MORE: 0
MIN 32 OR BELOW: 0 0.50 INCH OR MORE: 0
MIN 0 OR BELOW: 0 1.00 INCH OR MORE: 0
[HDD (BASE 65) ]
TOTAL THIS MO. 0 CLEAR (SCALE 0-3) 27
DPTR FM NORMAL -1 PTCLDY (SCALE 4-7) 3
TOTAL FM JUL 1 0 CLOUDY (SCALE 8-10) 0
DPTR FM NORMAL 0
[CDD (BASE 65) ]
TOTAL THIS MO. 364
DPTR FM NORMAL -33 [PRESSURE DATA]
TOTAL FM JAN 1 2299 HIGHEST SLP 30.14 ON 26
DPTR FM NORMAL 13 LOWEST SLP 29.69 ON 29
[REMARKS]
#FINAL-09-23#