000
CXUS54 KAMA 010810
CF6BGD
PRELIMINARY LOCAL CLIMATOLOGICAL DATA (WS FORM: F-6)
STATION: BORGER
MONTH: DECEMBER
YEAR: 2023
LATITUDE: 35 42 N
LONGITUDE: 101 24 W
TEMPERATURE IN F: :PCPN: SNOW: WIND :SUNSHINE: SKY :PK WND
================================================================================
1 2 3 4 5 6A 6B 7 8 9 10 11 12 13 14 15 16 17 18
12Z AVG MX 2MIN
DY MAX MIN AVG DEP HDD CDD WTR SNW DPTH SPD SPD DIR MIN PSBL S-S WX SPD DR
================================================================================
1 50 25 38 -6 27 0 0.00 M M 5.1 17 180 M M 1 26 170
2 57 35 46 3 19 0 0.00 M M 8.6 21 300 M M 1 30 290
3 66 34 50 7 15 0 0.00 M M 12.2 29 10 M M 0 43 260
4 61 28 45 2 20 0 0.00 M M 8.3 22 230 M M 0 30 220
5 62 31 47 5 18 0 0.00 M M 5.0 22 10 M M 0 31 10
6 73 37 55 13 10 0 0.00 M M 11.9 24 230 M M 0 34 220
7 77 52 65 23 0 0 0.00 M M 18.4 29 240 M M 0 41 230
8 61 39 50 9 15 0 0.00 M M 8.0 18 20 M M 0 26 240
9 47 28 38 -3 27 0 T M M 10.3 24 10 M M 3 18 34 360
10 57 26 42 1 23 0 0.00 M M 9.9 28 220 M M 0 41 220
11 61 30 46 5 19 0 0.00 M M 5.1 12 140 M M 0 16 130
12 60 32 46 6 19 0 0.00 M M 4.5 16 180 M M 1 22 170
13 48 41 45 5 20 0 1.01 M M 9.6 22 120 M M 10 1 32 120
14 42 37 40 0 25 0 1.72 M M 6.9 14 120 M M 10 13 20 120
15 54 36 45 5 20 0 0.01 M M 8.0 22 330 M M 5 1 35 340
16 61 33 47 7 18 0 0.00 M M 7.9 17 230 M M 0 23 240
17 68 33 51 11 14 0 0.00 M M 7.9 14 20 M M 0 21 340
18 58 32 45 5 20 0 0.00 M M 8.7 18 170 M M 0 28 170
19 64 42 53 14 12 0 0.00 M M 14.9 28 210 M M 0 38 200
20 68 47 58 19 7 0 0.00 M M 11.5 20 190 M M 0 28 190
21 67 47 57 18 8 0 T M M 8.7 16 210 M M 5 1 23 190
22 69 37 53 14 12 0 0.00 M M 6.8 16 180 M M 1 12 25 180
23 58 46 52 13 13 0 0.27 M M 10.8 22 150 M M 6 13 33 150
24 50 31 41 2 24 0 0.00 M M 16.7 30 340 M M 6 45 310
25 42 28 35 -4 30 0 0.00 M M 8.3 23 340 M M 2 31 330
26 43 24 34 -5 31 0 0.00 M M 8.6 25 320 M M 7 38 350
27 51 38 45 6 20 0 0.00 M M 11.7 25 350 M M 8 35 340
28 47 27 37 -2 28 0 0.00 M M 10.7 25 20 M M 2 33 360
29 57 27 42 3 23 0 0.00 M M 8.3 16 340 M M 0 23 340
30 63 26 45 6 20 0 0.00 M M 3.7 14 250 M M 0 17 240
31 49 30 40 1 25 0 0.00 M M 6.5 17 10 M M 0 22 80
================================================================================
SM 1791 1059 582 0 3.01 M 283.5 M 68
================================================================================
AV 57.8 34.2 9.1 FASTST M M 2 MAX(MPH)
MISC ----> 30 340 45 310
================================================================================
NOTES:
# LAST OF SEVERAL OCCURRENCES
COLUMN 17 PEAK WIND IN M.P.H.
PRELIMINARY LOCAL CLIMATOLOGICAL DATA (WS FORM: F-6) , PAGE 2
STATION: BORGER
MONTH: DECEMBER
YEAR: 2023
LATITUDE: 35 42 N
LONGITUDE: 101 24 W
[TEMPERATURE DATA] [PRECIPITATION DATA] SYMBOLS USED IN COLUMN 16
AVERAGE MONTHLY: 46.0 TOTAL FOR MONTH: 3.01 1 = FOG OR MIST
DPTR FM NORMAL: 5.7 DPTR FM NORMAL: 2.30 2 = FOG REDUCING VISIBILITY
HIGHEST: 77 ON 7 GRTST 24HR 1.82 ON 13-14 TO 1/4 MILE OR LESS
LOWEST: 24 ON 26 3 = THUNDER
SNOW, ICE PELLETS, HAIL 4 = ICE PELLETS
TOTAL MONTH: M 5 = HAIL
GRTST 24HR M ON M 6 = FREEZING RAIN OR DRIZZLE
GRTST DEPTH: M ON M 7 = DUSTSTORM OR SANDSTORM:
VSBY 1/2 MILE OR LESS
8 = SMOKE OR HAZE
[NO. OF DAYS WITH] [WEATHER - DAYS WITH] 9 = BLOWING SNOW
X = TORNADO
MAX 32 OR BELOW: 0 0.01 INCH OR MORE: 4
MAX 90 OR ABOVE: 0 0.10 INCH OR MORE: 3
MIN 32 OR BELOW: 15 0.50 INCH OR MORE: 2
MIN 0 OR BELOW: 0 1.00 INCH OR MORE: 2
[HDD (BASE 65) ]
TOTAL THIS MO. 582 CLEAR (SCALE 0-3) 22
DPTR FM NORMAL -184 PTCLDY (SCALE 4-7) 7
TOTAL FM JUL 1 1122 CLOUDY (SCALE 8-10) 2
DPTR FM NORMAL -320
[CDD (BASE 65) ]
TOTAL THIS MO. 0
DPTR FM NORMAL 0 [PRESSURE DATA]
TOTAL FM JAN 1 2421 HIGHEST SLP M ON M
DPTR FM NORMAL 372 LOWEST SLP 29.55 ON 8
[REMARKS]
#FINAL-12-23#