000
CXUS54 KBMX 051447
CLMBHM
CLIMATE REPORT
NATIONAL WEATHER SERVICE BIRMINGHAM AL
947 AM CDT WED APR 05 2023
...................................
...THE BIRMINGHAM CLIMATE SUMMARY FOR THE MONTH OF MARCH 2023...
CLIMATE NORMAL PERIOD 1991 TO 2020
CLIMATE RECORD PERIOD 1895 TO 2023
WEATHER OBSERVED NORMAL DEPART LAST YEAR`S
VALUE DATE(S) VALUE FROM VALUE DATE(S)
NORMAL
................................................................
TEMPERATURE (F)
RECORD
HIGH 90 03/21/1907
LOW 2 03/14/1993
HIGHEST 83 03/23 MM MM 84 03/30
03/25
LOWEST 23 03/20 MM MM 24 03/13
AVG. MAXIMUM 69.5 67.1 2.4 69.3
AVG. MINIMUM 45.4 45.0 0.4 45.1
MEAN 57.4 57.2
DAYS MAX >= 90 0 0.0 0.0 0
DAYS MAX <= 32 0 0.1 -0.1 0
DAYS MIN <= 32 5 4.2 0.8 2
DAYS MIN <= 0 0 0.0 0.0 0
PRECIPITATION (INCHES)
RECORD
MAXIMUM 15.80 1980
MINIMUM 0.32 1918
TOTALS 4.70 5.66 -0.96 10.98
DAILY AVG. 0.15 0.18 -0.03 0.35
DAYS >= .01 9 11.2 -2.2 11
DAYS >= .10 8 7.8 0.2 11
DAYS >= .50 4 3.9 0.1 7
DAYS >= 1.00 1 1.7 -0.7 6
DEGREE DAYS
HEATING TOTAL 258 300 -42 255
SINCE 7/1 1915 2396 -481 MM
COOLING TOTAL 32 23 9 18
SINCE 1/1 68 29 39 MM
................................................................
WIND (MPH)
AVERAGE WIND SPEED 7.5
HIGHEST WIND SPEED/DIRECTION 41/250 DATE 03/03
HIGHEST GUST SPEED/DIRECTION 53/260 DATE 03/03
AVERAGE RH (PERCENT) 60
WEATHER CONDITIONS. NUMBER OF DAYS WITH
THUNDERSTORM 7 MIXED PRECIP 0
HEAVY RAIN 5 RAIN 7
LIGHT RAIN 11 FREEZING RAIN 0
LT FREEZING RAIN 0 HAIL 0
HEAVY SNOW 0 SNOW 0
LIGHT SNOW 0 SLEET 0
FOG 11 FOG W/VIS <= 1/4 MILE 1
HAZE 2
- INDICATES NEGATIVE NUMBERS.
R INDICATES RECORD WAS SET OR TIED.
MM INDICATES DATA IS MISSING.
T INDICATES TRACE AMOUNT.
$$