000
CXUS55 KBYZ 011000
CF6BIL
PRELIMINARY LOCAL CLIMATOLOGICAL DATA (WS FORM: F-6)
STATION: BILLINGS MT
MONTH: JUNE
YEAR: 2020
LATITUDE: 45 47 N
LONGITUDE: 108 32 W
TEMPERATURE IN F: :PCPN: SNOW: WIND :SUNSHINE: SKY :PK WND
================================================================================
1 2 3 4 5 6A 6B 7 8 9 10 11 12 13 14 15 16 17 18
12Z AVG MX 2MIN
DY MAX MIN AVG DEP HDD CDD WTR SNW DPTH SPD SPD DIR MIN PSBL S-S WX SPD DR
================================================================================
1 78 57 68 8 0 3 T 0.0 0 10.3 22 320 M M 5 27 320
2 78 56 67 7 0 2 0.02 0.0 0 8.9 21 320 M M 5 21 320
3 82 59 71 10 0 6 0.67 0.0 0 8.2 23 270 M M 7 3 32 290
4 78 57 68 7 0 3 T 0.0 0 6.9 20 50 M M 6 24 60
5 84 51 68 7 0 3 0.00 0.0 0 7.1 21 90 M M 4 26 90
6 74 55 65 3 0 0 0.43 0.0 0 8.4 23 250 M M 9 13 28 260
7 73 47 60 -2 5 0 0.46 0.0 0 9.3 28 290 M M 6 13 35 290
8 64 44 54 -8 11 0 0.01 0.0 0 11.6 30 320 M M 6 38 310
9 67 43 55 -8 10 0 0.00 0.0 0 15.3 26 280 M M 5 44 270
10 75 48 62 -1 3 0 0.00 0.0 0 12.5 25 340 M M 5 32 300
11 85 49 67 4 0 2 0.00 0.0 0 6.5 16 230 M M 3 19 240
12 95 55 75 11 0 10 0.00 0.0 0 7.6 18 120 M M 6 25 120
13 96 68 82 18 0 17 0.00 0.0 0 8.5 26 300 M M 6 35 300
14 78 50 64 0 1 0 T 0.0 0 9.7 25 310 M M 6 3 33 310
15 79 45 62 -2 3 0 0.00 0.0 0 8.4 17 20 M M 6 23 20
16 71 51 61 -4 4 0 0.10 0.0 0 11.1 26 330 M M 8 13 35 330
17 52 48 50 -15 15 0 0.72 0.0 0 10.4 25 280 M M 10 1 34 260
18 66 49 58 -7 7 0 0.08 0.0 0 12.2 23 340 M M 7 29 330
19 74 45 60 -6 5 0 0.01 0.0 0 9.2 22 40 M M 5 26 30
20 82 51 67 1 0 2 T 0.0 0 12.0 30 270 M M 6 39 280
21 80 60 70 4 0 5 T 0.0 0 10.4 22 330 M M 7 3 33 310
22 80 53 67 0 0 2 0.00 0.0 0 7.1 18 350 M M 3 18 350
23 89 56 73 6 0 8 0.00 0.0 0 7.3 15 320 M M 2 21 310
24 93 60 77 10 0 12 T 0.0 0 10.6 37 320 M M 5 50 320
25 78 59 69 1 0 4 T 0.0 0 6.8 14 320 M M 6 18 340
26 89 56 73 5 0 8 0.00 0.0 0 10.6 17 230 M M 2 22 190
27 91 61 76 8 0 11 T 0.0 0 9.0 33 290 M M 5 3 43 300
28 66 54 60 -9 5 0 0.68 0.0 0 10.6 20 20 M M 9 1 26 30
29 63 53 58 -11 7 0 1.10 0.0 0 10.2 20 340 M M 9 13 24 320
30 71 54 63 -6 2 0 0.07 0.0 0 6.8 24 310 M M 7 3 32 320
================================================================================
SM 2331 1594 78 98 4.35 0.0 283.5 M 176
================================================================================
AV 77.7 53.1 9.4 FASTST M M 6 MAX(MPH)
MISC ----> 37 320 50 320
================================================================================
NOTES:
# LAST OF SEVERAL OCCURRENCES
COLUMN 17 PEAK WIND IN M.P.H.
PRELIMINARY LOCAL CLIMATOLOGICAL DATA (WS FORM: F-6) , PAGE 2
STATION: BILLINGS MT
MONTH: JUNE
YEAR: 2020
LATITUDE: 45 47 N
LONGITUDE: 108 32 W
[TEMPERATURE DATA] [PRECIPITATION DATA] SYMBOLS USED IN COLUMN 16
AVERAGE MONTHLY: 65.4 TOTAL FOR MONTH: 4.35 1 = FOG OR MIST
DPTR FM NORMAL: 0.7 DPTR FM NORMAL: 2.23 2 = FOG REDUCING VISIBILITY
HIGHEST: 96 ON 13 GRTST 24HR 1.77 ON 28-29 TO 1/4 MILE OR LESS
LOWEST: 43 ON 9 3 = THUNDER
SNOW, ICE PELLETS, HAIL 4 = ICE PELLETS
TOTAL MONTH: 0.0 INCH 5 = HAIL
GRTST 24HR 0.0 6 = FREEZING RAIN OR DRIZZLE
GRTST DEPTH: 0 7 = DUSTSTORM OR SANDSTORM:
VSBY 1/2 MILE OR LESS
8 = SMOKE OR HAZE
[NO. OF DAYS WITH] [WEATHER - DAYS WITH] 9 = BLOWING SNOW
X = TORNADO
MAX 32 OR BELOW: 0 0.01 INCH OR MORE: 12
MAX 90 OR ABOVE: 4 0.10 INCH OR MORE: 7
MIN 32 OR BELOW: 0 0.50 INCH OR MORE: 4
MIN 0 OR BELOW: 0 1.00 INCH OR MORE: 1
[HDD (BASE 65) ]
TOTAL THIS MO. 78 CLEAR (SCALE 0-3) 3
DPTR FM NORMAL -18 PTCLDY (SCALE 4-7) 22
TOTAL FM JUL 1 6829 CLOUDY (SCALE 8-10) 5
DPTR FM NORMAL 54
[CDD (BASE 65) ]
TOTAL THIS MO. 98
DPTR FM NORMAL 13 [PRESSURE DATA]
TOTAL FM JAN 1 118 HIGHEST SLP 30.17 ON 11
DPTR FM NORMAL 16 LOWEST SLP 29.35 ON 6
[REMARKS]
#FINAL-06-20#