000
CXUS53 KBIS 231256
CF6BIS
PRELIMINARY LOCAL CLIMATOLOGICAL DATA (WS FORM: F-6)
STATION: BISMARCK ND
MONTH: FEBRUARY
YEAR: 2023
LATITUDE: 46 46 N
LONGITUDE: 100 45 W
TEMPERATURE IN F: :PCPN: SNOW: WIND :SUNSHINE: SKY :PK WND
================================================================================
1 2 3 4 5 6A 6B 7 8 9 10 11 12 13 14 15 16 17 18
12Z AVG MX 2MIN
DY MAX MIN AVG DEP HDD CDD WTR SNW DPTH SPD SPD DIR MIN PSBL S-S WX SPD DR
================================================================================
1 24 -4 10 -4 55 0 0.00 0.0 12 2.9 14 340 M M 4 22 340
2 17 -6 6 -8 59 0 T T 12 9.1 22 350 M M 5 29 350
3 15 -1 7 -7 58 0 T T 12 M M M M M M 8 M M
4 43 4 24 10 41 0 0.00 0.0 12 6.3 21 270 M M 1 31 270
5 33 14 24 9 41 0 0.00 0.0 12 5.6 21 140 M M 0 18 26 140
6 39 25 32 17 33 0 T 0.0 11 12.4 32 310 M M 5 44 310
7 42 19 31 16 34 0 0.00 0.0 11 6.8 17 270 M M 0 23 270
8 43 18 31 16 34 0 0.00 0.0 11 6.7 18 320 M M 1 28 320
9 34 15 25 9 40 0 0.00 0.0 10 12.6 23 340 M M 4 1 34 350
10 40 6 23 7 42 0 0.00 0.0 10 4.9 13 220 M M 0 18 200
11 40 16 28 12 37 0 0.00 0.0 10 2.5 8 230 M M 1 14 240
12 41 16 29 13 36 0 0.00 0.0 10 6.1 24 280 M M 0 128 31 280
13 48 17 33 16 32 0 0.00 0.0 10 4.6 12 190 M M 0 1 14 210
14 36 13 25 8 40 0 0.03 0.5 9 17.7 36 340 M M 7 1 53 330
15 23 4 14 -3 51 0 T T 10 12.1 31 330 M M 3 9 44 320
16 17 5 11 -7 54 0 T T 9 6.9 13 60 M M 5 16 60
17 41 9 25 7 40 0 0.00 0.0 9 8.4 28 280 M M 0 36 280
18 42 20 31 13 34 0 0.00 0.0 9 6.3 15 290 M M 7 19 290
19 32 19 26 7 39 0 T T 9 9.0 16 120 M M 7 1 22 320
20 31 4 18 -1 47 0 T 0.1 9 13.5 35 320 M M 6 1 48 320
21 7 -8 0 -20 65 0 0.20 4.5 8 9.5 17 40 M M 6 12 23 50
22 -6 -9 -7 -27 72 0 0.11 1.8 13 14.5 22 20 M M 8 8 31 20
23 -5 -18 -11 -31 76 0 0.09 1.4 14 10.1 20 360 M M 7 8 28 20
24 -3 -29 -16 -37 81 0 0.01 0.1 13 5.0 13 150 M M 4 18 16 120
25 28 -16 6 -15 59 0 0.00 0.0 12 5.2 17 280 M M 1 18 20 280
26 29 2 16 -6 49 0 0.00 0.0 12 7.6 13 120 M M 0 14 120
27 41 3 22 0 43 0 0.00 0.0 12 8.3 28 310 M M 2 18 38 310
28 27 2 15 -7 50 0 0.39 6.9 12 14.0 28 70 M M 7 12 39 60
================================================================================
SM 799 140 1342 0 0.83 15.3 228.6 M 91
================================================================================
AV 28.5 5.0 8.5 FASTST M M 3 MAX(MPH)
MISC ----> 36 340 53 330
================================================================================
NOTES:
# LAST OF SEVERAL OCCURRENCES
COLUMN 17 PEAK WIND IN M.P.H.
PRELIMINARY LOCAL CLIMATOLOGICAL DATA (WS FORM: F-6) , PAGE 2
STATION: BISMARCK ND
MONTH: FEBRUARY
YEAR: 2023
LATITUDE: 46 46 N
LONGITUDE: 100 45 W
[TEMPERATURE DATA] [PRECIPITATION DATA] SYMBOLS USED IN COLUMN 16
AVERAGE MONTHLY: 16.8 TOTAL FOR MONTH: 0.83 1 = FOG OR MIST
DPTR FM NORMAL: -0.7 DPTR FM NORMAL: 0.31 2 = FOG REDUCING VISIBILITY
HIGHEST: 48 ON 13 GRTST 24HR 0.39 ON 28-28 TO 1/4 MILE OR LESS
LOWEST: -29 ON 24 3 = THUNDER
SNOW, ICE PELLETS, HAIL 4 = ICE PELLETS
TOTAL MONTH: 15.3 INCHES 5 = HAIL
GRTST 24HR 6.9 ON 28-28 6 = FREEZING RAIN OR DRIZZLE
GRTST DEPTH: 14 ON 23 7 = DUSTSTORM OR SANDSTORM:
VSBY 1/2 MILE OR LESS
8 = SMOKE OR HAZE
[NO. OF DAYS WITH] [WEATHER - DAYS WITH] 9 = BLOWING SNOW
X = TORNADO
MAX 32 OR BELOW: 14 0.01 INCH OR MORE: 6
MAX 90 OR ABOVE: 0 0.10 INCH OR MORE: 3
MIN 32 OR BELOW: 28 0.50 INCH OR MORE: 0
MIN 0 OR BELOW: 8 1.00 INCH OR MORE: 0
[HDD (BASE 65) ]
TOTAL THIS MO. 1342 CLEAR (SCALE 0-3) 13
DPTR FM NORMAL 12 PTCLDY (SCALE 4-7) 14
TOTAL FM JUL 1 6554 CLOUDY (SCALE 8-10) 1
DPTR FM NORMAL 213
[CDD (BASE 65) ]
TOTAL THIS MO. 0
DPTR FM NORMAL 0 [PRESSURE DATA]
TOTAL FM JAN 1 0 HIGHEST SLP 30.81 ON 24
DPTR FM NORMAL 0 LOWEST SLP 29.31 ON 14
[REMARKS]
#FINAL-02-23#
MAX TEMPERATURE USED FROM THE COOP SITE AT THE AIRPORT 0N 2/3